000
CXUS55 KSEW 040006
CF6SEW
PRELIMINARY LOCAL CLIMATOLOGICAL DATA (WS FORM: F-6)
STATION: SEATTLE WA WFO
MONTH: JUNE
YEAR: 2021
LATITUDE: 47 41 N
LONGITUDE: 122 15 W
TEMPERATURE IN F: :PCPN: SNOW: WIND :SUNSHINE: SKY :PK WND
================================================================================
1 2 3 4 5 6A 6B 7 8 9 10 11 12 13 14 15 16 17 18
12Z AVG MX 2MIN
DY MAX MIN AVG DEP HDD CDD WTR SNW DPTH SPD SPD DIR MIN PSBL S-S WX SPD DR
================================================================================
1 83 54 69 9 0 4 0.00 0.0 0 M M M M M M M M
2 85 58 72 12 0 7 0.00 0.0 0 M M M M M M M M
3 77 55 66 6 0 1 0.00 0.0 0 M M M M M M M M
4 70 55 63 3 2 0 0.00 0.0 0 M M M M M M M M
5 65 51 58 -2 7 0 0.04 0.0 0 M M M M M M M M
6 57 45 51 -9 14 0 0.64 0.0 0 M M M M M M 1 M M
7 63 45 54 -6 11 0 0.22 0.0 0 M M M M M M M M
8 69 46 58 -2 7 0 0.00 0.0 0 M M M M M M M M
9 68 50 59 -1 6 0 0.00 0.0 0 M M M M M M M M
10 67 52 60 -1 5 0 0.00 0.0 0 M M M M M M M M
11 60 52 56 -5 9 0 0.28 0.0 0 M M M M M M M M
12 74 52 63 2 2 0 0.14 0.0 0 M M M M M M M M
13 67 58 63 2 2 0 0.69 0.0 0 M M M M M M M M
14 66 57 62 1 3 0 0.07 0.0 0 M M M M M M M M
15 70 55 63 2 2 0 0.01 0.0 0 M M M M M M M M
16 71 54 63 2 2 0 0.00 0.0 0 M M M M M M M M
17 76 51 64 2 1 0 0.00 0.0 0 M M M M M M M M
18 73 55 64 2 1 0 0.00 0.0 0 M M M M M M M M
19 76 53 65 3 0 0 0.00 0.0 0 M M M M M M M M
20 79 58 69 7 0 4 0.00 0.0 0 M M M M M M M M
21 84 57 71 9 0 6 0.00 0.0 0 M M M M M M M M
22 80 60 70 8 0 5 0.00 0.0 0 M M M M M M M M
23 75 57 66 4 0 1 0.00 0.0 0 M M M M M M M M
24 80 58 69 6 0 4 0.00 0.0 0 M M M M M M M M
25 87 63 75 12 0 10 0.00 0.0 0 M M M M M M M M
26 99 67 83 20 0 18 0.00 0.0 0 M M M M M M M M
27 101 70 86 23 0 21 0.00 0.0 0 M M M M M M M M
28 107 73 90 27 0 25 0.00 0.0 0 M M M M M M M M
29 88 64 76 12 0 11 0.00 0.0 0 M M M M M M M M
30 78 62 70 6 0 5 0.00 0.0 0 M M M M M M M M
================================================================================
SM 2295 1687 74 122 2.09 0.0 M M M
================================================================================
AV 76.5 56.2 M FASTST M M M MAX(MPH)
MISC ----> M M M M
================================================================================
NOTES:
# LAST OF SEVERAL OCCURRENCES
COLUMN 17 PEAK WIND IN M.P.H.
PRELIMINARY LOCAL CLIMATOLOGICAL DATA (WS FORM: F-6) , PAGE 2
STATION: SEATTLE WA WFO
MONTH: JUNE
YEAR: 2021
LATITUDE: 47 41 N
LONGITUDE: 122 15 W
[TEMPERATURE DATA] [PRECIPITATION DATA] SYMBOLS USED IN COLUMN 16
AVERAGE MONTHLY: 66.4 TOTAL FOR MONTH: 2.09 1 = FOG OR MIST
DPTR FM NORMAL: 5.0 DPTR FM NORMAL: 0.52 2 = FOG REDUCING VISIBILITY
HIGHEST: 107 ON 28 GRTST 24HR 0.69 ON 13-13 TO 1/4 MILE OR LESS
LOWEST: 45 ON 7, 6 3 = THUNDER
SNOW, ICE PELLETS, HAIL 4 = ICE PELLETS
TOTAL MONTH: 0.0 INCH 5 = HAIL
GRTST 24HR 0.0 6 = FREEZING RAIN OR DRIZZLE
GRTST DEPTH: 0 7 = DUSTSTORM OR SANDSTORM:
VSBY 1/2 MILE OR LESS
8 = SMOKE OR HAZE
[NO. OF DAYS WITH] [WEATHER - DAYS WITH] 9 = BLOWING SNOW
X = TORNADO
MAX 32 OR BELOW: 0 0.01 INCH OR MORE: 8
MAX 90 OR ABOVE: 3 0.10 INCH OR MORE: 5
MIN 32 OR BELOW: 0 0.50 INCH OR MORE: 2
MIN 0 OR BELOW: 0 1.00 INCH OR MORE: 0
[HDD (BASE 65) ]
TOTAL THIS MO. 74 CLEAR (SCALE 0-3) 0
DPTR FM NORMAL -50 PTCLDY (SCALE 4-7) 0
TOTAL FM JUL 1 4218 CLOUDY (SCALE 8-10) 30
DPTR FM NORMAL -266
[CDD (BASE 65) ]
TOTAL THIS MO. 122
DPTR FM NORMAL 104 [PRESSURE DATA]
TOTAL FM JAN 1 122 HIGHEST SLP M ON M
DPTR FM NORMAL 100 LOWEST SLP M ON M
[REMARKS]
#FINAL-06-21#
CORRECTED