000
CXUS55 KSEW 020048
CF6SEW
PRELIMINARY LOCAL CLIMATOLOGICAL DATA (WS FORM: F-6)
STATION: SEATTLE WA WFO
MONTH: JULY
YEAR: 2020
LATITUDE: 47 41 N
LONGITUDE: 122 15 W
TEMPERATURE IN F: :PCPN: SNOW: WIND :SUNSHINE: SKY :PK WND
================================================================================
1 2 3 4 5 6A 6B 7 8 9 10 11 12 13 14 15 16 17 18
12Z AVG MX 2MIN
DY MAX MIN AVG DEP HDD CDD WTR SNW DPTH SPD SPD DIR MIN PSBL S-S WX SPD DR
================================================================================
1 66 54 60 -4 5 0 0.02 0.0 0 M M M M M M 1 M M
2 67 56 62 -2 3 0 T 0.0 0 M M M M M M M M
3 67 55 61 -3 4 0 0.00 0.0 0 M M M M M M M M
4 67 55 61 -3 4 0 0.00 0.0 0 M M M M M M M M
5 72 50 61 -3 4 0 0.00 0.0 0 M M M M M M M M
6 71 56 64 -1 1 0 0.00 0.0 0 M M M M M M M M
7 64 57 61 -4 4 0 T 0.0 0 M M M M M M M M
8 73 55 64 -1 1 0 0.00 0.0 0 M M M M M M M M
9 71 56 64 -1 1 0 0.02 0.0 0 M M M M M M M M
10 73 57 65 0 0 0 0.00 0.0 0 M M M M M M M M
11 71 51 61 -4 4 0 T 0.0 0 M M M M M M M M
12 71 56 64 -2 1 0 0.10 0.0 0 M M M M M M M M
13 73 53 63 -3 2 0 0.00 0.0 0 M M M M M M M M
14 79 54 67 1 0 2 0.00 0.0 0 M M M M M M M M
15 80 57 69 3 0 4 0.00 0.0 0 M M M M M M M M
16 78 60 69 3 0 4 T 0.0 0 M M M M M M M M
17 70 56 63 -3 2 0 T 0.0 0 M M M M M M M M
18 77 53 65 -1 0 0 0.00 0.0 0 M M M M M M M M
19 80 58 69 2 0 4 0.00 0.0 0 M M M M M M M M
20 84 59 72 5 0 7 0.00 0.0 0 M M M M M M M M
21 81 61 71 4 0 6 0.00 0.0 0 M M M M M M M M
22 70 61 66 -1 0 1 0.02 0.0 0 M M M M M M M M
23 71 58 65 -2 0 0 0.00 0.0 0 M M M M M M M M
24 67 57 62 -5 3 0 0.00 0.0 0 M M M M M M M M
25 76 54 65 -2 0 0 0.00 0.0 0 M M M M M M M M
26 84 54 69 2 0 4 0.00 0.0 0 M M M M M M M M
27 91 60 76 9 0 11 0.00 0.0 0 M M M M M M M M
28 80 59 70 3 0 5 0.00 0.0 0 M M M M M M M M
29 82 56 69 2 0 4 0.00 0.0 0 M M M M M M M M
30 88 60 74 7 0 9 0.00 0.0 0 M M M M M M M M
31 83 62 73 6 0 8 T 0.0 0 M M M M M M M M
================================================================================
SM 2327 1750 39 69 0.16 0.0 M M M
================================================================================
AV 75.1 56.5 M FASTST M M 0 MAX(MPH)
MISC ----> M M M M
================================================================================
NOTES:
# LAST OF SEVERAL OCCURRENCES
COLUMN 17 PEAK WIND IN M.P.H.
PRELIMINARY LOCAL CLIMATOLOGICAL DATA (WS FORM: F-6) , PAGE 2
STATION: SEATTLE WA WFO
MONTH: JULY
YEAR: 2020
LATITUDE: 47 41 N
LONGITUDE: 122 15 W
[TEMPERATURE DATA] [PRECIPITATION DATA] SYMBOLS USED IN COLUMN 16
AVERAGE MONTHLY: 65.8 TOTAL FOR MONTH: 0.16 1 = FOG OR MIST
DPTR FM NORMAL: -0.1 DPTR FM NORMAL: -0.63 2 = FOG REDUCING VISIBILITY
HIGHEST: 91 ON 27 GRTST 24HR 0.10 ON 12-12 TO 1/4 MILE OR LESS
LOWEST: 50 ON 5 3 = THUNDER
SNOW, ICE PELLETS, HAIL 4 = ICE PELLETS
TOTAL MONTH: 0.0 INCH 5 = HAIL
GRTST 24HR 0.0 6 = FREEZING RAIN OR DRIZZLE
GRTST DEPTH: 0 7 = DUSTSTORM OR SANDSTORM:
VSBY 1/2 MILE OR LESS
8 = SMOKE OR HAZE
[NO. OF DAYS WITH] [WEATHER - DAYS WITH] 9 = BLOWING SNOW
X = TORNADO
MAX 32 OR BELOW: 0 0.01 INCH OR MORE: 4
MAX 90 OR ABOVE: 1 0.10 INCH OR MORE: 1
MIN 32 OR BELOW: 0 0.50 INCH OR MORE: 0
MIN 0 OR BELOW: 0 1.00 INCH OR MORE: 0
[HDD (BASE 65) ]
TOTAL THIS MO. 39 CLEAR (SCALE 0-3) 0
DPTR FM NORMAL 2 PTCLDY (SCALE 4-7) 0
TOTAL FM JUL 1 39 CLOUDY (SCALE 8-10) 0
DPTR FM NORMAL 2
[CDD (BASE 65) ]
TOTAL THIS MO. 69
DPTR FM NORMAL 4 [PRESSURE DATA]
TOTAL FM JAN 1 100 HIGHEST SLP M ON M
DPTR FM NORMAL 18 LOWEST SLP M ON M
[REMARKS]
CORRECTEDP0P
#FINAL-07-20#