000
CXUS56 KMTR 010900
CF6SFO
PRELIMINARY LOCAL CLIMATOLOGICAL DATA (WS FORM: F-6)
STATION: SAN FRANCISCO AIRPORT
MONTH: APRIL
YEAR: 2022
LATITUDE: 37 37 N
LONGITUDE: 122 23 W
TEMPERATURE IN F: :PCPN: SNOW: WIND :SUNSHINE: SKY :PK WND
================================================================================
1 2 3 4 5 6A 6B 7 8 9 10 11 12 13 14 15 16 17 18
12Z AVG MX 2MIN
DY MAX MIN AVG DEP HDD CDD WTR SNW DPTH SPD SPD DIR MIN PSBL S-S WX SPD DR
================================================================================
1 67 47 57 1 8 0 0.00 M M 10.0 31 280 M M 2 18 35 290
2 73 48 61 5 4 0 0.00 M M 9.2 24 280 M M 5 8 31 290
3 63 49 56 0 9 0 0.00 M M 17.5 40 280 M M 2 8 51 280
4 64 51 58 2 7 0 0.00 M M 22.7 33 280 M M 6 8 42 280
5 67 50 59 2 6 0 0.00 M M 13.8 28 290 M M 1 18 32 290
6 83 49 66 9 0 1 0.00 M M 5.7 20 290 M M 0 8 24 300
7 89 56 73 16 0 8 0.00 M M 5.3 16 300 M M 4 8 20 300
8 69 51 60 3 5 0 0.00 M M 18.0 38 280 M M 3 8 47 280
9 65 49 57 0 8 0 0.00 M M 16.0 32 280 M M 2 8 39 290
10 63 50 57 0 8 0 0.00 M M 22.1 40 290 M M 4 8 57 300
11 57 47 52 -5 13 0 0.12 M M 23.0 43 290 M M 6 18 60 300
12 58 46 52 -5 13 0 0.00 M M 18.6 35 290 M M 1 8 53 300
13 61 45 53 -4 12 0 0.00 M M 8.3 20 280 M M 7 8 26 280
14 61 50 56 -1 9 0 0.02 M M 9.4 20 250 M M 9 18 27 250
15 64 47 56 -1 9 0 0.00 M M 8.7 22 280 M M 6 8 26 280
16 62 47 55 -2 10 0 0.40 M M 14.8 30 200 M M 5 18 44 180
17 59 46 53 -4 12 0 0.00 M M 11.8 24 280 M M 3 31 290
18 68 45 57 -1 8 0 T M M 8.8 21 200 M M 5 28 200
19 65 52 59 1 6 0 0.09 M M 9.2 21 270 M M 7 18 26 280
20 68 52 60 2 5 0 0.17 M M 13.4 31 210 M M 6 18 46 210
21 64 54 59 1 6 0 0.17 M M 11.7 28 270 M M 8 18 39 280
22 62 51 57 -1 8 0 T M M 14.0 25 280 M M 6 8 32 290
23 70 51 61 3 4 0 0.00 M M 13.1 26 290 M M 2 18 32 290
24 67 51 59 1 6 0 0.00 M M 13.8 28 280 M M 2 8 33 280
25 68 50 59 1 6 0 0.00 M M 13.7 32 280 M M 3 18 41 260
26 62 50 56 -2 9 0 0.00 M M 24.2 36 290 M M 4 8 58 300
27 60 50 55 -3 10 0 0.00 M M 20.3 33 270 M M 5 8 43 270
28 60 50 55 -3 10 0 0.00 M M 21.0 37 280 M M 3 8 56 300
29 66 47 57 -1 8 0 0.00 M M 12.1 28 280 M M 4 8 35 280
30 64 51 58 0 7 0 0.00 M M 19.8 31 280 M M 4 18 41 300
================================================================================
SM 1969 1482 226 9 0.97 M 430.0 M 125
================================================================================
AV 65.6 49.4 14.3 FASTST M M 4 MAX(MPH)
MISC ----> 43 290 60 300
================================================================================
NOTES:
# LAST OF SEVERAL OCCURRENCES
COLUMN 17 PEAK WIND IN M.P.H.
PRELIMINARY LOCAL CLIMATOLOGICAL DATA (WS FORM: F-6) , PAGE 2
STATION: SAN FRANCISCO AIRPORT
MONTH: APRIL
YEAR: 2022
LATITUDE: 37 37 N
LONGITUDE: 122 23 W
[TEMPERATURE DATA] [PRECIPITATION DATA] SYMBOLS USED IN COLUMN 16
AVERAGE MONTHLY: 57.5 TOTAL FOR MONTH: 0.97 1 = FOG OR MIST
DPTR FM NORMAL: 0.2 DPTR FM NORMAL: -0.39 2 = FOG REDUCING VISIBILITY
HIGHEST: 89 ON 7 GRTST 24HR 0.40 ON 16-16 TO 1/4 MILE OR LESS
LOWEST: 45 ON 18,13 3 = THUNDER
SNOW, ICE PELLETS, HAIL 4 = ICE PELLETS
TOTAL MONTH: M 5 = HAIL
GRTST 24HR M ON M 6 = FREEZING RAIN OR DRIZZLE
GRTST DEPTH: M ON M 7 = DUSTSTORM OR SANDSTORM:
VSBY 1/2 MILE OR LESS
8 = SMOKE OR HAZE
[NO. OF DAYS WITH] [WEATHER - DAYS WITH] 9 = BLOWING SNOW
X = TORNADO
MAX 32 OR BELOW: 0 0.01 INCH OR MORE: 6
MAX 90 OR ABOVE: 0 0.10 INCH OR MORE: 4
MIN 32 OR BELOW: 0 0.50 INCH OR MORE: 0
MIN 0 OR BELOW: 0 1.00 INCH OR MORE: 0
[HDD (BASE 65) ]
TOTAL THIS MO. 226 CLEAR (SCALE 0-3) 12
DPTR FM NORMAL -8 PTCLDY (SCALE 4-7) 17
TOTAL FM JUL 1 1977 CLOUDY (SCALE 8-10) 1
DPTR FM NORMAL -232
[CDD (BASE 65) ]
TOTAL THIS MO. 9
DPTR FM NORMAL 4 [PRESSURE DATA]
TOTAL FM JAN 1 11 HIGHEST SLP M ON M
DPTR FM NORMAL 5 LOWEST SLP 29.83 ON 16
[REMARKS]
#FINAL-04-22#