000
CXUS54 KHGX 011410
CF6SGR
PRELIMINARY LOCAL CLIMATOLOGICAL DATA (WS FORM: F-6)
STATION: SUGAR LAND/HULL FLD
MONTH: AUGUST
YEAR: 2022
LATITUDE: 29 37 N
LONGITUDE: 95 39 W
TEMPERATURE IN F: :PCPN: SNOW: WIND :SUNSHINE: SKY :PK WND
================================================================================
1 2 3 4 5 6A 6B 7 8 9 10 11 12 13 14 15 16 17 18
12Z AVG MX 2MIN
DY MAX MIN AVG DEP HDD CDD WTR SNW DPTH SPD SPD DIR MIN PSBL S-S WX SPD DR
================================================================================
1 95 76 86 0 0 21 T 0.0 0 7.2 22 180 M M 1 3 28 200
2 100 76 88 2 0 23 0.00 0.0 0 9.7 20 170 M M 2 24 180
3 99 78 89 3 0 24 0.00 0.0 0 10.5 21 180 M M 2 29 200
4 100 77 89 3 0 24 0.00 0.0 0 8.4 16 190 M M 1 3 22 180
5 92 77 85 -1 0 20 0.05 0.0 0 4.6 16 150 M M 1 20 120
6 93 75 84 -2 0 19 0.39 0.0 0 4.8 22 160 M M 3 13 26 170
7 97 76 87 1 0 22 0.00 0.0 0 7.2 21 140 M M 1 27 130
8 98 75 87 1 0 22 0.00 0.0 0 6.4 21 170 M M 1 28 130
9 98 75 87 1 0 22 0.00 0.0 0 6.1 18 160 M M 1 24 160
10 100 74 87 1 0 22 0.62 0.0 0 5.0 30 60 M M 2 13 44 80
11 95 74 85 -1 0 20 0.00 0.0 0 5.7 17 150 M M 1 3 21 150
12 96 77 87 1 0 22 0.02 0.0 0 5.5 20 360 M M 3 3 27 360
13 94 78 86 1 0 21 T 0.0 0 9.8 22 130 M M 4 32 130
14 93 79 86 1 0 21 0.01 0.0 0 8.4 26 180 M M 2 36 160
15 97 76 87 2 0 22 0.00 0.0 0 7.7 17 150 M M 1 22 160
16 99 74 87 2 0 22 0.00 0.0 0 6.1 16 150 M M 1 M M
17 100 75 88 3 0 23 T 0.0 0 5.2 18 200 M M 2 1 25 190
18 99 74 87 2 0 22 0.23 0.0 0 4.9 28 60 M M 2 13 49 360
19 82 74 78 -7 0 13 0.75 0.0 0 4.7 14 150 M M 4 13 16 170
20 91 76 84 -1 0 19 0.03 0.0 0 6.6 23 160 M M 1 3 31 150
21 93 77 85 0 0 20 0.32 0.0 0 8.5 18 180 M M 2 13 29 180
22 94 79 87 3 0 22 0.00 0.0 0 9.8 20 220 M M 3 26 170
23 93 77 85 1 0 20 T 0.0 0 6.4 13 180 M M 4 17 320
24 87 76 82 -2 0 17 1.05 0.0 0 5.2 16 270 M M 6 1 24 270
25 94 77 86 2 0 21 0.00 0.0 0 3.8 14 160 M M 3 17 340
26 91 77 84 0 0 19 0.61 0.0 0 5.5 18 160 M M 2 3 24 160
27 92 76 84 0 0 19 0.02 0.0 0 5.9 17 160 M M 2 20 180
28 93 76 85 1 0 20 0.00 0.0 0 6.5 14 130 M M 2 14 130
29 86 76 81 -3 0 16 1.30 0.0 0 7.3 18 190 M M 6 13 30 170
30 90 77 84 1 0 19 0.01 0.0 0 6.3 22 270 M M 2 3 31 260
31 92 76 84 1 0 19 T 0.0 0 2.7 20 40 M M 1 3 27 50
================================================================================
SM 2923 2360 0 636 5.41 0.0 202.4 M 69
================================================================================
AV 94.3 76.1 6.5 FASTST M M 2 MAX(MPH)
MISC ----> 30 60 49 360
================================================================================
NOTES:
# LAST OF SEVERAL OCCURRENCES
COLUMN 17 PEAK WIND IN M.P.H.
PRELIMINARY LOCAL CLIMATOLOGICAL DATA (WS FORM: F-6) , PAGE 2
STATION: SUGAR LAND/HULL FLD
MONTH: AUGUST
YEAR: 2022
LATITUDE: 29 37 N
LONGITUDE: 95 39 W
[TEMPERATURE DATA] [PRECIPITATION DATA] SYMBOLS USED IN COLUMN 16
AVERAGE MONTHLY: 85.2 TOTAL FOR MONTH: 5.41 1 = FOG OR MIST
DPTR FM NORMAL: 0.2 DPTR FM NORMAL: 0.14 2 = FOG REDUCING VISIBILITY
HIGHEST: 100 ON 17,10 GRTST 24HR 1.30 ON 29-29 TO 1/4 MILE OR LESS
LOWEST: 74 ON 19,18 3 = THUNDER
SNOW, ICE PELLETS, HAIL 4 = ICE PELLETS
TOTAL MONTH: 0.0 INCH 5 = HAIL
GRTST 24HR 0.0 6 = FREEZING RAIN OR DRIZZLE
GRTST DEPTH: 0 7 = DUSTSTORM OR SANDSTORM:
VSBY 1/2 MILE OR LESS
8 = SMOKE OR HAZE
[NO. OF DAYS WITH] [WEATHER - DAYS WITH] 9 = BLOWING SNOW
X = TORNADO
MAX 32 OR BELOW: 0 0.01 INCH OR MORE: 14
MAX 90 OR ABOVE: 28 0.10 INCH OR MORE: 8
MIN 32 OR BELOW: 0 0.50 INCH OR MORE: 5
MIN 0 OR BELOW: 0 1.00 INCH OR MORE: 2
[HDD (BASE 65) ]
TOTAL THIS MO. 0 CLEAR (SCALE 0-3) 24
DPTR FM NORMAL 0 PTCLDY (SCALE 4-7) 7
TOTAL FM JUL 1 0 CLOUDY (SCALE 8-10) 0
DPTR FM NORMAL 0
[CDD (BASE 65) ]
TOTAL THIS MO. 636
DPTR FM NORMAL 18 [PRESSURE DATA]
TOTAL FM JAN 1 2959 HIGHEST SLP 30.13 ON 7
DPTR FM NORMAL 419 LOWEST SLP 29.79 ON 23
[REMARKS]
#FINAL-08-22#