000
CXUS54 KLZK 011130
CF6SGT
PRELIMINARY LOCAL CLIMATOLOGICAL DATA (WS FORM: F-6)
STATION: STUTTGART AIRPORT
MONTH: JUNE
YEAR: 2022
LATITUDE: 34 35 N
LONGITUDE: 91 34 W
TEMPERATURE IN F: :PCPN: SNOW: WIND :SUNSHINE: SKY :PK WND
================================================================================
1 2 3 4 5 6A 6B 7 8 9 10 11 12 13 14 15 16 17 18
12Z AVG MX 2MIN
DY MAX MIN AVG DEP HDD CDD WTR SNW DPTH SPD SPD DIR MIN PSBL S-S WX SPD DR
================================================================================
1 92 70 81 6 0 16 0.22 M M 7.9 30 340 M M 2 3 37 340
2 72 67 70 -6 0 5 1.64 M M 6.1 17 10 M M 6 13 18 340
3 80 63 72 -4 0 7 T M M 7.8 13 10 M M 0 M M
4 84 62 73 -3 0 8 T M M 4.9 9 60 M M 0 M M
5 87 66 77 1 0 12 0.00 M M 5.1 10 160 M M 0 M M
6 87 71 79 2 0 14 0.04 M M 8.8 26 170 M M 5 30 170
7 86 71 79 2 0 14 0.21 M M 7.3 20 240 M M 4 13 45 250
8 76 66 71 -6 0 6 0.49 M M 6.9 18 150 M M 3 3 29 280
9 83 65 74 -3 0 9 T M M 6.3 12 10 M M 1 M M
10 78 67 73 -5 0 8 0.44 M M 5.0 16 110 M M 3 13 M M
11 87 66 77 -1 0 12 T M M 5.8 12 190 M M 1 1 M M
12 96 76 86 8 0 21 0.00 M M 11.3 17 200 M M 1 M M
13 96 78 87 9 0 22 0.00 M M 11.2 16 220 M M 0 17 200
14 94 77 86 7 0 21 0.00 M M 10.9 14 180 M M 0 M M
15 95 77 86 7 0 21 0.00 M M 9.9 14 200 M M 0 M M
16 96 76 86 7 0 21 0.00 M M 6.1 12 300 M M 1 M M
17 96 78 87 8 0 22 0.00 M M 5.1 12 20 M M 0 M M
18 94 76 85 5 0 20 0.00 M M 7.3 15 30 M M 0 8 M M
19 86 67 77 -3 0 12 0.00 M M 8.2 10 50 M M 0 16 30
20 94 70 82 2 0 17 0.00 M M 5.5 9 110 M M 0 M M
21 97 73 85 5 0 20 0.00 M M 4.0 7 250 M M 0 M M
22 98 76 87 7 0 22 0.00 M M 4.5 9 350 M M 0 M M
23 94 77 86 6 0 21 0.00 M M 5.6 9 20 M M 0 M M
24 96 75 86 5 0 21 0.00 M M 5.1 8 40 M M 0 M M
25 98 75 87 6 0 22 0.00 M M 4.7 9 110 M M 0 M M
26 96 75 86 5 0 21 T M M 7.3 31 40 M M 1 41 60
27 84 68 76 -5 0 11 0.00 M M 11.5 20 30 M M 3 24 30
28 85 62 74 -7 0 9 0.00 M M 9.5 14 50 M M 0 17 20
29 88 63 76 -5 0 11 0.00 M M 7.3 12 20 M M 0 M M
30 93 71 82 1 0 17 0.00 M M 7.4 13 160 M M 1 M M
================================================================================
SM 2688 2124 0 463 3.04 M 214.3 M 32
================================================================================
AV 89.6 70.8 7.1 FASTST M M 1 MAX(MPH)
MISC ----> 31 40 45 250
================================================================================
NOTES:
# LAST OF SEVERAL OCCURRENCES
COLUMN 17 PEAK WIND IN M.P.H.
PRELIMINARY LOCAL CLIMATOLOGICAL DATA (WS FORM: F-6) , PAGE 2
STATION: STUTTGART AIRPORT
MONTH: JUNE
YEAR: 2022
LATITUDE: 34 35 N
LONGITUDE: 91 34 W
[TEMPERATURE DATA] [PRECIPITATION DATA] SYMBOLS USED IN COLUMN 16
AVERAGE MONTHLY: 80.2 TOTAL FOR MONTH: 3.04 1 = FOG OR MIST
DPTR FM NORMAL: 1.5 DPTR FM NORMAL: -0.26 2 = FOG REDUCING VISIBILITY
HIGHEST: 98 ON 22,25 GRTST 24HR 1.80 ON 1- 2 TO 1/4 MILE OR LESS
LOWEST: 62 ON 28, 4 3 = THUNDER
SNOW, ICE PELLETS, HAIL 4 = ICE PELLETS
TOTAL MONTH: M 5 = HAIL
GRTST 24HR M ON M 6 = FREEZING RAIN OR DRIZZLE
GRTST DEPTH: M ON M 7 = DUSTSTORM OR SANDSTORM:
VSBY 1/2 MILE OR LESS
8 = SMOKE OR HAZE
[NO. OF DAYS WITH] [WEATHER - DAYS WITH] 9 = BLOWING SNOW
X = TORNADO
MAX 32 OR BELOW: 0 0.01 INCH OR MORE: 6
MAX 90 OR ABOVE: 16 0.10 INCH OR MORE: 5
MIN 32 OR BELOW: 0 0.50 INCH OR MORE: 1
MIN 0 OR BELOW: 0 1.00 INCH OR MORE: 1
[HDD (BASE 65) ]
TOTAL THIS MO. 0 CLEAR (SCALE 0-3) 26
DPTR FM NORMAL 0 PTCLDY (SCALE 4-7) 4
TOTAL FM JUL 1 2190 CLOUDY (SCALE 8-10) 0
DPTR FM NORMAL -997
[CDD (BASE 65) ]
TOTAL THIS MO. 463
DPTR FM NORMAL 53 [PRESSURE DATA]
TOTAL FM JAN 1 833 HIGHEST SLP 30.23 ON 27
DPTR FM NORMAL 156 LOWEST SLP 29.68 ON 6
[REMARKS]
#FINAL-06-22#