000
CXUS54 KLZK 111700
CF6SGT
PRELIMINARY LOCAL CLIMATOLOGICAL DATA (WS FORM: F-6)
STATION: STUTTGART AIRPORT
MONTH: FEBRUARY
YEAR: 2021
LATITUDE: 34 35 N
LONGITUDE: 91 34 W
TEMPERATURE IN F: :PCPN: SNOW: WIND :SUNSHINE: SKY :PK WND
================================================================================
1 2 3 4 5 6A 6B 7 8 9 10 11 12 13 14 15 16 17 18
12Z AVG MX 2MIN
DY MAX MIN AVG DEP HDD CDD WTR SNW DPTH SPD SPD DIR MIN PSBL S-S WX SPD DR
================================================================================
1 46 33 40 -1 25 0 0.00 M M 12.9 18 340 M M 6 M M
2 41 29 35 -6 30 0 0.00 M M 6.7 10 40 M M 3 8 M M
3 52 27 40 -1 25 0 0.00 M M 5.6 12 140 M M 0 1 M M
4 57 35 46 4 19 0 T M M 15.2 23 170 M M 7 1 32 310
5 54 29 42 0 23 0 T M M 6.6 14 340 M M 2 8 M M
6 55 39 47 5 18 0 T M M 9.3 17 20 M M 9 1 22 20
7 39 33 36 -6 29 0 0.00 M M 11.7 17 50 M M 10 M M
8 48 34 41 -1 24 0 0.00 M M 8.2 14 70 M M 10 M M
9 46 31 39 -4 26 0 T M M 12.4 16 30 M M 10 1 M M
10 32 30 31 -12 34 0 0.00 M M 12.6 20 20 M M 10 12 25 20
11 31 27 29 -14 36 0 0.00 M M 16.5 24 20 M M 10 13 28 20
12 27 24 26 -17 39 0 0.00 M M 17.2 21 30 M M 10 26 20
13 28 22 25 -19 40 0 0.01 M M 15.8 21 20 M M 8 26 20
14 22 15 19 -25 46 0 0.04 M M 19.6 24 20 M M 10 1 31 20
15 15 9 12 -32 53 0 0.00 M M 19.2 29 20 M M 9 12 35 20
16 23 -4 10 -34 55 0 T M M 4.8 12 60 M M 2 M M
17 22 15 19 -26 46 0 0.29 M M 11.3 17 20 M M 10 1 M M
18 30 9 20 -25 45 0 0.05 M M 11.5 17 20 M M 6 1 M M
19 35 2 19 -26 46 0 0.00 M M 4.5 10 350 M M 0 1 46 50
20 39 4 22 -24 43 0 0.00 M M 6.4 10 140 M M 0 M M
21 46 15 31 -15 34 0 0.06 M M 10.9 22 150 M M 5 1 28 150
22 55 30 43 -3 22 0 0.03 M M 7.7 12 210 M M 3 12 M M
23 68 35 52 6 13 0 0.00 M M 9.4 15 170 M M 0 M M
24 69 47 58 11 7 0 0.00 M M 11.5 18 200 M M 4 M M
25 55 44 50 3 15 0 0.07 M M 16.1 20 60 M M 9 30 30
26 49 42 46 -1 19 0 0.49 M M 8.3 17 40 M M 10 12 30 150
27 56 46 51 3 14 0 0.28 M M 5.6 12 170 M M 10 12 M M
28 75 54 65 17 0 0 1.93 M M 15.0 30 360 M M 9 13 37 250
================================================================================
SM 1215 756 826 0 3.25 M 312.4 M 182
================================================================================
AV 43.4 27.0 11.2 FASTST M M 7 MAX(MPH)
MISC ----> 30 360 46 50
================================================================================
NOTES:
# LAST OF SEVERAL OCCURRENCES
COLUMN 17 PEAK WIND IN M.P.H.
PRELIMINARY LOCAL CLIMATOLOGICAL DATA (WS FORM: F-6) , PAGE 2
STATION: STUTTGART AIRPORT
MONTH: FEBRUARY
YEAR: 2021
LATITUDE: 34 35 N
LONGITUDE: 91 34 W
[TEMPERATURE DATA] [PRECIPITATION DATA] SYMBOLS USED IN COLUMN 16
AVERAGE MONTHLY: 35.2 TOTAL FOR MONTH: 3.25 1 = FOG OR MIST
DPTR FM NORMAL: -9.0 DPTR FM NORMAL: -0.95 2 = FOG REDUCING VISIBILITY
HIGHEST: 75 ON 28 GRTST 24HR 1.93 ON 28-28 TO 1/4 MILE OR LESS
LOWEST: -4 ON 16 3 = THUNDER
SNOW, ICE PELLETS, HAIL 4 = ICE PELLETS
TOTAL MONTH: M 5 = HAIL
GRTST 24HR M ON M 6 = FREEZING RAIN OR DRIZZLE
GRTST DEPTH: M ON M 7 = DUSTSTORM OR SANDSTORM:
VSBY 1/2 MILE OR LESS
8 = SMOKE OR HAZE
[NO. OF DAYS WITH] [WEATHER - DAYS WITH] 9 = BLOWING SNOW
X = TORNADO
MAX 32 OR BELOW: 9 0.01 INCH OR MORE: 10
MAX 90 OR ABOVE: 0 0.10 INCH OR MORE: 4
MIN 32 OR BELOW: 17 0.50 INCH OR MORE: 1
MIN 0 OR BELOW: 1 1.00 INCH OR MORE: 1
[HDD (BASE 65) ]
TOTAL THIS MO. 826 CLEAR (SCALE 0-3) 7
DPTR FM NORMAL 240 PTCLDY (SCALE 4-7) 6
TOTAL FM JUL 1 2595 CLOUDY (SCALE 8-10) 15
DPTR FM NORMAL -14
[CDD (BASE 65) ]
TOTAL THIS MO. 0
DPTR FM NORMAL 0 [PRESSURE DATA]
TOTAL FM JAN 1 0 HIGHEST SLP 30.56 ON 19
DPTR FM NORMAL 0 LOWEST SLP 29.63 ON 4
[REMARKS]
#FINAL-02-21#