000
CXUS54 KSHV 140134
CF6SHV
PRELIMINARY LOCAL CLIMATOLOGICAL DATA (WS FORM: F-6)
STATION: SHREVEPORT
MONTH: JUNE
YEAR: 2023
LATITUDE: 32 28 N
LONGITUDE: 93 49 W
TEMPERATURE IN F: :PCPN: SNOW: WIND :SUNSHINE: SKY :PK WND
================================================================================
1 2 3 4 5 6A 6B 7 8 9 10 11 12 13 14 15 16 17 18
12Z AVG MX 2MIN
DY MAX MIN AVG DEP HDD CDD WTR SNW DPTH SPD SPD DIR MIN PSBL S-S WX SPD DR
================================================================================
1 92 64 78 0 0 13 0.00 0.0 0 2.0 9 180 M M 3 14 180
2 94 70 82 3 0 17 0.00 0.0 0 2.5 12 100 M M 2 17 140
3 95 65 80 1 0 15 2.86 T 0 4.9 37 290 M M 5 135 58 290
4 85 64 75 -4 0 10 0.03 0.0 0 5.0 23 140 M M 8 13 32 150
5 92 69 81 2 0 16 T 0.0 0 4.6 23 140 M M 8 3 32 150
6 90 66 78 -1 0 13 T 0.0 0 3.0 16 270 M M 6 3 21 270
7 92 69 81 1 0 16 0.00 0.0 0 3.9 13 320 M M 5 16 320
8 94 70 82 2 0 17 0.00 0.0 0 5.3 14 240 M M 3 8 20 240
9 93 68 81 1 0 16 0.00 0.0 0 3.0 9 250 M M 2 12 260
10 90 66 78 -2 0 13 0.67 0.0 0 6.9 26 10 M M 7 13 38 290
11 91 65 78 -2 0 13 0.00 0.0 0 4.4 15 220 M M 4 20 220
12 87 74 81 1 0 16 0.00 0.0 0 7.1 23 30 M M 8 30 20
13 83 73 78 -3 0 13 0.48 T 0 6.6 17 320 M M 9 135 22 330
14 86 75 81 0 0 16 T 0.0 0 4.6 22 10 M M 7 18 30 20
15 93 75 84 3 0 19 0.00 0.0 0 6.3 13 90 M M 6 138 17 90
16 93 68 81 0 0 16 0.73 0.0 0 7.3 45 290 M M 6 138 70 290
17 97 78 88 7 0 23 0.06 0.0 0 4.9 13 350 M M 7 138 17 330
18 93 72 83 2 0 18 T 0.0 0 11.3 28 10 M M 5 138 36 360
19 95 75 85 3 0 20 0.00 0.0 0 3.7 10 90 M M 4 15 240
20 97 79 88 6 0 23 0.00 0.0 0 6.0 13 100 M M 6 18 50
21 95 78 87 5 0 22 0.00 0.0 0 6.6 15 20 M M 8 21 20
22 93 75 84 2 0 19 0.00 0.0 0 6.8 15 60 M M 6 20 50
23 94 73 84 2 0 19 0.00 0.0 0 6.8 16 180 M M 4 23 170
24 98 74 86 4 0 21 0.00 0.0 0 7.6 14 180 M M 2 14 220
25 97 78 88 6 0 23 0.00 0.0 0 8.0 18 230 M M 3 26 230
26 96 72 84 2 0 19 0.20 0.0 0 7.6 43 10 M M 3 3 56 10
27 99 79 89 7 0 24 0.00 0.0 0 6.7 15 230 M M 1 21 260
28 98 80 89 7 0 24 0.00 0.0 0 5.3 13 200 M M 0 18 180
29 98 79 89 6 0 24 0.00 0.0 0 6.2 14 240 M M 1 17 230
30 97 79 88 5 0 23 0.00 0.0 0 5.9 14 270 M M 2 17 250
================================================================================
SM 2797 2172 0 541 5.03 T 170.8 M 141
================================================================================
AV 93.2 72.4 5.7 FASTST M M 5 MAX(MPH)
MISC ----> 45 290 70 290
================================================================================
NOTES:
# LAST OF SEVERAL OCCURRENCES
COLUMN 17 PEAK WIND IN M.P.H.
PRELIMINARY LOCAL CLIMATOLOGICAL DATA (WS FORM: F-6) , PAGE 2
STATION: SHREVEPORT
MONTH: JUNE
YEAR: 2023
LATITUDE: 32 28 N
LONGITUDE: 93 49 W
[TEMPERATURE DATA] [PRECIPITATION DATA] SYMBOLS USED IN COLUMN 16
AVERAGE MONTHLY: 82.8 TOTAL FOR MONTH: 5.03 1 = FOG OR MIST
DPTR FM NORMAL: 1.9 DPTR FM NORMAL: 0.25 2 = FOG REDUCING VISIBILITY
HIGHEST: 99 ON 27 GRTST 24HR 2.86 ON 3- 3 TO 1/4 MILE OR LESS
LOWEST: 64 ON 4, 1 3 = THUNDER
SNOW, ICE PELLETS, HAIL 4 = ICE PELLETS
TOTAL MONTH: T 5 = HAIL
GRTST 24HR T ON 3- 3 6 = FREEZING RAIN OR DRIZZLE
GRTST DEPTH: 0 7 = DUSTSTORM OR SANDSTORM:
VSBY 1/2 MILE OR LESS
8 = SMOKE OR HAZE
[NO. OF DAYS WITH] [WEATHER - DAYS WITH] 9 = BLOWING SNOW
X = TORNADO
MAX 32 OR BELOW: 0 0.01 INCH OR MORE: 7
MAX 90 OR ABOVE: 26 0.10 INCH OR MORE: 5
MIN 32 OR BELOW: 0 0.50 INCH OR MORE: 3
MIN 0 OR BELOW: 0 1.00 INCH OR MORE: 1
[HDD (BASE 65) ]
TOTAL THIS MO. 0 CLEAR (SCALE 0-3) 10
DPTR FM NORMAL 0 PTCLDY (SCALE 4-7) 19
TOTAL FM JUL 1 1585 CLOUDY (SCALE 8-10) 1
DPTR FM NORMAL -482
[CDD (BASE 65) ]
TOTAL THIS MO. 541
DPTR FM NORMAL 66 [PRESSURE DATA]
TOTAL FM JAN 1 1077 HIGHEST SLP M ON M
DPTR FM NORMAL 154 LOWEST SLP 29.73 ON 13
[REMARKS]
#FINAL-06-23#