000
CXUS54 KSHV 011300
CF6SHV
PRELIMINARY LOCAL CLIMATOLOGICAL DATA (WS FORM: F-6)
STATION: SHREVEPORT
MONTH: JULY
YEAR: 2022
LATITUDE: 32 28 N
LONGITUDE: 93 49 W
TEMPERATURE IN F: :PCPN: SNOW: WIND :SUNSHINE: SKY :PK WND
================================================================================
1 2 3 4 5 6A 6B 7 8 9 10 11 12 13 14 15 16 17 18
12Z AVG MX 2MIN
DY MAX MIN AVG DEP HDD CDD WTR SNW DPTH SPD SPD DIR MIN PSBL S-S WX SPD DR
================================================================================
1 92 73 83 0 0 18 T 0.0 0 9.2 22 140 M M 5 27 140
2 87 76 82 -1 0 17 1.47 0.0 0 5.3 17 240 M M 9 138 26 220
3 97 79 88 5 0 23 T 0.0 0 7.4 17 240 M M 7 21 230
4 97 77 87 4 0 22 0.00 0.0 0 5.8 13 200 M M 2 18 220
5 98 77 88 5 0 23 0.00 0.0 0 5.5 14 210 M M 4 18 230
6 98 79 89 6 0 24 0.00 0.0 0 7.5 13 250 M M 4 18 250
7 100 78 89 6 0 24 0.00 0.0 0 5.8 14 230 M M 3 18 240
8 101 80 91 8 0 26 0.00 0.0 0 5.8 15 250 M M 1 19 240
9 105 82 94 10 0 29 0.00 0.0 0 6.5 28 310 M M 2 3 33 300
10 94 79 87 3 0 22 0.00 0.0 0 8.1 17 30 M M 4 22 50
11 100 77 89 5 0 24 0.00 0.0 0 6.0 14 80 M M 4 18 70
12 102 77 90 6 0 25 0.00 0.0 0 4.6 15 60 M M 1 20 60
13 104 74 89 5 0 24 1.06 0.0 0 5.8 30 320 M M 3 138 39 350
14 96 73 85 1 0 20 0.00 0.0 0 4.6 15 160 M M 8 18 160
15 98 73 86 2 0 21 0.00 0.0 0 4.8 13 150 M M 2 18 150
16 99 75 87 3 0 22 0.00 0.0 0 4.5 13 240 M M 3 17 230
17 100 80 90 6 0 25 0.00 0.0 0 7.1 13 240 M M 5 18 270
18 102 82 92 8 0 27 0.00 0.0 0 9.5 18 240 M M 5 23 240
19 102 81 92 8 0 27 0.00 0.0 0 11.6 21 240 M M 2 26 210
20 105 81 93 9 0 28 0.00 0.0 0 9.0 21 230 M M 3 27 240
21 95 79 87 3 0 22 0.00 0.0 0 6.9 17 170 M M 8 22 190
22 87 74 81 -3 0 16 1.03 0.0 0 5.3 20 210 M M 7 13 23 210
23 97 71 84 0 0 19 0.00 0.0 0 4.9 12 150 M M 2 16 250
24 98 78 88 4 0 23 0.00 0.0 0 6.4 13 170 M M 2 17 210
25 100 78 89 5 0 24 0.00 0.0 0 7.5 14 160 M M 2 17 160
26 100 79 90 6 0 25 0.00 0.0 0 8.3 15 180 M M 3 20 180
27 100 79 90 6 0 25 0.00 0.0 0 8.1 21 170 M M 2 25 160
28 100 78 89 4 0 24 0.00 0.0 0 7.1 21 170 M M 2 3 27 150
29 101 76 89 4 0 24 1.72 0.0 0 6.6 26 40 M M 5 123 33 30
30 99 77 88 3 0 23 0.25 0.0 0 7.7 17 250 M M 7 13 21 120
31 98 78 88 3 0 23 0.00 0.0 0 6.3 13 130 M M 6 17 150
================================================================================
SM 3052 2400 0 719 5.53 0.0 209.5 M 123
================================================================================
AV 98.5 77.4 6.8 FASTST M M 4 MAX(MPH)
MISC ----> 30 320 39 350
================================================================================
NOTES:
# LAST OF SEVERAL OCCURRENCES
COLUMN 17 PEAK WIND IN M.P.H.
PRELIMINARY LOCAL CLIMATOLOGICAL DATA (WS FORM: F-6) , PAGE 2
STATION: SHREVEPORT
MONTH: JULY
YEAR: 2022
LATITUDE: 32 28 N
LONGITUDE: 93 49 W
[TEMPERATURE DATA] [PRECIPITATION DATA] SYMBOLS USED IN COLUMN 16
AVERAGE MONTHLY: 87.9 TOTAL FOR MONTH: 5.53 1 = FOG OR MIST
DPTR FM NORMAL: 4.0 DPTR FM NORMAL: 2.03 2 = FOG REDUCING VISIBILITY
HIGHEST: 105 ON 20, 9 GRTST 24HR 1.72 ON 29-29 TO 1/4 MILE OR LESS
LOWEST: 71 ON 23 3 = THUNDER
SNOW, ICE PELLETS, HAIL 4 = ICE PELLETS
TOTAL MONTH: 0.0 INCH 5 = HAIL
GRTST 24HR 0.0 6 = FREEZING RAIN OR DRIZZLE
GRTST DEPTH: 0 7 = DUSTSTORM OR SANDSTORM:
VSBY 1/2 MILE OR LESS
8 = SMOKE OR HAZE
[NO. OF DAYS WITH] [WEATHER - DAYS WITH] 9 = BLOWING SNOW
X = TORNADO
MAX 32 OR BELOW: 0 0.01 INCH OR MORE: 5
MAX 90 OR ABOVE: 29 0.10 INCH OR MORE: 5
MIN 32 OR BELOW: 0 0.50 INCH OR MORE: 4
MIN 0 OR BELOW: 0 1.00 INCH OR MORE: 4
[HDD (BASE 65) ]
TOTAL THIS MO. 0 CLEAR (SCALE 0-3) 14
DPTR FM NORMAL 0 PTCLDY (SCALE 4-7) 16
TOTAL FM JUL 1 0 CLOUDY (SCALE 8-10) 1
DPTR FM NORMAL 0
[CDD (BASE 65) ]
TOTAL THIS MO. 719
DPTR FM NORMAL 133 [PRESSURE DATA]
TOTAL FM JAN 1 1922 HIGHEST SLP 30.13 ON 31
DPTR FM NORMAL 413 LOWEST SLP 29.78 ON 20
[REMARKS]
#FINAL-07-22#