000
CXUS56 KMTR 080911
CF6SJC
PRELIMINARY LOCAL CLIMATOLOGICAL DATA (WS FORM: F-6)
STATION: SAN JOSE AIRPORT
MONTH: APRIL
YEAR: 2021
LATITUDE: 37 21 N
LONGITUDE: 121 55 W
TEMPERATURE IN F: :PCPN: SNOW: WIND :SUNSHINE: SKY :PK WND
================================================================================
1 2 3 4 5 6A 6B 7 8 9 10 11 12 13 14 15 16 17 18
12Z AVG MX 2MIN
DY MAX MIN AVG DEP HDD CDD WTR SNW DPTH SPD SPD DIR MIN PSBL S-S WX SPD DR
================================================================================
1 85 49 67 10 0 2 0.00 M M 5.5 18 340 M M 0 22 350
2 71 48 60 3 5 0 0.00 M M 6.7 20 340 M M 3 23 330
3 64 50 57 0 8 0 0.00 M M 7.9 20 330 M M 8 24 330
4 63 49 56 -2 9 0 0.00 M M 9.1 20 320 M M 8 24 320
5 63 48 56 -2 9 0 0.00 M M 8.1 20 330 M M 6 23 330
6 67 50 59 1 6 0 0.00 M M 6.6 17 320 M M 6 20 300
7 62 46 54 -4 11 0 0.00 M M 9.2 24 330 M M 5 29 340
8 68 44 56 -2 9 0 0.00 M M 5.6 18 340 M M 3 22 320
9 63 46 55 -3 10 0 0.00 M M 7.2 21 330 M M 3 24 340
10 69 43 56 -2 9 0 0.00 M M 5.6 18 350 M M 5 27 10
11 73 43 58 0 7 0 0.00 M M 5.3 16 320 M M 5 20 340
12 74 44 59 1 6 0 0.00 M M 4.7 15 320 M M 4 19 340
13 65 49 57 -1 8 0 0.00 M M 8.2 18 360 M M 3 24 20
14 71 46 59 1 6 0 0.00 M M 8.1 20 330 M M 1 23 340
15 68 44 56 -3 9 0 0.00 M M 8.2 18 330 M M 1 21 320
16 67 48 58 -1 7 0 0.00 M M 7.4 17 320 M M 4 22 330
17 70 49 60 1 5 0 0.00 M M 7.3 16 320 M M 3 20 310
18 83 47 65 6 0 0 0.00 M M 5.7 20 340 M M 0 24 330
19 68 49 59 0 6 0 0.00 M M 6.3 20 340 M M 2 25 350
20 65 47 56 -3 9 0 0.00 M M 8.0 23 300 M M 5 28 300
21 69 48 59 0 6 0 0.00 M M 8.9 18 340 M M 2 25 310
22 68 50 59 -1 6 0 0.00 M M 11.3 21 330 M M 6 27 340
23 71 50 61 1 4 0 0.00 M M 8.4 21 340 M M 5 24 340
24 68 50 59 -1 6 0 0.00 M M 7.6 20 330 M M 7 24 330
25 60 46 53 -7 12 0 0.05 M M 5.9 16 190 M M 7 20 170
26 63 41 52 -8 13 0 0.00 M M 8.0 22 330 M M 6 29 340
27 72 41 57 -3 8 0 0.00 M M 6.9 21 330 M M 2 25 350
28 83 47 65 5 0 0 0.00 M M 6.9 21 340 M M 1 24 340
29 75 52 64 4 1 0 0.00 M M 6.9 16 310 M M 5 19 340
30 69 51 60 -1 5 0 0.00 M M 7.0 18 330 M M 6 22 330
================================================================================
SM 2077 1415 200 2 0.05 M 218.5 M 122
================================================================================
AV 69.2 47.2 7.3 FASTST M M 4 MAX(MPH)
MISC ----> 24 330 # 29 340
================================================================================
NOTES:
# LAST OF SEVERAL OCCURRENCES
COLUMN 17 PEAK WIND IN M.P.H.
PRELIMINARY LOCAL CLIMATOLOGICAL DATA (WS FORM: F-6) , PAGE 2
STATION: SAN JOSE AIRPORT
MONTH: APRIL
YEAR: 2021
LATITUDE: 37 21 N
LONGITUDE: 121 55 W
[TEMPERATURE DATA] [PRECIPITATION DATA] SYMBOLS USED IN COLUMN 16
AVERAGE MONTHLY: 58.2 TOTAL FOR MONTH: 0.05 1 = FOG OR MIST
DPTR FM NORMAL: -0.6 DPTR FM NORMAL: -1.02 2 = FOG REDUCING VISIBILITY
HIGHEST: 85 ON 1 GRTST 24HR 0.05 ON 25-25 TO 1/4 MILE OR LESS
LOWEST: 41 ON 27,26 3 = THUNDER
SNOW, ICE PELLETS, HAIL 4 = ICE PELLETS
TOTAL MONTH: M 5 = HAIL
GRTST 24HR M ON M 6 = FREEZING RAIN OR DRIZZLE
GRTST DEPTH: M ON M 7 = DUSTSTORM OR SANDSTORM:
VSBY 1/2 MILE OR LESS
8 = SMOKE OR HAZE
[NO. OF DAYS WITH] [WEATHER - DAYS WITH] 9 = BLOWING SNOW
X = TORNADO
MAX 32 OR BELOW: 0 0.01 INCH OR MORE: 1
MAX 90 OR ABOVE: 0 0.10 INCH OR MORE: 0
MIN 32 OR BELOW: 0 0.50 INCH OR MORE: 0
MIN 0 OR BELOW: 0 1.00 INCH OR MORE: 0
[HDD (BASE 65) ]
TOTAL THIS MO. 200 CLEAR (SCALE 0-3) 11
DPTR FM NORMAL 3 PTCLDY (SCALE 4-7) 18
TOTAL FM JUL 1 1982 CLOUDY (SCALE 8-10) 1
DPTR FM NORMAL -78
[CDD (BASE 65) ]
TOTAL THIS MO. 2
DPTR FM NORMAL -9 [PRESSURE DATA]
TOTAL FM JAN 1 2 HIGHEST SLP 30.23 ON 4
DPTR FM NORMAL -11 LOWEST SLP 29.79 ON 12
[REMARKS]
#FINAL-04-21#