000
CXUS56 KMTR 171751
CF6SJC
PRELIMINARY LOCAL CLIMATOLOGICAL DATA (WS FORM: F-6)
STATION: SAN JOSE AIRPORT
MONTH: OCTOBER
YEAR: 2020
LATITUDE: 37 21 N
LONGITUDE: 121 55 W
TEMPERATURE IN F: :PCPN: SNOW: WIND :SUNSHINE: SKY :PK WND
================================================================================
1 2 3 4 5 6A 6B 7 8 9 10 11 12 13 14 15 16 17 18
12Z AVG MX 2MIN
DY MAX MIN AVG DEP HDD CDD WTR SNW DPTH SPD SPD DIR MIN PSBL S-S WX SPD DR
================================================================================
1 95 65 80 14 0 15 0.00 M M 3.0 10 330 M M 8 8 12 330
2 94 64 79 13 0 14 0.00 M M 3.6 10 320 M M 8 8 13 20
3 93 61 77 11 0 12 0.00 M M 3.3 15 330 M M 7 17 320
4 84 58 71 5 0 6 0.00 M M 4.5 13 320 M M 3 15 330
5 86 57 72 6 0 7 0.00 M M 3.3 13 330 M M 8 18 14 340
6 81 57 69 3 0 4 0.00 M M 3.9 13 340 M M 7 18 14 340
7 69 57 63 -2 2 0 0.00 M M 5.4 12 320 M M 9 18 14 270
8 72 59 66 1 0 1 0.00 M M 5.5 16 330 M M 9 8 21 310
9 74 61 68 3 0 3 0.00 M M 4.0 14 330 M M 8 15 340
10 77 57 67 2 0 2 0.00 M M 8.0 18 350 M M 6 23 10
11 80 57 69 5 0 4 0.00 M M 6.5 18 320 M M 2 23 340
12 85 54 70 6 0 5 0.00 M M 4.1 15 340 M M 1 19 360
13 87 54 71 7 0 6 0.00 M M 4.9 15 330 M M 1 19 330
14 90 59 75 11 0 10 0.00 M M 5.0 18 330 M M 0 21 320
15 94 62 78 14 0 13 0.00 M M 5.5 18 320 M M 0 23 330
16 95 60 78 15 0 13 0.00 M M 3.3 13 310 M M 5 15 320
17 95 58 77 14 0 12 0.00 M M 3.2 9 290 M M 2 13 330
18 88 59 74 11 0 9 0.00 M M 4.3 15 320 M M 0 18 320
19 85 56 71 8 0 6 0.00 M M 3.7 14 330 M M 0 16 330
20 86 55 71 9 0 6 0.00 M M 2.8 16 320 M M 0 18 320
21 87 54 71 9 0 6 0.00 M M 3.6 15 320 M M 1 18 330
22 80 55 68 6 0 3 0.00 M M 6.3 15 310 M M 1 17 330
23 74 55 65 3 0 0 0.00 M M 5.5 14 330 M M 4 19 310
24 72 52 62 1 3 0 0.00 M M 5.0 18 330 M M 2 21 330
25 71 55 63 2 2 0 0.00 M M 7.4 20 360 M M 4 26 360
26 76 50 63 2 2 0 0.00 M M 6.4 24 360 M M 1 31 360
27 79 48 64 3 1 0 0.00 M M 5.3 22 320 M M 0 27 320
28 78 50 64 4 1 0 0.00 M M 2.9 10 340 M M 4 13 330
29 78 47 63 3 2 0 0.00 M M 3.3 12 320 M M 4 13 320
30 73 47 60 0 5 0 0.00 M M 3.8 12 340 M M 5 8 15 340
31 77 47 62 3 3 0 0.00 M M 1.9 9 340 M M 1 8 12 340
================================================================================
SM 2555 1730 21 157 0.00 M 139.2 M 111
================================================================================
AV 82.4 55.8 4.5 FASTST M M 4 MAX(MPH)
MISC ----> 24 360 31 360
================================================================================
NOTES:
# LAST OF SEVERAL OCCURRENCES
COLUMN 17 PEAK WIND IN M.P.H.
PRELIMINARY LOCAL CLIMATOLOGICAL DATA (WS FORM: F-6) , PAGE 2
STATION: SAN JOSE AIRPORT
MONTH: OCTOBER
YEAR: 2020
LATITUDE: 37 21 N
LONGITUDE: 121 55 W
[TEMPERATURE DATA] [PRECIPITATION DATA] SYMBOLS USED IN COLUMN 16
AVERAGE MONTHLY: 69.1 TOTAL FOR MONTH: 0.00 1 = FOG OR MIST
DPTR FM NORMAL: 5.9 DPTR FM NORMAL: -0.78 2 = FOG REDUCING VISIBILITY
HIGHEST: 95 ON 17,16 GRTST 24HR T ON 26-26 TO 1/4 MILE OR LESS
LOWEST: 47 ON 31,30 3 = THUNDER
SNOW, ICE PELLETS, HAIL 4 = ICE PELLETS
TOTAL MONTH: M 5 = HAIL
GRTST 24HR M ON M 6 = FREEZING RAIN OR DRIZZLE
GRTST DEPTH: M ON M 7 = DUSTSTORM OR SANDSTORM:
VSBY 1/2 MILE OR LESS
8 = SMOKE OR HAZE
[NO. OF DAYS WITH] [WEATHER - DAYS WITH] 9 = BLOWING SNOW
X = TORNADO
MAX 32 OR BELOW: 0 0.01 INCH OR MORE: 0
MAX 90 OR ABOVE: 7 0.10 INCH OR MORE: 0
MIN 32 OR BELOW: 0 0.50 INCH OR MORE: 0
MIN 0 OR BELOW: 0 1.00 INCH OR MORE: 0
[HDD (BASE 65) ]
TOTAL THIS MO. 21 CLEAR (SCALE 0-3) 16
DPTR FM NORMAL -70 PTCLDY (SCALE 4-7) 13
TOTAL FM JUL 1 24 CLOUDY (SCALE 8-10) 2
DPTR FM NORMAL -85
[CDD (BASE 65) ]
TOTAL THIS MO. 157
DPTR FM NORMAL 120 [PRESSURE DATA]
TOTAL FM JAN 1 1069 HIGHEST SLP 30.16 ON 26
DPTR FM NORMAL 433 LOWEST SLP 29.74 ON 21
[REMARKS]
#FINAL-10-20#