000
CXUS56 KMTR 042012
CF6SJC
PRELIMINARY LOCAL CLIMATOLOGICAL DATA (WS FORM: F-6)
STATION: SAN JOSE AIRPORT
MONTH: AUGUST
YEAR: 2020
LATITUDE: 37 21 N
LONGITUDE: 121 55 W
TEMPERATURE IN F: :PCPN: SNOW: WIND :SUNSHINE: SKY :PK WND
================================================================================
1 2 3 4 5 6A 6B 7 8 9 10 11 12 13 14 15 16 17 18
12Z AVG MX 2MIN
DY MAX MIN AVG DEP HDD CDD WTR SNW DPTH SPD SPD DIR MIN PSBL S-S WX SPD DR
================================================================================
1 80 56 68 -2 0 3 0.00 M M 6.5 16 310 M M 4 19 360
2 81 59 70 0 0 5 0.00 M M 6.0 17 320 M M 3 21 310
3 88 61 75 5 0 10 T M M 6.7 25 340 M M 4 30 360
4 81 59 70 0 0 5 0.00 M M 8.4 18 330 M M 1 23 360
5 73 61 67 -3 0 2 0.00 M M 7.0 17 320 M M 8 23 300
6 82 62 72 2 0 7 T M M 9.1 21 340 M M 5 26 330
7 85 59 72 2 0 7 0.00 M M 8.1 17 320 M M 1 21 310
8 85 59 72 2 0 7 0.00 M M 7.2 15 310 M M 1 19 320
9 88 60 74 4 0 9 0.00 M M 5.8 15 320 M M 1 19 320
10 82 60 71 1 0 6 0.00 M M 6.2 16 310 M M 1 19 320
11 79 58 69 -1 0 4 0.00 M M 7.0 16 310 M M 1 19 310
12 83 62 73 3 0 8 0.00 M M 5.1 16 310 M M 3 19 350
13 95 61 78 8 0 13 0.00 M M 5.1 16 330 M M 5 19 330
14 103 73 88 18 0 23 0.00 M M 5.7 18 320 M M 3 22 310
15 98 72 85 15 0 20 0.00 M M 6.9 17 310 M M 4 21 300
16 100 73 87 17 0 22 0.01 M M 8.1 21 190 M M 5 3 29 190
17 96 71 84 14 0 19 0.00 M M 5.9 18 330 M M 6 22 340
18 97 70 84 14 0 19 0.00 M M 5.5 20 330 M M 6 8 24 350
19 91 68 80 10 0 15 0.00 M M 7.3 23 330 M M 9 8 29 340
20 85 60 73 3 0 8 0.00 M M 9.1 22 330 M M 5 8 27 350
21 89 61 75 5 0 10 T M M 6.4 23 350 M M 6 18 28 340
22 90 64 77 7 0 12 0.00 M M 5.4 16 340 M M 6 8 19 340
23 86 65 76 6 0 11 T M M 5.7 16 350 M M 7 8 19 350
24 86 66 76 6 0 11 0.00 M M 6.2 18 310 M M 6 8 21 310
25 79 63 71 1 0 6 0.00 M M 7.3 16 330 M M 7 8 20 300
26 75 58 67 -3 0 2 0.00 M M 7.2 17 340 M M 6 8 21 310
27 78 59 69 -1 0 4 0.00 M M 5.3 14 330 M M 8 8 17 310
28 78 56 67 -3 0 2 0.00 M M 5.3 14 320 M M 7 8 18 350
29 78 55 67 -3 0 2 0.00 M M 5.9 13 330 M M 6 8 16 310
30 78 55 67 -3 0 2 0.00 M M 5.7 14 330 M M 5 17 330
31 78 59 69 -1 0 4 0.00 M M 5.2 17 320 M M 8 8 19 310
================================================================================
SM 2647 1925 0 278 0.01 M 202.3 M 148
================================================================================
AV 85.4 62.1 6.5 FASTST M M 5 MAX(MPH)
MISC ----> 25 340 30 360
================================================================================
NOTES:
# LAST OF SEVERAL OCCURRENCES
COLUMN 17 PEAK WIND IN M.P.H.
PRELIMINARY LOCAL CLIMATOLOGICAL DATA (WS FORM: F-6) , PAGE 2
STATION: SAN JOSE AIRPORT
MONTH: AUGUST
YEAR: 2020
LATITUDE: 37 21 N
LONGITUDE: 121 55 W
[TEMPERATURE DATA] [PRECIPITATION DATA] SYMBOLS USED IN COLUMN 16
AVERAGE MONTHLY: 73.7 TOTAL FOR MONTH: 0.01 1 = FOG OR MIST
DPTR FM NORMAL: 3.6 DPTR FM NORMAL: 0.01 2 = FOG REDUCING VISIBILITY
HIGHEST: 103 ON 14 GRTST 24HR 0.01 ON 16-16 TO 1/4 MILE OR LESS
LOWEST: 55 ON 30,29 3 = THUNDER
SNOW, ICE PELLETS, HAIL 4 = ICE PELLETS
TOTAL MONTH: M 5 = HAIL
GRTST 24HR M ON M 6 = FREEZING RAIN OR DRIZZLE
GRTST DEPTH: M ON M 7 = DUSTSTORM OR SANDSTORM:
VSBY 1/2 MILE OR LESS
8 = SMOKE OR HAZE
[NO. OF DAYS WITH] [WEATHER - DAYS WITH] 9 = BLOWING SNOW
X = TORNADO
MAX 32 OR BELOW: 0 0.01 INCH OR MORE: 1
MAX 90 OR ABOVE: 8 0.10 INCH OR MORE: 0
MIN 32 OR BELOW: 0 0.50 INCH OR MORE: 0
MIN 0 OR BELOW: 0 1.00 INCH OR MORE: 0
[HDD (BASE 65) ]
TOTAL THIS MO. 0 CLEAR (SCALE 0-3) 8
DPTR FM NORMAL -2 PTCLDY (SCALE 4-7) 21
TOTAL FM JUL 1 0 CLOUDY (SCALE 8-10) 2
DPTR FM NORMAL -4
[CDD (BASE 65) ]
TOTAL THIS MO. 278
DPTR FM NORMAL 118 [PRESSURE DATA]
TOTAL FM JAN 1 693 HIGHEST SLP 30.05 ON 2
DPTR FM NORMAL 210 LOWEST SLP 29.76 ON 27
[REMARKS]
#FINAL-08-20#