000
CXUS54 KSJT 011000
CF6SJT
PRELIMINARY LOCAL CLIMATOLOGICAL DATA (WS FORM: F-6)
STATION: SAN ANGELO
MONTH: JULY
YEAR: 2023
LATITUDE: 31 21 N
LONGITUDE: 100 30 W
TEMPERATURE IN F: :PCPN: SNOW: WIND :SUNSHINE: SKY :PK WND
================================================================================
1 2 3 4 5 6A 6B 7 8 9 10 11 12 13 14 15 16 17 18
12Z AVG MX 2MIN
DY MAX MIN AVG DEP HDD CDD WTR SNW DPTH SPD SPD DIR MIN PSBL S-S WX SPD DR
================================================================================
1 88 68 78 -6 0 13 0.85 0.0 0 12.5 33 40 M M 4 13 47 40
2 93 67 80 -4 0 15 0.00 0.0 0 5.1 20 190 M M 1 30 180
3 95 70 83 -1 0 18 0.00 0.0 0 7.2 23 120 M M 1 29 130
4 94 70 82 -2 0 17 0.01 0.0 0 6.6 20 220 M M 0 3 27 220
5 99 71 85 1 0 20 0.00 0.0 0 8.0 21 110 M M 0 29 110
6 97 74 86 2 0 21 0.00 0.0 0 6.7 16 170 M M 1 26 160
7 94 74 84 0 0 19 0.00 0.0 0 10.3 20 130 M M 3 27 150
8 98 72 85 1 0 20 0.00 0.0 0 8.6 18 200 M M 1 26 140
9 103 78 91 7 0 26 0.00 0.0 M 9.3 18 180 M M 0 27 170
10 105 75 90 6 0 25 0.00 0.0 0 5.7 15 110 M M 0 26 170
11 104 79 92 8 0 27 0.00 0.0 0 9.1 18 140 M M 0 25 170
12 108 82 95 10 0 30 0.00 0.0 0 13.3 22 200 M M 0 30 200
13 109 80 95 10 0 30 0.00 0.0 0 10.2 17 210 M M 0 24 200
14 106 77 92 7 0 27 0.00 0.0 0 9.9 20 140 M M 0 29 160
15 105 79 92 7 0 27 0.00 0.0 0 8.1 16 120 M M 0 29 140
16 104 77 91 6 0 26 0.00 0.0 0 7.0 18 340 M M 0 25 350
17 106 80 93 8 0 28 0.00 0.0 0 10.2 21 210 M M 0 27 210
18 110 79 95 10 0 30 0.00 0.0 0 11.4 18 180 M M 0 28 180
19 107 80 94 9 0 29 0.00 0.0 0 11.1 18 160 M M 0 26 180
20 104 77 91 6 0 26 0.00 0.0 0 7.6 15 140 M M 0 22 150
21 103 77 90 5 0 25 0.00 0.0 0 9.7 18 50 M M 0 27 50
22 98 76 87 2 0 22 0.00 0.0 0 8.6 16 50 M M 1 23 20
23 104 72 88 3 0 23 0.00 0.0 0 7.0 16 10 M M 0 24 30
24 105 70 88 2 0 23 0.00 0.0 0 6.5 16 60 M M 0 22 70
25 102 74 88 2 0 23 0.00 0.0 0 7.9 18 150 M M 0 30 130
26 102 77 90 4 0 25 0.00 0.0 0 8.6 18 130 M M 0 26 120
27 103 75 89 3 0 24 0.00 0.0 0 8.5 12 130 M M 0 27 130
28 102 76 89 3 0 24 0.00 0.0 0 7.7 15 60 M M 0 25 130
29 102 74 88 2 0 23 0.00 0.0 0 7.3 15 210 M M 1 22 180
30 102 70 86 0 0 21 0.00 0.0 0 6.4 16 130 M M 2 22 120
31 105 71 88 2 0 23 0.00 0.0 0 7.7 15 110 M M 3 23 100
================================================================================
SM 3157 2321 0 730 0.86 0.0 263.8 M 18
================================================================================
AV101.8 74.9 8.5 FASTST M M 1 MAX(MPH)
MISC ----> 33 40 47 40
================================================================================
NOTES:
# LAST OF SEVERAL OCCURRENCES
COLUMN 17 PEAK WIND IN M.P.H.
PRELIMINARY LOCAL CLIMATOLOGICAL DATA (WS FORM: F-6) , PAGE 2
STATION: SAN ANGELO
MONTH: JULY
YEAR: 2023
LATITUDE: 31 21 N
LONGITUDE: 100 30 W
[TEMPERATURE DATA] [PRECIPITATION DATA] SYMBOLS USED IN COLUMN 16
AVERAGE MONTHLY: 88.4 TOTAL FOR MONTH: 0.86 1 = FOG OR MIST
DPTR FM NORMAL: 3.6 DPTR FM NORMAL: -0.24 2 = FOG REDUCING VISIBILITY
HIGHEST: 110 ON 18 GRTST 24HR 0.85 ON 1- 1 TO 1/4 MILE OR LESS
LOWEST: 67 ON 2 3 = THUNDER
SNOW, ICE PELLETS, HAIL 4 = ICE PELLETS
TOTAL MONTH: 0.0 INCH 5 = HAIL
GRTST 24HR 0.0 6 = FREEZING RAIN OR DRIZZLE
GRTST DEPTH: 0 7 = DUSTSTORM OR SANDSTORM:
VSBY 1/2 MILE OR LESS
8 = SMOKE OR HAZE
[NO. OF DAYS WITH] [WEATHER - DAYS WITH] 9 = BLOWING SNOW
X = TORNADO
MAX 32 OR BELOW: 0 0.01 INCH OR MORE: 2
MAX 90 OR ABOVE: 30 0.10 INCH OR MORE: 1
MIN 32 OR BELOW: 0 0.50 INCH OR MORE: 1
MIN 0 OR BELOW: 0 1.00 INCH OR MORE: 0
[HDD (BASE 65) ]
TOTAL THIS MO. 0 CLEAR (SCALE 0-3) 30
DPTR FM NORMAL 0 PTCLDY (SCALE 4-7) 1
TOTAL FM JUL 1 0 CLOUDY (SCALE 8-10) 0
DPTR FM NORMAL 0
[CDD (BASE 65) ]
TOTAL THIS MO. 730
DPTR FM NORMAL 115 [PRESSURE DATA]
TOTAL FM JAN 1 1908 HIGHEST SLP 30.09 ON 30
DPTR FM NORMAL 247 LOWEST SLP 29.69 ON 13
[REMARKS]
#FINAL-07-23#