000
CXUS56 KSLC 011227
CF6SLC
PRELIMINARY LOCAL CLIMATOLOGICAL DATA (WS FORM: F-6)
STATION: SALT LAKE CITY UT
MONTH: MAY
YEAR: 2020
LATITUDE: 40 46 N
LONGITUDE: 111 58 W
TEMPERATURE IN F: :PCPN: SNOW: WIND :SUNSHINE: SKY :PK WND
================================================================================
1 2 3 4 5 6A 6B 7 8 9 10 11 12 13 14 15 16 17 18
12Z AVG MX 2MIN
DY MAX MIN AVG DEP HDD CDD WTR SNW DPTH SPD SPD DIR MIN PSBL S-S WX SPD DR
================================================================================
1 66 52 59 4 6 0 T 0.0 0 7.5 16 340 M M 5 22 290
2 75 51 63 8 2 0 0.00 0.0 0 7.5 20 190 M M 1 25 190
3 70 56 63 7 2 0 T 0.0 0 11.4 30 330 M M 6 35 340
4 65 44 55 -1 10 0 T 0.0 0 7.0 31 340 M M 2 38 340
5 75 45 60 4 5 0 0.00 0.0 0 5.8 13 330 M M 1 16 330
6 80 49 65 8 0 0 0.00 0.0 0 14.3 35 340 M M 1 78 40 340
7 62 41 52 -5 13 0 0.00 0.0 0 8.3 20 360 M M 0 26 330
8 72 45 59 2 6 0 0.00 0.0 0 6.2 16 350 M M 0 21 10
9 76 45 61 3 4 0 0.00 0.0 0 5.0 16 340 M M 0 8 20 330
10 86 49 68 10 0 3 T 0.0 0 6.5 24 300 M M 2 33 310
11 86 64 75 17 0 10 T 0.0 0 12.9 28 310 M M 3 8 37 220
12 76 59 68 9 0 3 0.00 0.0 0 13.8 28 330 M M 2 33 170
13 67 52 60 1 5 0 T 0.0 0 9.1 20 350 M M 6 27 330
14 69 49 59 0 6 0 0.00 0.0 0 7.5 17 330 M M 5 23 340
15 68 54 61 1 4 0 0.00 0.0 0 9.2 17 330 M M 5 26 340
16 72 45 59 -1 6 0 0.00 0.0 0 4.1 9 320 M M 1 12 300
17 88 57 73 13 0 8 0.00 0.0 0 17.1 31 180 M M 1 39 180
18 89 73 81 21 0 16 0.00 0.0 0 17.7 33 200 M M 2 8 45 180
19 83 55 69 8 0 4 T 0.0 0 13.3 31 190 M M 4 8 40 190
20 62 50 56 -5 9 0 0.05 0.0 0 9.6 28 250 M M 7 8 34 260
21 72 49 61 0 4 0 0.02 0.0 0 6.1 15 160 M M 3 18 160
22 71 42 57 -5 8 0 0.27 0.0 0 13.0 44 330 M M 4 18 53 320
23 57 37 47 -15 18 0 0.06 0.0 0 6.8 21 350 M M 5 23 350
24 65 43 54 -8 11 0 0.00 0.0 0 6.8 18 280 M M 2 34 270
25 73 46 60 -3 5 0 0.00 0.0 0 6.5 15 320 M M 0 19 310
26 83 53 68 5 0 3 0.00 0.0 0 6.0 13 150 M M 2 16 40
27 84 63 74 11 0 9 T 0.0 0 6.0 17 350 M M 2 27 340
28 89 61 75 11 0 10 0.00 0.0 0 5.6 15 360 M M 0 19 360
29 96 67 82 18 0 17 0.00 0.0 0 6.8 18 190 M M 0 22 190
30 98 76 87 23 0 22 T 0.0 0 15.1 43 210 M M 1 38 57 200
31 93 72 83 19 0 18 0.00 0.0 0 10.4 20 150 M M 1 25 150
================================================================================
SM 2368 1644 124 123 0.40 0.0 282.9 M 74
================================================================================
AV 76.4 53.0 9.1 FASTST M M 2 MAX(MPH)
MISC ----> # 44 330 # 57 200
================================================================================
NOTES:
# LAST OF SEVERAL OCCURRENCES
COLUMN 17 PEAK WIND IN M.P.H.
PRELIMINARY LOCAL CLIMATOLOGICAL DATA (WS FORM: F-6) , PAGE 2
STATION: SALT LAKE CITY UT
MONTH: MAY
YEAR: 2020
LATITUDE: 40 46 N
LONGITUDE: 111 58 W
[TEMPERATURE DATA] [PRECIPITATION DATA] SYMBOLS USED IN COLUMN 16
AVERAGE MONTHLY: 64.7 TOTAL FOR MONTH: 0.40 1 = FOG OR MIST
DPTR FM NORMAL: 4.9 DPTR FM NORMAL: -1.55 2 = FOG REDUCING VISIBILITY
HIGHEST: 98 ON 30 GRTST 24HR 0.27 ON 22-22 TO 1/4 MILE OR LESS
LOWEST: 37 ON 23 3 = THUNDER
SNOW, ICE PELLETS, HAIL 4 = ICE PELLETS
TOTAL MONTH: 0.0 INCH 5 = HAIL
GRTST 24HR 0.0 6 = FREEZING RAIN OR DRIZZLE
GRTST DEPTH: 0 7 = DUSTSTORM OR SANDSTORM:
VSBY 1/2 MILE OR LESS
8 = SMOKE OR HAZE
[NO. OF DAYS WITH] [WEATHER - DAYS WITH] 9 = BLOWING SNOW
X = TORNADO
MAX 32 OR BELOW: 0 0.01 INCH OR MORE: 4
MAX 90 OR ABOVE: 3 0.10 INCH OR MORE: 1
MIN 32 OR BELOW: 0 0.50 INCH OR MORE: 0
MIN 0 OR BELOW: 0 1.00 INCH OR MORE: 0
[HDD (BASE 65) ]
TOTAL THIS MO. 124 CLEAR (SCALE 0-3) 21
DPTR FM NORMAL -81 PTCLDY (SCALE 4-7) 10
TOTAL FM JUL 1 5108 CLOUDY (SCALE 8-10) 0
DPTR FM NORMAL -453
[CDD (BASE 65) ]
TOTAL THIS MO. 123
DPTR FM NORMAL 77 [PRESSURE DATA]
TOTAL FM JAN 1 135 HIGHEST SLP 30.25 ON 7
DPTR FM NORMAL 85 LOWEST SLP 29.45 ON 19
[REMARKS]
#FINAL-05-20#