000
CXUS51 KBTV 010700
CF6SLK
PRELIMINARY LOCAL CLIMATOLOGICAL DATA (WS FORM: F-6)
STATION: SARANAC LAKE NY
MONTH: MARCH
YEAR: 2022
LATITUDE: 44 23 N
LONGITUDE: 74 12 W
TEMPERATURE IN F: :PCPN: SNOW: WIND :SUNSHINE: SKY :PK WND
================================================================================
1 2 3 4 5 6A 6B 7 8 9 10 11 12 13 14 15 16 17 18
12Z AVG MX 2MIN
DY MAX MIN AVG DEP HDD CDD WTR SNW DPTH SPD SPD DIR MIN PSBL S-S WX SPD DR
================================================================================
1 28 -6 11 -8 54 0 0.05 M M 5.8 24 220 M M 10 1 29 220
2 27 5 16 -3 49 0 0.06 M M 5.7 15 230 M M 9 18 24 220
3 23 -10 7 -12 58 0 0.03 M M 5.4 15 240 M M 7 18 23 290
4 21 -22 0 -20 65 0 T M M 6.6 17 250 M M 4 18 25 240
5 33 -4 15 -5 50 0 0.00 M M 2.9 10 210 M M 4 18 13 220
6 61 27 44 24 21 0 0.28 M M 14.0 35 240 M M 7 1 51 240
7 40 28 34 14 31 0 0.31 M M 6.2 20 250 M M 10 1 27 250
8 28 15 22 1 43 0 0.02 M M 7.6 16 280 M M 8 128 26 270
9 35 12 24 3 41 0 T M M 5.1 16 200 M M 5 18 20 220
10 37 19 28 6 37 0 0.00 M M 5.5 17 220 M M 2 24 230
11 43 30 37 15 28 0 T M M 5.8 18 210 M M 8 26 230
12 36 11 24 2 41 0 0.36 M M 7.0 14 270 M M 9 128 25 270
13 21 6 14 -9 51 0 0.01 M M 9.8 22 240 M M 9 18 33 240
14 39 20 30 7 35 0 T M M 8.7 20 240 M M 10 18 29 250
15 41 31 36 13 29 0 0.06 M M 1.7 7 200 M M 9 1 10 290
16 51 28 40 16 25 0 0.00 M M 4.3 13 210 M M 5 1 18 200
17 65 28 47 23 18 0 0.00 M M 6.0 18 200 M M 2 23 200
18 57 30 44 19 21 0 0.01 M M 4.1 13 70 M M 7 17 60
19 64 39 52 27 13 0 0.39 M M 8.5 24 200 M M 7 1 29 190
20 44 31 38 13 27 0 0.02 M M 8.7 20 240 M M 10 1 32 230
21 43 27 35 9 30 0 0.00 M M 6.7 18 270 M M 5 29 250
22 37 17 27 1 38 0 0.00 M M 4.8 14 300 M M 0 24 280
23 42 11 27 0 38 0 0.01 M M 5.8 18 60 M M 4 21 70
24 49 33 41 14 24 0 0.24 M M 6.6 18 150 M M 9 13 24 150
25 44 33 39 11 26 0 0.20 M M 7.4 16 240 M M 10 1 28 230
26 41 32 37 9 28 0 0.08 M M 5.6 14 230 M M 10 18 20 240
27 33 8 21 -7 44 0 0.02 M M 7.7 14 250 M M 10 18 22 250
28 13 4 9 -20 56 0 0.01 M M 7.2 15 250 M M 10 18 24 260
29 25 8 17 -13 48 0 T M M 5.5 16 250 M M 6 18 25 270
30 41 0 21 -9 44 0 T M M 3.2 16 220 M M 3 24 230
31 60 30 45 15 20 0 0.19 M M 7.9 26 210 M M 7 1 36 210
================================================================================
SM 1222 521 1133 0 2.35 M 197.8 M 216
================================================================================
AV 39.4 16.8 6.4 FASTST M M 7 MAX(MPH)
MISC ----> 35 240 51 240
================================================================================
NOTES:
# LAST OF SEVERAL OCCURRENCES
COLUMN 17 PEAK WIND IN M.P.H.
PRELIMINARY LOCAL CLIMATOLOGICAL DATA (WS FORM: F-6) , PAGE 2
STATION: SARANAC LAKE NY
MONTH: MARCH
YEAR: 2022
LATITUDE: 44 23 N
LONGITUDE: 74 12 W
[TEMPERATURE DATA] [PRECIPITATION DATA] SYMBOLS USED IN COLUMN 16
AVERAGE MONTHLY: 28.1 TOTAL FOR MONTH: 2.35 1 = FOG OR MIST
DPTR FM NORMAL: 4.0 DPTR FM NORMAL: 0.31 2 = FOG REDUCING VISIBILITY
HIGHEST: 65 ON 17 GRTST 24HR 0.39 ON 19-19 TO 1/4 MILE OR LESS
LOWEST: -22 ON 4 3 = THUNDER
SNOW, ICE PELLETS, HAIL 4 = ICE PELLETS
TOTAL MONTH: M 5 = HAIL
GRTST 24HR M ON M 6 = FREEZING RAIN OR DRIZZLE
GRTST DEPTH: M ON M 7 = DUSTSTORM OR SANDSTORM:
VSBY 1/2 MILE OR LESS
8 = SMOKE OR HAZE
[NO. OF DAYS WITH] [WEATHER - DAYS WITH] 9 = BLOWING SNOW
X = TORNADO
MAX 32 OR BELOW: 8 0.01 INCH OR MORE: 19
MAX 90 OR ABOVE: 0 0.10 INCH OR MORE: 7
MIN 32 OR BELOW: 28 0.50 INCH OR MORE: 0
MIN 0 OR BELOW: 5 1.00 INCH OR MORE: 0
[HDD (BASE 65) ]
TOTAL THIS MO. 1133 CLEAR (SCALE 0-3) 3
DPTR FM NORMAL -136 PTCLDY (SCALE 4-7) 14
TOTAL FM JUL 1 7524 CLOUDY (SCALE 8-10) 14
DPTR FM NORMAL -322
[CDD (BASE 65) ]
TOTAL THIS MO. 0
DPTR FM NORMAL 0 [PRESSURE DATA]
TOTAL FM JAN 1 0 HIGHEST SLP M ON M
DPTR FM NORMAL 0 LOWEST SLP 29.29 ON 7
[REMARKS]
#FINAL-03-22#