000
CXUS56 KLOX 011257
CF6SMO
PRELIMINARY LOCAL CLIMATOLOGICAL DATA (WS FORM: F-6)
STATION: SANTA MONICA AIRPORT CA
MONTH: DECEMBER
YEAR: 2023
LATITUDE: 34 0 N
LONGITUDE: 118 27 W
TEMPERATURE IN F: :PCPN: SNOW: WIND :SUNSHINE: SKY :PK WND
================================================================================
1 2 3 4 5 6A 6B 7 8 9 10 11 12 13 14 15 16 17 18
12Z AVG MX 2MIN
DY MAX MIN AVG DEP HDD CDD WTR SNW DPTH SPD SPD DIR MIN PSBL S-S WX SPD DR
================================================================================
1 67 53 60 2 5 0 0.00 M M 7.0 17 350 M M 0 33 350
2 68 46 57 -1 8 0 0.00 M M 3.4 10 230 M M 0 15 220
3 66 46 56 -2 9 0 0.00 M M 2.7 10 200 M M 0 13 220
4 70 50 60 2 5 0 0.00 M M 2.0 8 230 M M 0 12 210
5 81 53 67 10 0 2 0.00 M M 3.3 10 250 M M 0 15 250
6 70 53 62 5 3 0 0.00 M M 3.6 10 220 M M 1 16 210
7 64 51 58 1 7 0 0.00 M M 3.0 12 220 M M 1 18 20 330
8 69 52 61 4 4 0 0.00 M M 3.5 10 250 M M 0 23 340
9 73 47 60 3 5 0 0.00 M M 4.4 8 350 M M 0 16 340
10 77 51 64 7 1 0 0.00 M M 4.6 12 10 M M 0 18 360
11 74 49 62 5 3 0 0.00 M M 2.6 8 220 M M 0 12 210
12 65 46 56 -1 9 0 0.00 M M 2.9 8 220 M M 2 128 12 230
13 64 50 57 0 8 0 0.00 M M 3.2 13 220 M M 3 8 18 220
14 76 46 61 4 4 0 0.00 M M 3.2 9 230 M M 0 13 240
15 81 52 67 10 0 2 0.00 M M 4.3 10 80 M M 0 16 10
16 81 54 68 11 0 3 0.00 M M 6.5 13 250 M M 0 19 270
17 72 55 64 7 1 0 0.00 M M 4.3 10 260 M M 0 17 260
18 72 56 64 7 1 0 T M M 2.1 9 190 M M 10 15 240
19 66 58 62 5 3 0 0.18 M M 2.5 9 190 M M 8 13 260
20 64 59 62 5 3 0 0.84 M M 4.9 14 130 M M 10 1 18 130
21 64 58 61 4 4 0 1.03 M M 4.4 14 180 M M 9 13 18 60
22 67 54 61 4 4 0 0.64 M M 3.6 16 30 M M 6 1 30 40
23 65 50 58 1 7 0 0.00 M M 3.2 12 210 M M 4 16 210
24 65 53 59 2 6 0 0.00 M M 2.6 10 230 M M 3 14 230
25 65 47 56 -1 9 0 0.00 M M 3.9 8 220 M M 0 12 220
26 64 50 57 0 8 0 0.00 M M 2.7 9 230 M M 0 1 13 230
27 62 50 56 -1 9 0 0.00 M M 2.9 10 220 M M 1 18 16 250
28 62 49 56 -1 9 0 0.00 M M 3.6 10 220 M M 2 18 15 210
29 65 50 58 1 7 0 0.00 M M 3.1 12 220 M M 3 18 16 220
30 62 51 57 0 8 0 0.86 M M 3.8 14 230 M M 6 18 22 230
31 61 50 56 -1 9 0 0.00 M M 3.0 8 20 M M 5 13 30
================================================================================
SM 2122 1589 159 7 3.55 M 110.8 M 74
================================================================================
AV 68.5 51.3 3.6 FASTST M M 2 MAX(MPH)
MISC ----> 17 350 33 350
================================================================================
NOTES:
# LAST OF SEVERAL OCCURRENCES
COLUMN 17 PEAK WIND IN M.P.H.
PRELIMINARY LOCAL CLIMATOLOGICAL DATA (WS FORM: F-6) , PAGE 2
STATION: SANTA MONICA AIRPORT CA
MONTH: DECEMBER
YEAR: 2023
LATITUDE: 34 0 N
LONGITUDE: 118 27 W
[TEMPERATURE DATA] [PRECIPITATION DATA] SYMBOLS USED IN COLUMN 16
AVERAGE MONTHLY: 59.9 TOTAL FOR MONTH: 3.55 1 = FOG OR MIST
DPTR FM NORMAL: 2.9 DPTR FM NORMAL: 1.21 2 = FOG REDUCING VISIBILITY
HIGHEST: 81 ON 16,15 GRTST 24HR 1.32 ON 21-22 TO 1/4 MILE OR LESS
LOWEST: 46 ON 14,12 3 = THUNDER
SNOW, ICE PELLETS, HAIL 4 = ICE PELLETS
TOTAL MONTH: M 5 = HAIL
GRTST 24HR M ON M 6 = FREEZING RAIN OR DRIZZLE
GRTST DEPTH: M ON M 7 = DUSTSTORM OR SANDSTORM:
VSBY 1/2 MILE OR LESS
8 = SMOKE OR HAZE
[NO. OF DAYS WITH] [WEATHER - DAYS WITH] 9 = BLOWING SNOW
X = TORNADO
MAX 32 OR BELOW: 0 0.01 INCH OR MORE: 5
MAX 90 OR ABOVE: 0 0.10 INCH OR MORE: 5
MIN 32 OR BELOW: 0 0.50 INCH OR MORE: 4
MIN 0 OR BELOW: 0 1.00 INCH OR MORE: 1
[HDD (BASE 65) ]
TOTAL THIS MO. 159 CLEAR (SCALE 0-3) 20
DPTR FM NORMAL -93 PTCLDY (SCALE 4-7) 7
TOTAL FM JUL 1 251 CLOUDY (SCALE 8-10) 4
DPTR FM NORMAL -197
[CDD (BASE 65) ]
TOTAL THIS MO. 7
DPTR FM NORMAL 4 [PRESSURE DATA]
TOTAL FM JAN 1 509 HIGHEST SLP 30.24 ON 9
DPTR FM NORMAL -105 LOWEST SLP 29.81 ON 22
[REMARKS]
#FINAL-12-23#