000
CXUS54 KMAF 011210
CF6SNK
PRELIMINARY LOCAL CLIMATOLOGICAL DATA (WS FORM: F-6)
STATION: SNYDER WINSTON FIELD
MONTH: DECEMBER
YEAR: 2022
LATITUDE: 32 41 N
LONGITUDE: 100 57 W
TEMPERATURE IN F: :PCPN: SNOW: WIND :SUNSHINE: SKY :PK WND
================================================================================
1 2 3 4 5 6A 6B 7 8 9 10 11 12 13 14 15 16 17 18
12Z AVG MX 2MIN
DY MAX MIN AVG DEP HDD CDD WTR SNW DPTH SPD SPD DIR MIN PSBL S-S WX SPD DR
================================================================================
1 55 33 44 M 21 0 M M M 8.7 14 180 M M 5 21 180
2 79 51 65 M 0 0 M M M 13.0 23 240 M M 4 28 240
3 60 38 49 M 16 0 M M M 11.6 23 40 M M 0 38 40
4 63 40 52 M 13 0 M M M 6.4 15 220 M M 1 22 230
5 80 51 66 M 0 1 M M M 10.2 21 250 M M 0 26 250
6 67 53 60 M 5 0 M M M 6.1 9 220 M M 3 M M
7 70 55 63 M 2 0 0.16 M M 4.8 12 190 M M 7 16 190
8 69 54 62 M 3 0 0.12 M M 5.4 10 230 M M 7 1 M M
9 57 48 53 M 12 0 M M M 7.5 13 70 M M 7 1 M M
10 60 47 54 M 11 0 0.03 M M 7.5 15 40 M M 10 12 20 40
11 56 46 51 M 14 0 M M M 5.3 13 170 M M 10 1 17 170
12 70 53 62 M 3 0 M M M 13.9 22 180 M M 8 1 30 190
13 62 38 50 M 15 0 0.05 M M 11.6 25 260 M M 1 36 260
14 50 34 42 M 23 0 M M M 9.7 21 290 M M 0 29 290
15 49 28 39 M 26 0 M M M 7.1 14 90 M M 0 18 90
16 41 31 36 M 29 0 M M M 7.0 18 40 M M 0 25 50
17 49 27 38 M 27 0 M M M 4.1 8 210 M M 0 M M
18 54 29 42 M 23 0 M M M 10.4 18 160 M M 2 25 180
19 65 38 52 M 13 0 M M M 11.0 18 200 M M 3 1 22 200
20 41 32 37 M 28 0 M M M 7.8 13 20 M M 7 1 16 10
21 52 36 44 M 21 0 M M M 10.7 16 220 M M 6 23 220
22 38 10 24 M 41 0 M M M 16.9 25 10 M M 5 12 33 10
23 23 9 16 M 49 0 M M M 6.9 17 10 M M 3 22 10
24 35 16 26 M 39 0 M M M 3.9 8 200 M M 1 M M
25 50 20 35 M 30 0 M M M 7.0 13 230 M M 0 M M
26 58 29 44 M 21 0 M M M 8.2 20 30 M M 0 29 30
27 63 28 46 M 19 0 M M M 12.0 23 200 M M 0 29 210
28 72 41 57 M 8 0 M M M 12.1 23 240 M M 0 30 240
29 64 46 55 M 10 0 M M M 7.1 10 200 M M 0 16 310
30 59 39 49 M 16 0 M M M 6.5 15 150 M M 3 22 150
31 71 37 54 M 11 0 M M M 12.7 25 230 M M 2 1 33 240
================================================================================
SM 1782 1137 549 1 0.36 M 273.4 M 95
================================================================================
AV 57.5 36.7 8.8 FASTST M M 3 MAX(MPH)
MISC ----> # 25 260 38 40
================================================================================
NOTES:
# LAST OF SEVERAL OCCURRENCES
COLUMN 17 PEAK WIND IN M.P.H.
PRELIMINARY LOCAL CLIMATOLOGICAL DATA (WS FORM: F-6) , PAGE 2
STATION: SNYDER WINSTON FIELD
MONTH: DECEMBER
YEAR: 2022
LATITUDE: 32 41 N
LONGITUDE: 100 57 W
[TEMPERATURE DATA] [PRECIPITATION DATA] SYMBOLS USED IN COLUMN 16
AVERAGE MONTHLY: 47.1 TOTAL FOR MONTH: 0.36 1 = FOG OR MIST
DPTR FM NORMAL: 0.0 DPTR FM NORMAL: M 2 = FOG REDUCING VISIBILITY
HIGHEST: 80 ON 5 GRTST 24HR 0.16 ON 7- 7 TO 1/4 MILE OR LESS
LOWEST: 9 ON 23 3 = THUNDER
SNOW, ICE PELLETS, HAIL 4 = ICE PELLETS
TOTAL MONTH: M 5 = HAIL
GRTST 24HR M ON M 6 = FREEZING RAIN OR DRIZZLE
GRTST DEPTH: M ON M 7 = DUSTSTORM OR SANDSTORM:
VSBY 1/2 MILE OR LESS
8 = SMOKE OR HAZE
[NO. OF DAYS WITH] [WEATHER - DAYS WITH] 9 = BLOWING SNOW
X = TORNADO
MAX 32 OR BELOW: 1 0.01 INCH OR MORE: 4
MAX 90 OR ABOVE: 0 0.10 INCH OR MORE: 2
MIN 32 OR BELOW: 11 0.50 INCH OR MORE: 0
MIN 0 OR BELOW: 0 1.00 INCH OR MORE: 0
[HDD (BASE 65) ]
TOTAL THIS MO. 549 CLEAR (SCALE 0-3) 19
DPTR FM NORMAL M PTCLDY (SCALE 4-7) 10
TOTAL FM JUL 1 1112 CLOUDY (SCALE 8-10) 2
DPTR FM NORMAL M
[CDD (BASE 65) ]
TOTAL THIS MO. 1
DPTR FM NORMAL M [PRESSURE DATA]
TOTAL FM JAN 1 2900 HIGHEST SLP M ON M
DPTR FM NORMAL M LOWEST SLP M ON M
[REMARKS]
#FINAL-12-22#