000
CXUS56 KPQR 011155
CF6SPB
PRELIMINARY LOCAL CLIMATOLOGICAL DATA (WS FORM: F-6)
STATION: SCAPPOOSE OR
MONTH: AUGUST
YEAR: 2022
LATITUDE: 45 46 N
LONGITUDE: 122 50 W
TEMPERATURE IN F: :PCPN: SNOW: WIND :SUNSHINE: SKY :PK WND
================================================================================
1 2 3 4 5 6A 6B 7 8 9 10 11 12 13 14 15 16 17 18
12Z AVG MX 2MIN
DY MAX MIN AVG DEP HDD CDD WTR SNW DPTH SPD SPD DIR MIN PSBL S-S WX SPD DR
================================================================================
1 86 63 75 6 0 10 0.00 M M 4.9 13 360 M M 0 21 360
2 86 61 74 5 0 9 0.00 M M 5.6 12 350 M M 2 15 350
3 83 56 70 1 0 5 0.00 M M 6.2 16 360 M M 0 21 320
4 78 55 67 -2 0 2 0.00 M M 3.6 13 10 M M 6 20 10
5 84 57 71 2 0 6 0.00 M M 8.7 17 10 M M 0 22 350
6 93 55 74 5 0 9 0.00 M M 6.2 14 360 M M 0 17 360
7 101 57 79 10 0 14 0.00 M M 4.3 12 350 M M 0 15 20
8 87 59 73 4 0 8 0.00 M M 5.7 14 10 M M 0 17 10
9 86 60 73 4 0 8 0.01 M M 4.2 13 130 M M 3 15 360
10 77 59 68 -1 0 3 0.01 M M 4.5 10 340 M M 6 18 14 340
11 88 54 71 2 0 6 0.00 M M 4.6 12 10 M M 0 16 320
12 79 54 67 -2 0 2 0.00 M M 3.8 14 350 M M 5 20 360
13 78 54 66 -3 0 1 0.00 M M 3.7 14 330 M M 6 17 10
14 86 52 69 0 0 4 0.00 M M 5.0 14 350 M M 0 18 360
15 90 53 72 4 0 7 0.00 M M 4.8 14 340 M M 0 19 20
16 91 58 75 7 0 10 0.00 M M 8.3 16 340 M M 0 22 330
17 99 71 85 17 0 20 0.00 M M 8.6 17 360 M M 0 22 10
18 88 66 77 9 0 12 0.00 M M 2.8 14 140 M M 0 17 140
19 82 67 75 7 0 10 0.00 M M 5.4 14 10 M M 5 18 340
20 67 66 67 -1 0 2 0.00 M M 3.7 7 360 M M 2 9 330
21 M M M M M M 0.00 M M M M M M M 0 M M
22 89 69 79 11 0 14 0.00 M M 6.2 12 340 M M 1 17 320
23 87 59 73 5 0 8 0.00 M M 8.1 17 360 M M 0 24 330
24 94 64 79 12 0 14 0.00 M M 8.2 14 340 M M 0 21 340
25 94 60 77 10 0 12 0.00 M M 5.4 16 360 M M 1 18 20 360
26 77 57 67 0 0 2 0.00 M M 4.1 16 290 M M 7 25 290
27 76 59 68 1 0 3 0.00 M M 6.1 14 290 M M 5 21 270
28 82 49 66 -1 0 1 0.00 M M 6.3 16 360 M M 1 21 10
29 95 63 79 12 0 14 0.00 M M 6.7 14 350 M M 0 19 360
30 99 57 78 11 0 13 0.00 M M 3.4 10 10 M M 0 8 13 360
31 91 59 75 9 0 10 0.00 M M 4.6 15 10 M M 0 19 10
================================================================================
SM 2593 1773 0 239 0.02 M 163.7 M 50
================================================================================
AV 86.4 59.1 5.5 FASTST M M 2 MAX(MPH)
MISC ----> # 17 10 25 290
================================================================================
NOTES:
# LAST OF SEVERAL OCCURRENCES
COLUMN 17 PEAK WIND IN M.P.H.
PRELIMINARY LOCAL CLIMATOLOGICAL DATA (WS FORM: F-6) , PAGE 2
STATION: SCAPPOOSE OR
MONTH: AUGUST
YEAR: 2022
LATITUDE: 45 46 N
LONGITUDE: 122 50 W
[TEMPERATURE DATA] [PRECIPITATION DATA] SYMBOLS USED IN COLUMN 16
AVERAGE MONTHLY: 72.8 TOTAL FOR MONTH: 0.02 1 = FOG OR MIST
DPTR FM NORMAL: 4.6 DPTR FM NORMAL: -0.50 2 = FOG REDUCING VISIBILITY
HIGHEST: 101 ON 7 GRTST 24HR 0.02 ON 9-10 TO 1/4 MILE OR LESS
LOWEST: 49 ON 28 3 = THUNDER
SNOW, ICE PELLETS, HAIL 4 = ICE PELLETS
TOTAL MONTH: M 5 = HAIL
GRTST 24HR M ON M 6 = FREEZING RAIN OR DRIZZLE
GRTST DEPTH: M ON M 7 = DUSTSTORM OR SANDSTORM:
VSBY 1/2 MILE OR LESS
8 = SMOKE OR HAZE
[NO. OF DAYS WITH] [WEATHER - DAYS WITH] 9 = BLOWING SNOW
X = TORNADO
MAX 32 OR BELOW: 0 0.01 INCH OR MORE: 2
MAX 90 OR ABOVE: 10 0.10 INCH OR MORE: 0
MIN 32 OR BELOW: 0 0.50 INCH OR MORE: 0
MIN 0 OR BELOW: 0 1.00 INCH OR MORE: 0
[HDD (BASE 65) ]
TOTAL THIS MO. 0 CLEAR (SCALE 0-3) 24
DPTR FM NORMAL -25 PTCLDY (SCALE 4-7) 7
TOTAL FM JUL 1 4 CLOUDY (SCALE 8-10) 0
DPTR FM NORMAL -50
[CDD (BASE 65) ]
TOTAL THIS MO. 239
DPTR FM NORMAL 115 [PRESSURE DATA]
TOTAL FM JAN 1 503 HIGHEST SLP 30.20 ON 13
DPTR FM NORMAL 216 LOWEST SLP 29.78 ON 24
[REMARKS]
#FINAL-08-22#