000
CXUS54 KOUN 011152
CF6SPS
PRELIMINARY LOCAL CLIMATOLOGICAL DATA (WS FORM: F-6)
STATION: WICHITA FALLS
MONTH: JULY
YEAR: 2021
LATITUDE: 33 58 N
LONGITUDE: 98 29 W
TEMPERATURE IN F: :PCPN: SNOW: WIND :SUNSHINE: SKY :PK WND
================================================================================
1 2 3 4 5 6A 6B 7 8 9 10 11 12 13 14 15 16 17 18
12Z AVG MX 2MIN
DY MAX MIN AVG DEP HDD CDD WTR SNW DPTH SPD SPD DIR MIN PSBL S-S WX SPD DR
================================================================================
1 95 72 84 1 0 19 0.50 0.0 0 9.2 39 10 M M 2 13 44 10
2 87 71 79 -4 0 14 0.21 0.0 0 7.9 16 30 M M 6 13 18 90
3 85 71 78 -5 0 13 T 0.0 0 9.4 21 110 M M 5 1 24 110
4 88 68 78 -5 0 13 0.00 0.0 0 6.7 16 120 M M 2 1 20 120
5 89 69 79 -5 0 14 0.00 0.0 0 8.9 20 120 M M 4 1 23 90
6 90 69 80 -4 0 15 0.01 0.0 0 5.5 20 100 M M 5 1 23 90
7 92 71 82 -2 0 17 T 0.0 0 2.7 12 350 M M 4 1 14 340
8 94 71 83 -1 0 18 0.00 0.0 0 6.4 15 160 M M 3 17 160
9 91 70 81 -3 0 16 0.00 0.0 0 12.2 20 160 M M 2 24 160
10 92 72 82 -2 0 17 0.00 0.0 0 13.6 31 40 M M 2 43 30
11 91 68 80 -4 0 15 0.51 0.0 0 8.8 35 360 M M 2 13 39 10
12 89 66 78 -6 0 13 0.00 0.0 0 5.4 13 120 M M 2 16 130
13 93 68 81 -4 0 16 0.00 0.0 0 10.4 20 160 M M 2 22 150
14 92 69 81 -4 0 16 0.00 0.0 0 15.9 26 190 M M 2 35 170
15 92 73 83 -2 0 18 0.00 0.0 0 15.4 24 170 M M 4 29 170
16 91 74 83 -2 0 18 T 0.0 0 9.6 17 200 M M 4 13 22 210
17 94 72 83 -2 0 18 0.89 0.0 0 9.1 28 20 M M 2 13 34 30
18 94 71 83 -2 0 18 0.04 0.0 0 5.6 23 200 M M 1 13 28 200
19 90 71 81 -4 0 16 0.14 0.0 0 7.1 15 40 M M 5 1 21 20
20 89 67 78 -7 0 13 0.00 0.0 0 8.9 17 30 M M 3 22 20
21 89 66 78 -7 0 13 0.00 0.0 0 5.1 10 40 M M 2 1 12 130
22 91 67 79 -6 0 14 0.00 0.0 0 6.9 16 140 M M 2 1 21 130
23 94 71 83 -3 0 18 0.00 0.0 0 10.9 20 190 M M 2 24 190
24 97 73 85 -1 0 20 0.00 0.0 0 11.4 21 200 M M 0 25 210
25 99 72 86 0 0 21 0.00 0.0 M 9.6 37 10 M M 0 45 10
26 99 71 85 -1 0 20 0.00 0.0 0 6.2 23 360 M M 2 30 10
27 98 75 87 1 0 22 0.00 0.0 0 6.3 14 350 M M 4 18 350
28 98 75 87 1 0 22 0.00 0.0 0 7.7 15 150 M M 2 23 190
29 98 73 86 0 0 21 0.00 0.0 0 5.8 14 80 M M 2 18 150
30 99 74 87 1 0 22 0.00 0.0 0 5.9 15 110 M M 1 18 110
31 100 74 87 1 0 22 0.00 0.0 0 8.8 15 140 M M 1 20 110
================================================================================
SM 2880 2194 0 532 2.30 0.0 263.3 M 80
================================================================================
AV 92.9 70.8 8.5 FASTST M M 3 MAX(MPH)
MISC ----> 39 10 45 10
================================================================================
NOTES:
# LAST OF SEVERAL OCCURRENCES
COLUMN 17 PEAK WIND IN M.P.H.
PRELIMINARY LOCAL CLIMATOLOGICAL DATA (WS FORM: F-6) , PAGE 2
STATION: WICHITA FALLS
MONTH: JULY
YEAR: 2021
LATITUDE: 33 58 N
LONGITUDE: 98 29 W
[TEMPERATURE DATA] [PRECIPITATION DATA] SYMBOLS USED IN COLUMN 16
AVERAGE MONTHLY: 81.8 TOTAL FOR MONTH: 2.30 1 = FOG OR MIST
DPTR FM NORMAL: -2.9 DPTR FM NORMAL: 0.28 2 = FOG REDUCING VISIBILITY
HIGHEST: 100 ON 31 GRTST 24HR 0.89 ON 17-17 TO 1/4 MILE OR LESS
LOWEST: 66 ON 21,12 3 = THUNDER
SNOW, ICE PELLETS, HAIL 4 = ICE PELLETS
TOTAL MONTH: 0.0 INCH 5 = HAIL
GRTST 24HR 0.0 6 = FREEZING RAIN OR DRIZZLE
GRTST DEPTH: 0 7 = DUSTSTORM OR SANDSTORM:
VSBY 1/2 MILE OR LESS
8 = SMOKE OR HAZE
[NO. OF DAYS WITH] [WEATHER - DAYS WITH] 9 = BLOWING SNOW
X = TORNADO
MAX 32 OR BELOW: 0 0.01 INCH OR MORE: 7
MAX 90 OR ABOVE: 24 0.10 INCH OR MORE: 5
MIN 32 OR BELOW: 0 0.50 INCH OR MORE: 3
MIN 0 OR BELOW: 0 1.00 INCH OR MORE: 0
[HDD (BASE 65) ]
TOTAL THIS MO. 0 CLEAR (SCALE 0-3) 21
DPTR FM NORMAL 0 PTCLDY (SCALE 4-7) 10
TOTAL FM JUL 1 0 CLOUDY (SCALE 8-10) 0
DPTR FM NORMAL 0
[CDD (BASE 65) ]
TOTAL THIS MO. 532
DPTR FM NORMAL -79 [PRESSURE DATA]
TOTAL FM JAN 1 1183 HIGHEST SLP 30.11 ON 22
DPTR FM NORMAL -215 LOWEST SLP 29.81 ON 25
[REMARKS]
#FINAL-07-21#