000
CXUS53 KEAX 010736
CF6STJ
PRELIMINARY LOCAL CLIMATOLOGICAL DATA (WS FORM: F-6)
STATION: ST. JOSEPH MO
MONTH: MARCH
YEAR: 2022
LATITUDE: 39 46 N
LONGITUDE: 94 55 W
TEMPERATURE IN F: :PCPN: SNOW: WIND :SUNSHINE: SKY :PK WND
================================================================================
1 2 3 4 5 6A 6B 7 8 9 10 11 12 13 14 15 16 17 18
12Z AVG MX 2MIN
DY MAX MIN AVG DEP HDD CDD WTR SNW DPTH SPD SPD DIR MIN PSBL S-S WX SPD DR
================================================================================
1 74 20 47 10 18 0 0.00 M M 4.5 18 330 M M 0 24 320
2 80 27 54 16 11 0 0.00 M M 5.4 21 320 M M 0 8 27 30
3 54 32 43 5 22 0 0.00 M M 12.4 21 70 M M 0 1 28 60
4 69 32 51 13 14 0 0.00 M M 12.3 26 180 M M 1 33 180
5 74 31 53 14 12 0 0.09 M M 17.5 36 220 M M 6 3 50 220
6 37 21 29 -10 36 0 0.31 M M 12.2 24 20 M M 5 16 32 20
7 28 10 19 -21 46 0 0.01 M M 10.0 26 330 M M 6 12 34 320
8 39 8 24 -16 41 0 0.00 M M 5.3 17 330 M M 6 12 24 330
9 36 22 29 -11 36 0 T M M 11.6 20 360 M M 2 1 24 20
10 24 13 19 -22 46 0 0.03 M M 11.0 18 30 M M 9 1 24 30
11 29 8 19 -22 46 0 0.00 M M 10.3 25 340 M M 1 30 340
12 34 2 18 -24 47 0 0.00 M M 8.7 20 200 M M 2 23 180
13 61 30 46 4 19 0 0.00 M M 11.3 21 190 M M 1 28 180
14 59 39 49 6 16 0 0.00 M M 9.6 20 190 M M 5 25 190
15 61 28 45 2 20 0 0.00 M M 4.1 10 360 M M 1 14 340
16 73 27 50 7 15 0 0.00 M M 7.1 23 200 M M 1 12 29 210
17 68 40 54 10 11 0 0.00 M M 13.1 32 30 M M 2 40 10
18 44 34 39 -5 26 0 0.50 M M 19.5 33 20 M M 9 1 44 30
19 61 27 44 -1 21 0 0.00 M M 3.9 13 300 M M 0 20 290
20 75 30 53 8 12 0 0.00 M M 11.6 29 180 M M 0 37 180
21 67 48 58 13 7 0 0.52 M M 12.5 29 180 M M 5 1 37 190
22 50 37 44 -2 21 0 0.43 M M 15.0 30 350 M M 10 1 39 340
23 39 35 37 -9 28 0 0.03 M M 20.3 31 340 M M 10 42 340
24 40 30 35 -12 30 0 T M M 9.1 16 320 M M 9 21 340
25 55 28 42 -5 23 0 0.00 M M 13.0 30 320 M M 1 41 320
26 50 27 39 -8 26 0 0.00 M M 9.3 21 340 M M 0 35 350
27 47 28 38 -10 27 0 0.00 M M 7.5 15 30 M M 4 19 50
28 54 32 43 -5 22 0 0.00 M M 12.5 23 110 M M 2 33 110
29 71 40 56 8 9 0 1.13 M M 16.1 28 150 M M 3 13 37 150
30 57 34 46 -3 19 0 T M M 18.2 30 320 M M 9 39 320
31 38 24 31 -18 34 0 0.00 M M 11.5 24 300 M M 7 1 32 300
================================================================================
SM 1648 844 761 0 3.05 M 346.4 M 117
================================================================================
AV 53.2 27.2 11.2 FASTST M M 4 MAX(MPH)
MISC ----> 36 220 50 220
================================================================================
NOTES:
# LAST OF SEVERAL OCCURRENCES
COLUMN 17 PEAK WIND IN M.P.H.
PRELIMINARY LOCAL CLIMATOLOGICAL DATA (WS FORM: F-6) , PAGE 2
STATION: ST. JOSEPH MO
MONTH: MARCH
YEAR: 2022
LATITUDE: 39 46 N
LONGITUDE: 94 55 W
[TEMPERATURE DATA] [PRECIPITATION DATA] SYMBOLS USED IN COLUMN 16
AVERAGE MONTHLY: 40.2 TOTAL FOR MONTH: 3.05 1 = FOG OR MIST
DPTR FM NORMAL: -3.1 DPTR FM NORMAL: 0.99 2 = FOG REDUCING VISIBILITY
HIGHEST: 80 ON 2 GRTST 24HR 1.13 ON 29-29 TO 1/4 MILE OR LESS
LOWEST: 2 ON 12 3 = THUNDER
SNOW, ICE PELLETS, HAIL 4 = ICE PELLETS
TOTAL MONTH: M 5 = HAIL
GRTST 24HR M ON M 6 = FREEZING RAIN OR DRIZZLE
GRTST DEPTH: M ON M 7 = DUSTSTORM OR SANDSTORM:
VSBY 1/2 MILE OR LESS
8 = SMOKE OR HAZE
[NO. OF DAYS WITH] [WEATHER - DAYS WITH] 9 = BLOWING SNOW
X = TORNADO
MAX 32 OR BELOW: 3 0.01 INCH OR MORE: 9
MAX 90 OR ABOVE: 0 0.10 INCH OR MORE: 5
MIN 32 OR BELOW: 23 0.50 INCH OR MORE: 3
MIN 0 OR BELOW: 0 1.00 INCH OR MORE: 1
[HDD (BASE 65) ]
TOTAL THIS MO. 761 CLEAR (SCALE 0-3) 17
DPTR FM NORMAL 85 PTCLDY (SCALE 4-7) 8
TOTAL FM JUL 1 4618 CLOUDY (SCALE 8-10) 6
DPTR FM NORMAL -295
[CDD (BASE 65) ]
TOTAL THIS MO. 0
DPTR FM NORMAL -3 [PRESSURE DATA]
TOTAL FM JAN 1 0 HIGHEST SLP M ON M
DPTR FM NORMAL -3 LOWEST SLP 29.29 ON 29
[REMARKS]
#FINAL-03-22#