000
CXUS55 KEAX 010736
CF6STJ
PRELIMINARY LOCAL CLIMATOLOGICAL DATA (WS FORM: F-6)
STATION: ST. JOSEPH MO
MONTH: MARCH
YEAR: 2020
LATITUDE: 39 46 N
LONGITUDE: 94 55 W
TEMPERATURE IN F: :PCPN: SNOW: WIND :SUNSHINE: SKY :PK WND
================================================================================
1 2 3 4 5 6A 6B 7 8 9 10 11 12 13 14 15 16 17 18
12Z AVG MX 2MIN
DY MAX MIN AVG DEP HDD CDD WTR SNW DPTH SPD SPD DIR MIN PSBL S-S WX SPD DR
================================================================================
1 68 40 54 18 11 0 0.00 M M 11.2 22 220 M M 0 29 200
2 51 27 39 2 26 0 0.00 M M 5.7 15 350 M M 2 8 21 360
3 61 32 47 10 18 0 0.00 M M 9.1 21 260 M M 1 27 250
4 62 32 47 9 18 0 0.00 M M 9.3 26 270 M M 0 36 270
5 59 36 48 10 17 0 0.00 M M 18.5 38 320 M M 1 51 290
6 55 22 39 0 26 0 0.00 M M 7.4 15 330 M M 0 26 330
7 70 34 52 13 13 0 0.00 M M 16.1 29 180 M M 0 41 190
8 72 49 61 21 4 0 T M M 21.4 35 190 M M 1 47 210
9 58 35 47 7 18 0 1.54 M M 13.1 26 180 M M 10 1 36 180
10 51 29 40 0 25 0 0.00 M M 4.0 14 320 M M 3 1 20 310
11 66 33 50 9 15 0 0.00 M M 4.3 13 210 M M 2 128 17 210
12 62 38 50 9 15 0 0.08 M M 12.6 30 340 M M 4 13 38 320
13 46 31 39 -3 26 0 0.01 M M 5.8 20 80 M M 7 28 60
14 40 35 38 -4 27 0 0.15 M M 12.7 21 80 M M 10 1 28 80
15 38 33 36 -7 29 0 0.00 M M 8.4 15 80 M M 10 22 70
16 43 35 39 -4 26 0 0.23 M M 3.6 9 130 M M 10 18 12 80
17 48 39 44 0 21 0 0.00 M M 7.5 16 130 M M 10 18 21 130
18 58 45 52 8 13 0 0.53 M M 4.6 12 100 M M 10 1 14 110
19 76 45 61 17 4 0 0.22 M M 12.8 29 330 M M 6 1 39 320
20 45 27 36 -9 29 0 T M M 18.4 33 350 M M 4 18 43 350
21 48 20 34 -11 31 0 0.00 M M 6.3 16 150 M M 0 24 130
22 42 36 39 -7 26 0 0.30 M M 7.5 13 110 M M 9 1 18 110
23 51 40 46 0 19 0 0.00 M M 5.0 12 170 M M 10 1 15 180
24 58 43 51 5 14 0 0.00 M M 8.3 15 140 M M 9 128 20 110
25 69 46 58 11 7 0 0.00 M M 10.3 21 160 M M 6 1 29 160
26 57 49 53 6 12 0 0.00 M M 9.2 16 40 M M 5 8 22 70
27 54 51 53 5 12 0 T M M 6.8 15 70 M M 10 18 19 80
28 75 45 60 12 5 0 T M M 19.1 39 220 M M 7 18 53 220
29 68 39 54 6 11 0 0.00 M M 13.2 28 320 M M 2 37 320
30 71 31 51 2 14 0 0.00 M M 5.9 14 130 M M 0 20 80
31 71 38 55 6 10 0 0.00 M M 2.7 9 270 M M 2 14 250
================================================================================
SM 1793 1135 542 0 3.06 M 300.8 M 151
================================================================================
AV 57.8 36.6 9.7 FASTST M M 5 MAX(MPH)
MISC ----> 39 220 53 220
================================================================================
NOTES:
# LAST OF SEVERAL OCCURRENCES
COLUMN 17 PEAK WIND IN M.P.H.
PRELIMINARY LOCAL CLIMATOLOGICAL DATA (WS FORM: F-6) , PAGE 2
STATION: ST. JOSEPH MO
MONTH: MARCH
YEAR: 2020
LATITUDE: 39 46 N
LONGITUDE: 94 55 W
[TEMPERATURE DATA] [PRECIPITATION DATA] SYMBOLS USED IN COLUMN 16
AVERAGE MONTHLY: 47.2 TOTAL FOR MONTH: 3.06 1 = FOG OR MIST
DPTR FM NORMAL: 4.3 DPTR FM NORMAL: 0.81 2 = FOG REDUCING VISIBILITY
HIGHEST: 76 ON 19 GRTST 24HR 1.54 ON 8- 9 TO 1/4 MILE OR LESS
LOWEST: 20 ON 21 3 = THUNDER
SNOW, ICE PELLETS, HAIL 4 = ICE PELLETS
TOTAL MONTH: M 5 = HAIL
GRTST 24HR M ON M 6 = FREEZING RAIN OR DRIZZLE
GRTST DEPTH: M ON M 7 = DUSTSTORM OR SANDSTORM:
VSBY 1/2 MILE OR LESS
8 = SMOKE OR HAZE
[NO. OF DAYS WITH] [WEATHER - DAYS WITH] 9 = BLOWING SNOW
X = TORNADO
MAX 32 OR BELOW: 0 0.01 INCH OR MORE: 8
MAX 90 OR ABOVE: 0 0.10 INCH OR MORE: 6
MIN 32 OR BELOW: 9 0.50 INCH OR MORE: 2
MIN 0 OR BELOW: 0 1.00 INCH OR MORE: 1
[HDD (BASE 65) ]
TOTAL THIS MO. 542 CLEAR (SCALE 0-3) 14
DPTR FM NORMAL -143 PTCLDY (SCALE 4-7) 7
TOTAL FM JUL 1 4517 CLOUDY (SCALE 8-10) 10
DPTR FM NORMAL -475
[CDD (BASE 65) ]
TOTAL THIS MO. 0
DPTR FM NORMAL -2 [PRESSURE DATA]
TOTAL FM JAN 1 0 HIGHEST SLP M ON M
DPTR FM NORMAL -2 LOWEST SLP 29.37 ON 28
[REMARKS]
#FINAL-03-20#