000
CXUS53 KEAX 011559 RRA
CLSSTJ
STLCLSWS2 000
TTAA00 EAX 011557
CLIMATE REPORT
NATIONAL WEATHER SERVICE KANSAS CITY/PLEASANT HILL MO
1045 AM CDT THU SEP 01 2022
...................................
...THE ST. JOSEPH MO CLIMATE SUMMARY FOR THE SEASON, FROM
6/1/2022 TO 8/31/2022...
CLIMATE NORMAL PERIOD: 1991 TO 2020
CLIMATE RECORD PERIOD: 1892 TO 2022
WEATHER OBSERVED NORMAL DEPART LAST YEAR`S
VALUE DATE(S) VALUE FROM VALUE DATE(S)
NORMAL
................................................................
TEMPERATURE (F)
RECORD
HIGH 110 08/13/1936
08/10/1934
LOW 41 08/28/1986
06/01/1982
07/05/1972
HIGHEST 98 06/13 98 0 99 06/17
LOWEST 47 06/02 50 -3 51 06/03
AVG. MAXIMUM 85.2 86.3 -1.1 87.2
AVG. MINIMUM 63.3 65.2 -1.9 65.9
MEAN 74.3 75.8 -1.5 76.5
DAYS MAX >= 90 22 32.1 -10.1 26
DAYS MAX <= 32 0 0.0 0.0 0
DAYS MIN <= 32 0 0.0 0.0 0
DAYS MIN <= 0 0 0.0 0.0 0
PRECIPITATION (INCHES)
RECORD
MAXIMUM 28.88 1951
MINIMUM 3.94 1901
TOTALS 11.50 13.32 -1.82 14.89
DAILY AVG. 0.12 0.14 -0.02 0.16
DAYS >= .01 28 30.5 -2.5 23
DAYS >= .10 19 17.8 1.2 15
DAYS >= .50 4 8.7 -4.7 8
DAYS >= 1.00 1 3.9 -2.9 7
GREATEST
24 HR. TOTAL 5.09
DEGREE DAYS
HEATING TOTAL 7 11 -4 1
COOLING TOTAL 887 1002 -115 1010
................................................................
WIND (MPH)
AVERAGE WIND SPEED 6.6
HIGHEST WIND SPEED/DIRECTION 40/330 DATE 06/16
40/MM 06/21
HIGHEST GUST SPEED/DIRECTION 59/310 DATE 07/07
SKY COVER
POSSIBLE SUNSHINE (PERCENT) MM
AVERAGE SKY COVER 0.19
NUMBER OF DAYS FAIR 74
NUMBER OF DAYS PC 16
NUMBER OF DAYS CLOUDY 2
AVERAGE RH (PERCENT) 78
WEATHER CONDITIONS. NUMBER OF DAYS WITH
THUNDERSTORM 24 MIXED PRECIP 0
HEAVY RAIN 16 RAIN 14
LIGHT RAIN 34 FREEZING RAIN 0
LT FREEZING RAIN 0 HAIL 0
HEAVY SNOW 0 SNOW 0
LIGHT SNOW 0 SLEET 0
FOG 51 FOG W/VIS <= 1/4 MILE 12
HAZE 2
- INDICATES NEGATIVE NUMBERS.
R INDICATES RECORD WAS SET OR TIED.
MM INDICATES DATA IS MISSING.
T INDICATES TRACE AMOUNT.
$$