000
CXUS53 KFSD 030354 CCA
CF6SUX
PRELIMINARY LOCAL CLIMATOLOGICAL DATA (WS FORM: F-6)
STATION: SIOUX CITY IA
MONTH: FEBRUARY
YEAR: 2022
LATITUDE: 42 24 N
LONGITUDE: 96 23 W
TEMPERATURE IN F: :PCPN: SNOW: WIND :SUNSHINE: SKY :PK WND
================================================================================
1 2 3 4 5 6A 6B 7 8 9 10 11 12 13 14 15 16 17 18
12Z AVG MX 2MIN
DY MAX MIN AVG DEP HDD CDD WTR SNW DPTH SPD SPD DIR MIN PSBL S-S WX SPD DR
================================================================================
1 40 16 28 7 37 0 0.00 0.0 0 20.2 32 320 M M 1 43 320
2 16 4 10 -11 55 0 0.00 0.0 0 15.5 24 360 M M 1 31 350
3 17 -3 7 -14 58 0 0.00 0.0 0 6.7 16 10 M M 1 20 20
4 22 0 11 -11 54 0 0.00 0.0 0 12.6 31 320 M M 1 41 330
5 55 2 29 7 36 0 0.00 0.0 0 10.1 21 200 M M 2 30 180
6 39 16 28 6 37 0 0.00 0.0 0 11.9 32 320 M M 3 42 320
7 60 22 41 19 24 0 0.00 0.0 0 7.3 20 310 M M 5 29 330
8 61 22 42 20 23 0 0.00 0.0 0 11.1 31 320 M M 1 42 310
9 50 25 38 15 27 0 0.00 0.0 0 14.9 35 330 M M 4 43 310
10 56 11 34 11 31 0 0.04 0.0 0 10.5 28 220 M M 4 39 210
11 47 9 28 5 37 0 0.00 0.0 0 24.3 41 320 M M 5 54 340
12 29 -2 14 -9 51 0 0.00 0.0 0 7.2 24 330 M M 6 30 320
13 27 10 19 -5 46 0 0.00 0.0 0 9.3 21 360 M M 5 8 26 360
14 35 9 22 -2 43 0 0.00 0.0 0 8.2 25 330 M M 0 31 330
15 54 16 35 11 30 0 0.00 0.0 0 11.3 24 140 M M 0 33 150
16 37 24 31 6 34 0 0.00 0.0 0 17.7 28 360 M M 3 35 350
17 25 9 17 -8 48 0 0.00 0.0 0 12.1 29 350 M M 2 35 360
18 60 13 37 12 28 0 0.00 0.0 0 17.7 37 330 M M 2 50 340
19 39 0 20 -6 45 0 0.00 0.0 0 12.9 29 190 M M 1 38 190
20 66 28 47 21 18 0 0.00 0.0 0 8.8 21 40 M M 0 28 50
21 39 18 29 3 36 0 T T 0 16.3 29 360 M M 8 16 41 360
22 18 -2 8 -19 57 0 0.04 0.7 1 25.3 33 320 M M 10 69 44 330
23 9 -4 3 -24 62 0 0.00 0.0 1 12.3 28 330 M M 6 34 320
24 14 0 7 -21 58 0 0.02 0.1 1 9.5 17 350 M M 6 23 350
25 23 -9 7 -21 58 0 0.00 0.0 1 6.4 13 310 M M 0 1 17 200
26 51 3 27 -1 38 0 0.00 0.0 1 10.1 25 230 M M 0 35 230
27 58 9 34 5 31 0 0.00 0.0 0 5.1 18 220 M M 0 23 220
28 69 19 44 15 21 0 0.00 0.0 0 5.1 22 290 M M 0 30 300
================================================================================
SM 1116 265 1123 0 0.10 0.8 340.4 M 77
================================================================================
AV 39.9 9.5 12.2 FASTST M M 3 MAX(MPH)
MISC ----> 41 320 54 340
================================================================================
NOTES:
# LAST OF SEVERAL OCCURRENCES
-COLUMN 17 PEAK WIND IN M.P.H.
-PRECIPIATION AMOUNTS IN COLUMNS 7,8, AND 9 ARE THE OFFICIAL PRECIPITATION
AMOUNTS FOR SIOUX CITY, IA.
-SNOW DEPTHS IN COLUMN 9 IS RECORDED AT 6 AM CST (12Z).
PRELIMINARY LOCAL CLIMATOLOGICAL DATA (WS FORM: F-6) , PAGE 2
STATION: SIOUX CITY IA
MONTH: FEBRUARY
YEAR: 2022
LATITUDE: 42 24 N
LONGITUDE: 96 23 W
[TEMPERATURE DATA] [PRECIPITATION DATA] SYMBOLS USED IN COLUMN 16
AVERAGE MONTHLY: 24.7 TOTAL FOR MONTH: 0.10 1 = FOG OR MIST
DPTR FM NORMAL: 0.2 DPTR FM NORMAL: -0.76 2 = FOG REDUCING VISIBILITY
HIGHEST: 69 ON 28 GRTST 24HR 0.04 ON 10,22 TO 1/4 MILE OR LESS
LOWEST: -9 ON 25 3 = THUNDER
SNOW, ICE PELLETS, HAIL 4 = ICE PELLETS
TOTAL MONTH: 0.8 INCH 5 = HAIL
GRTST 24HR 0.7 ON 22 6 = FREEZING RAIN OR DRIZZLE
GRTST DEPTH: 1 ON 26,25 7 = DUSTSTORM OR SANDSTORM:
VSBY 1/2 MILE OR LESS
8 = SMOKE OR HAZE
[NO. OF DAYS WITH] [WEATHER - DAYS WITH] 9 = BLOWING SNOW
X = TORNADO
MAX 32 OR BELOW: 10 0.01 INCH OR MORE: 3
MAX 90 OR ABOVE: 0 0.10 INCH OR MORE: 0
MIN 32 OR BELOW: 28 0.50 INCH OR MORE: 0
MIN 0 OR BELOW: 8 1.00 INCH OR MORE: 0
[HDD (BASE 65) ]
TOTAL THIS MO. 1123 CLEAR (SCALE 0-3) 18
DPTR FM NORMAL -11 PTCLDY (SCALE 4-7) 9
TOTAL FM JUL 1 4616 CLOUDY (SCALE 8-10) 1
DPTR FM NORMAL -655
[CDD (BASE 65) ]
TOTAL THIS MO. 0
DPTR FM NORMAL 0 [PRESSURE DATA]
TOTAL FM JAN 1 0 HIGHEST SLP 30.79 ON 23
DPTR FM NORMAL 0 LOWEST SLP 29.55 ON 11
[REMARKS]
RECORD DAILY MAXIMUM TEMPERATURE WAS ESTABLISHED ON THE 22ND WITH A HIGH
OF 66 DEGREES. THE PREVIOUS RECORD WAS 65 DEGREES IN 1981.
RECORD DAILY LOW TEMPERATURE WAS ESTABLISHED ON THE 25TH WITH A LOW OF
-9 DEGREES. THE PREVIOUS RECORD WAS -7 DEGREES IN 1960.
#FINAL-02-22#