000
CXUS54 KOUN 010810
CF6SWO
PRELIMINARY LOCAL CLIMATOLOGICAL DATA (WS FORM: F-6)
STATION: STILLWATER
MONTH: OCTOBER
YEAR: 2021
LATITUDE: 36 10 N
LONGITUDE: 97 5 W
TEMPERATURE IN F: :PCPN: SNOW: WIND :SUNSHINE: SKY :PK WND
================================================================================
1 2 3 4 5 6A 6B 7 8 9 10 11 12 13 14 15 16 17 18
12Z AVG MX 2MIN
DY MAX MIN AVG DEP HDD CDD WTR SNW DPTH SPD SPD DIR MIN PSBL S-S WX SPD DR
================================================================================
1 80 60 70 2 0 5 0.00 M M 2.4 9 360 M M 3 1 10 160
2 82 63 73 5 0 8 0.29 M M 4.6 13 10 M M 5 13 16 360
3 85 55 70 2 0 5 0.00 M M 5.9 17 330 M M 0 1 23 320
4 88 51 70 3 0 5 0.00 M M 3.5 10 70 M M 0 14 70
5 86 49 68 1 0 3 0.00 M M 3.8 14 20 M M 0 17 30
6 84 56 70 4 0 5 0.00 M M 4.1 12 20 M M 1 14 20
7 91 53 72 6 0 7 0.00 M M 7.9 18 160 M M 0 1 26 150
8 98 63 81 15 0 16 0.00 M M 10.5 22 200 M M 0 28 190
9 96 72 84 19 0 19 0.00 M M 13.6 28 180 M M 0 33 180
10 84 59 72 7 0 7 1.46 M M 14.9 36 330 M M 6 13 52 330
11 80 53 67 3 0 2 0.49 M M 7.2 30 360 M M 2 13 43 330
12 79 52 66 2 0 1 0.00 M M 13.8 29 170 M M 5 3 39 160
13 79 63 71 7 0 6 0.81 M M 10.4 31 170 M M 3 13 41 170
14 72 53 63 0 2 0 0.02 0.0 M 4.7 12 180 M M 5 13 15 180
15 71 45 58 -5 7 0 0.24 M M 10.8 22 360 M M 4 13 30 360
16 74 39 57 -5 8 0 0.00 M M 4.2 13 290 M M 0 21 320
17 82 46 64 2 1 0 0.00 M M 6.6 16 210 M M 0 22 180
18 77 45 61 -1 4 0 0.00 0.0 M 10.6 22 170 M M 0 28 180
19 82 58 70 9 0 5 0.00 0.0 M 15.0 24 170 M M 0 32 170
20 76 48 62 1 3 0 0.00 0.0 M 7.7 17 170 M M 0 27 190
21 73 41 57 -3 8 0 0.00 M M 2.8 9 340 M M 0 8 13 10
22 78 45 62 2 3 0 0.00 M M 7.6 20 190 M M 2 24 190
23 89 62 76 16 0 11 0.00 M M 14.4 24 170 M M 0 32 180
24 80 51 66 7 0 1 T M M 11.8 26 220 M M 2 3 35 200
25 69 46 58 -1 7 0 0.00 M M 7.3 14 30 M M 0 17 20
26 79 51 65 7 0 0 0.00 M M 17.9 31 160 M M 6 39 140
27 72 52 62 4 3 0 0.53 M M 13.2 26 330 M M 10 13 40 320
28 67 52 60 2 5 0 0.09 M M 19.7 35 330 M M 3 1 52 330
29 68 41 55 -2 10 0 0.00 M M 13.8 28 360 M M 0 36 310
30 75 34 55 -2 10 0 0.00 M M 3.4 10 190 M M 0 13 300
31 68 42 55 -1 10 0 0.00 M M 10.5 18 50 M M 1 22 60
================================================================================
SM 2464 1600 81 106 3.93 0.0 284.6 M 58
================================================================================
AV 79.5 51.6 9.2 FASTST M M 2 MAX(MPH)
MISC ----> 36 330 # 52 330
================================================================================
NOTES:
# LAST OF SEVERAL OCCURRENCES
COLUMN 17 PEAK WIND IN M.P.H.
PRELIMINARY LOCAL CLIMATOLOGICAL DATA (WS FORM: F-6) , PAGE 2
STATION: STILLWATER
MONTH: OCTOBER
YEAR: 2021
LATITUDE: 36 10 N
LONGITUDE: 97 5 W
[TEMPERATURE DATA] [PRECIPITATION DATA] SYMBOLS USED IN COLUMN 16
AVERAGE MONTHLY: 65.5 TOTAL FOR MONTH: 3.93 1 = FOG OR MIST
DPTR FM NORMAL: 3.2 DPTR FM NORMAL: 0.99 2 = FOG REDUCING VISIBILITY
HIGHEST: 98 ON 8 GRTST 24HR 1.95 ON 10-11 TO 1/4 MILE OR LESS
LOWEST: 34 ON 30 3 = THUNDER
SNOW, ICE PELLETS, HAIL 4 = ICE PELLETS
TOTAL MONTH: 0.0 INCH 5 = HAIL
GRTST 24HR 0.0 6 = FREEZING RAIN OR DRIZZLE
GRTST DEPTH: M ON M 7 = DUSTSTORM OR SANDSTORM:
VSBY 1/2 MILE OR LESS
8 = SMOKE OR HAZE
[NO. OF DAYS WITH] [WEATHER - DAYS WITH] 9 = BLOWING SNOW
X = TORNADO
MAX 32 OR BELOW: 0 0.01 INCH OR MORE: 8
MAX 90 OR ABOVE: 3 0.10 INCH OR MORE: 6
MIN 32 OR BELOW: 0 0.50 INCH OR MORE: 3
MIN 0 OR BELOW: 0 1.00 INCH OR MORE: 1
[HDD (BASE 65) ]
TOTAL THIS MO. 81 CLEAR (SCALE 0-3) 22
DPTR FM NORMAL -82 PTCLDY (SCALE 4-7) 8
TOTAL FM JUL 1 81 CLOUDY (SCALE 8-10) 1
DPTR FM NORMAL -97
[CDD (BASE 65) ]
TOTAL THIS MO. 106
DPTR FM NORMAL 25 [PRESSURE DATA]
TOTAL FM JAN 1 2237 HIGHEST SLP M ON M
DPTR FM NORMAL 52 LOWEST SLP 29.44 ON 27
[REMARKS]
#FINAL-10-21#