000
CXUS54 KBMX 011110
CF6TCL
PRELIMINARY LOCAL CLIMATOLOGICAL DATA (WS FORM: F-6)
STATION: TUSCALOOSA
MONTH: FEBRUARY
YEAR: 2024
LATITUDE: 33 13 N
LONGITUDE: 87 37 W
TEMPERATURE IN F: :PCPN: SNOW: WIND :SUNSHINE: SKY :PK WND
================================================================================
1 2 3 4 5 6A 6B 7 8 9 10 11 12 13 14 15 16 17 18
12Z AVG MX 2MIN
DY MAX MIN AVG DEP HDD CDD WTR SNW DPTH SPD SPD DIR MIN PSBL S-S WX SPD DR
================================================================================
1 63 30 47 0 18 0 0.00 0.0 0 1.9 7 190 M M 0 1 10 160
2 73 35 54 7 11 0 0.00 0.0 0 1.1 8 20 M M 0 1 10 30
3 70 39 55 8 10 0 0.00 0.0 0 5.5 15 100 M M 1 25 110
4 60 42 51 4 14 0 2.16 0.0 0 9.6 17 90 M M 10 1 29 90
5 64 44 54 7 11 0 0.05 0.0 0 8.2 18 40 M M 6 1 26 40
6 70 35 53 5 12 0 0.00 0.0 0 4.1 15 330 M M 0 22 330
7 68 33 51 3 14 0 0.00 0.0 0 2.9 15 150 M M 0 8 20 150
8 64 39 52 4 13 0 0.00 0.0 0 5.9 15 120 M M 1 22 130
9 70 57 64 16 1 0 T 0.0 0 6.0 16 170 M M 8 1 24 170
10 70 63 67 19 0 2 T 0.0 0 8.2 17 180 M M 9 24 180
11 68 56 62 13 3 0 1.75 0.0 0 5.7 14 190 M M 10 123 27 320
12 62 45 54 5 11 0 1.01 0.0 0 8.5 24 260 M M 10 13 37 270
13 58 36 47 -2 18 0 0.00 0.0 0 4.6 17 330 M M 4 29 290
14 66 32 49 0 16 0 0.00 0.0 M 2.0 11 70 M M M M M
15 70 34 52 2 13 0 0.00 M M 2.0 13 230 M M 0 1 19 220
16 69 44 57 7 8 0 0.00 0.0 0 4.6 15 170 M M 1 18 21 200
17 59 36 48 -2 17 0 0.02 0.0 0 13.2 22 360 M M 5 1 30 10
18 54 29 42 -8 23 0 0.00 0.0 0 5.2 14 350 M M 0 17 330
19 61 25 43 -8 22 0 0.00 0.0 0 0.9 8 230 M M 0 14 130
20 67 29 48 -3 17 0 0.00 0.0 0 1.2 8 170 M M 0 12 170
21 72 35 54 3 11 0 0.00 0.0 0 6.3 15 200 M M 0 18 22 200
22 75 51 63 12 2 0 0.02 0.0 0 10.7 24 220 M M 5 35 210
23 72 45 59 7 6 0 0.03 0.0 M 6.7 21 300 M M 2 1 37 290
24 69 37 53 1 12 0 T 0.0 M 6.2 23 290 M M 0 39 280
25 72 32 52 0 13 0 0.00 0.0 0 5.4 15 190 M M 0 8 22 180
26 77 42 60 8 5 0 0.00 0.0 0 10.0 20 180 M M 1 8 30 190
27 78 63 71 18 0 6 0.00 0.0 0 14.8 24 190 M M 3 41 180
28 79 46 63 10 2 0 0.23 0.0 0 14.6 28 310 M M 6 138 43 280
29 50 40 45 -8 20 0 0.00 0.0 0 8.7 16 30 M M 4 22 30
================================================================================
SM 1950 1174 323 8 5.27 0.0 184.7 M 86
================================================================================
AV 67.2 40.5 6.4 FASTST M M 3 MAX(MPH)
MISC ----> 28 310 43 280
================================================================================
NOTES:
# LAST OF SEVERAL OCCURRENCES
COLUMN 17 PEAK WIND IN M.P.H.
PRELIMINARY LOCAL CLIMATOLOGICAL DATA (WS FORM: F-6) , PAGE 2
STATION: TUSCALOOSA
MONTH: FEBRUARY
YEAR: 2024
LATITUDE: 33 13 N
LONGITUDE: 87 37 W
[TEMPERATURE DATA] [PRECIPITATION DATA] SYMBOLS USED IN COLUMN 16
AVERAGE MONTHLY: 53.9 TOTAL FOR MONTH: 5.27 1 = FOG OR MIST
DPTR FM NORMAL: 4.3 DPTR FM NORMAL: -0.10 2 = FOG REDUCING VISIBILITY
HIGHEST: 79 ON 28 GRTST 24HR 2.17 ON 4- 5 TO 1/4 MILE OR LESS
LOWEST: 25 ON 19 3 = THUNDER
SNOW, ICE PELLETS, HAIL 4 = ICE PELLETS
TOTAL MONTH: 0.0 INCH 5 = HAIL
GRTST 24HR 0.0 6 = FREEZING RAIN OR DRIZZLE
GRTST DEPTH: 0 7 = DUSTSTORM OR SANDSTORM:
VSBY 1/2 MILE OR LESS
8 = SMOKE OR HAZE
[NO. OF DAYS WITH] [WEATHER - DAYS WITH] 9 = BLOWING SNOW
X = TORNADO
MAX 32 OR BELOW: 0 0.01 INCH OR MORE: 8
MAX 90 OR ABOVE: 0 0.10 INCH OR MORE: 4
MIN 32 OR BELOW: 6 0.50 INCH OR MORE: 3
MIN 0 OR BELOW: 0 1.00 INCH OR MORE: 3
[HDD (BASE 65) ]
TOTAL THIS MO. 323 CLEAR (SCALE 0-3) 16
DPTR FM NORMAL -115 PTCLDY (SCALE 4-7) 8
TOTAL FM JUL 1 1849 CLOUDY (SCALE 8-10) 5
DPTR FM NORMAL -185
[CDD (BASE 65) ]
TOTAL THIS MO. 8
DPTR FM NORMAL 3 [PRESSURE DATA]
TOTAL FM JAN 1 8 HIGHEST SLP 30.49 ON 29
DPTR FM NORMAL 1 LOWEST SLP 29.59 ON 12
[REMARKS]
#FINAL-02-24#