000
CXUS54 KEPZ 011030
CF6TCS
PRELIMINARY LOCAL CLIMATOLOGICAL DATA (WS FORM: F-6)
STATION: TRUTH OR CONSEQUENCES
MONTH: MAY
YEAR: 2020
LATITUDE: 33 13 N
LONGITUDE: 107 16 W
TEMPERATURE IN F: :PCPN: SNOW: WIND :SUNSHINE: SKY :PK WND
================================================================================
1 2 3 4 5 6A 6B 7 8 9 10 11 12 13 14 15 16 17 18
12Z AVG MX 2MIN
DY MAX MIN AVG DEP HDD CDD WTR SNW DPTH SPD SPD DIR MIN PSBL S-S WX SPD DR
================================================================================
1 94 64 79 15 0 14 0.00 M M 10.7 25 260 M M 0 39 250
2 93 61 77 12 0 12 0.00 M M 10.3 23 240 M M 0 32 270
3 93 58 76 11 0 11 0.00 M M 10.4 29 190 M M 0 40 180
4 92 64 78 12 0 13 0.00 M M 8.7 17 300 M M 0 30 330
5 85 61 73 7 0 8 0.00 M M 13.4 28 20 M M 0 39 20
6 92 54 73 7 0 8 0.00 M M 9.3 25 190 M M 0 38 170
7 99 63 81 14 0 16 0.00 M M 10.2 23 260 M M 0 47 250
8 81 58 70 3 0 5 0.00 M M 11.9 28 20 M M 0 41 20
9 88 52 70 3 0 5 0.00 M M 8.6 26 220 M M 0 38 240
10 80 62 71 3 0 6 0.00 M M 10.8 26 240 M M 1 37 230
11 84 59 72 4 0 7 0.03 M M 8.3 26 190 M M 2 3 35 180
12 88 53 71 3 0 6 0.00 M M 9.7 29 200 M M 0 42 190
13 87 56 72 3 0 7 0.00 M 0 9.9 22 240 M M 0 33 250
14 84 59 72 3 0 7 0.00 M M 9.6 21 220 M M 0 29 220
15 86 61 74 4 0 9 0.00 0.0 0 9.1 18 300 M M 0 29 170
16 90 61 76 6 0 11 0.00 M M 8.1 17 200 M M 0 25 330
17 95 65 80 10 0 15 0.00 M M 10.3 22 210 M M 0 34 190
18 97 64 81 11 0 16 0.00 M M 9.8 26 210 M M 0 36 150
19 93 65 79 8 0 14 0.00 M M 10.7 30 210 M M 0 43 190
20 88 56 72 1 0 7 0.00 M M 10.7 25 200 M M 0 38 180
21 86 54 70 -2 0 5 0.00 M M 9.2 21 240 M M 0 28 250
22 89 55 72 0 0 7 0.00 M M 11.0 28 200 M M 0 40 180
23 89 59 74 2 0 9 0.00 M M 10.6 29 220 M M 0 41 220
24 88 65 77 5 0 12 0.00 M M 11.1 21 300 M M 0 30 220
25 82 61 72 -1 0 7 0.00 M M 9.3 21 70 M M 0 28 70
26 87 52 70 -3 0 5 0.00 0.0 M 8.9 21 200 M M 0 30 200
27 95 64 80 7 0 15 0.00 M M 8.3 20 290 M M 0 26 290
28 97 71 84 10 0 19 0.00 M M 10.8 36 310 M M 0 48 280
29 93 64 79 5 0 14 0.00 M M 9.0 20 200 M M 0 29 190
30 93 68 81 7 0 16 0.00 M M 8.3 18 200 M M 0 27 200
31 92 65 79 5 0 14 0.00 M M 6.1 16 170 M M 0 27 150
================================================================================
SM 2780 1874 0 320 0.03 0.0 303.1 M 3
================================================================================
AV 89.7 60.5 9.8 FASTST M M 0 MAX(MPH)
MISC ----> 36 310 48 280
================================================================================
NOTES:
# LAST OF SEVERAL OCCURRENCES
COLUMN 17 PEAK WIND IN M.P.H.
PRELIMINARY LOCAL CLIMATOLOGICAL DATA (WS FORM: F-6) , PAGE 2
STATION: TRUTH OR CONSEQUENCES
MONTH: MAY
YEAR: 2020
LATITUDE: 33 13 N
LONGITUDE: 107 16 W
[TEMPERATURE DATA] [PRECIPITATION DATA] SYMBOLS USED IN COLUMN 16
AVERAGE MONTHLY: 75.1 TOTAL FOR MONTH: 0.03 1 = FOG OR MIST
DPTR FM NORMAL: 5.4 DPTR FM NORMAL: -0.54 2 = FOG REDUCING VISIBILITY
HIGHEST: 99 ON 7 GRTST 24HR 0.03 ON 11-11 TO 1/4 MILE OR LESS
LOWEST: 52 ON 26, 9 3 = THUNDER
SNOW, ICE PELLETS, HAIL 4 = ICE PELLETS
TOTAL MONTH: 0.0 INCH 5 = HAIL
GRTST 24HR 0.0 6 = FREEZING RAIN OR DRIZZLE
GRTST DEPTH: 0 7 = DUSTSTORM OR SANDSTORM:
VSBY 1/2 MILE OR LESS
8 = SMOKE OR HAZE
[NO. OF DAYS WITH] [WEATHER - DAYS WITH] 9 = BLOWING SNOW
X = TORNADO
MAX 32 OR BELOW: 0 0.01 INCH OR MORE: 1
MAX 90 OR ABOVE: 15 0.10 INCH OR MORE: 0
MIN 32 OR BELOW: 0 0.50 INCH OR MORE: 0
MIN 0 OR BELOW: 0 1.00 INCH OR MORE: 0
[HDD (BASE 65) ]
TOTAL THIS MO. 0 CLEAR (SCALE 0-3) 31
DPTR FM NORMAL -25 PTCLDY (SCALE 4-7) 0
TOTAL FM JUL 1 2734 CLOUDY (SCALE 8-10) 0
DPTR FM NORMAL -524
[CDD (BASE 65) ]
TOTAL THIS MO. 320
DPTR FM NORMAL 150 [PRESSURE DATA]
TOTAL FM JAN 1 398 HIGHEST SLP 30.07 ON 29
DPTR FM NORMAL 207 LOWEST SLP 29.49 ON 24
[REMARKS]
#FINAL-05-20#