000
CXUS54 KFWD 072138
CF6TKI
PRELIMINARY LOCAL CLIMATOLOGICAL DATA (WS FORM: F-6)
STATION: MCKINNEY
MONTH: APRIL
YEAR: 2022
LATITUDE: 33 10 N
LONGITUDE: 96 35 W
TEMPERATURE IN F: :PCPN: SNOW: WIND :SUNSHINE: SKY :PK WND
================================================================================
1 2 3 4 5 6A 6B 7 8 9 10 11 12 13 14 15 16 17 18
12Z AVG MX 2MIN
DY MAX MIN AVG DEP HDD CDD WTR SNW DPTH SPD SPD DIR MIN PSBL S-S WX SPD DR
================================================================================
1 71 40 56 -5 9 0 0.02 M M 7.9 24 310 M M 0 35 300
2 75 47 61 0 4 0 T M M 5.8 16 10 M M 0 20 20
3 81 48 65 4 0 0 0.00 M M 12.0 25 170 M M 0 35 170
4 77 58 68 7 0 3 2.62 M M 10.5 31 280 M M 4 13 49 280
5 92 59 76 14 0 11 0.03 M M 9.9 22 220 M M 3 1 31 220
6 75 52 64 2 1 0 0.00 M M 16.6 35 10 M M 0 47 360
7 68 45 57 -5 8 0 0.00 M M 16.1 39 310 M M 3 59 310
8 65 41 53 -9 12 0 0.00 M M 13.5 31 330 M M 0 41 290
9 84 37 61 -1 4 0 0.00 M M 10.8 25 190 M M 0 33 180
10 81 60 71 8 0 6 0.00 M M 22.9 39 170 M M 2 52 180
11 85 69 77 14 0 12 0.00 M M 16.1 29 180 M M 6 41 180
12 80 63 72 9 0 7 0.01 M M 16.4 38 150 M M 6 3 52 170
13 79 51 65 2 0 0 0.29 M M 16.8 32 180 M M 3 13 44 190
14 73 43 58 -5 7 0 0.00 M M 6.6 15 140 M M 0 22 150
15 78 56 67 3 0 2 0.00 M M 12.5 22 180 M M 5 28 150
16 81 55 68 4 0 3 0.00 M M 11.6 24 340 M M 10 1 29 340
17 77 54 66 2 0 1 T M M 7.4 18 310 M M 6 26 290
18 72 49 61 -3 4 0 0.00 M M 9.7 17 20 M M 2 25 60
19 71 46 59 -5 6 0 0.00 M M 10.6 23 150 M M 3 30 160
20 87 63 75 10 0 10 0.02 M M 20.1 33 190 M M 6 1 48 190
21 81 70 76 11 0 11 0.00 M M 16.5 24 170 M M 9 32 160
22 83 69 76 11 0 11 0.00 M M 19.6 32 170 M M 6 44 170
23 81 68 75 9 0 10 0.00 M M 21.7 29 180 M M 8 40 170
24 80 59 70 4 0 5 0.92 M M 14.0 26 180 M M 10 13 35 180
25 67 50 59 -7 6 0 0.36 M M 11.0 24 20 M M 3 13 33 20
26 72 44 58 -8 7 0 0.00 M M 5.6 15 70 M M 0 20 50
27 76 47 62 -4 3 0 0.00 M M 8.0 17 150 M M 3 23 140
28 79 59 69 2 0 4 0.00 M M 11.3 24 170 M M 5 32 180
29 80 68 74 7 0 9 0.00 M M 18.6 30 170 M M 8 40 180
30 81 56 69 2 0 4 0.00 M M 10.9 26 190 M M 3 40 190
================================================================================
SM 2332 1626 71 109 4.27 M 391.0 M 114
================================================================================
AV 77.7 54.2 13.0 FASTST M M 4 MAX(MPH)
MISC ----> # 39 310 59 310
================================================================================
NOTES:
# LAST OF SEVERAL OCCURRENCES
COLUMN 17 PEAK WIND IN M.P.H.
PRELIMINARY LOCAL CLIMATOLOGICAL DATA (WS FORM: F-6) , PAGE 2
STATION: MCKINNEY
MONTH: APRIL
YEAR: 2022
LATITUDE: 33 10 N
LONGITUDE: 96 35 W
[TEMPERATURE DATA] [PRECIPITATION DATA] SYMBOLS USED IN COLUMN 16
AVERAGE MONTHLY: 66.0 TOTAL FOR MONTH: 4.27 1 = FOG OR MIST
DPTR FM NORMAL: 2.1 DPTR FM NORMAL: 0.69 2 = FOG REDUCING VISIBILITY
HIGHEST: 92 ON 5 GRTST 24HR 2.65 ON 4- 5 TO 1/4 MILE OR LESS
LOWEST: 37 ON 9 3 = THUNDER
SNOW, ICE PELLETS, HAIL 4 = ICE PELLETS
TOTAL MONTH: M 5 = HAIL
GRTST 24HR M ON M 6 = FREEZING RAIN OR DRIZZLE
GRTST DEPTH: M ON M 7 = DUSTSTORM OR SANDSTORM:
VSBY 1/2 MILE OR LESS
8 = SMOKE OR HAZE
[NO. OF DAYS WITH] [WEATHER - DAYS WITH] 9 = BLOWING SNOW
X = TORNADO
MAX 32 OR BELOW: 0 0.01 INCH OR MORE: 8
MAX 90 OR ABOVE: 1 0.10 INCH OR MORE: 4
MIN 32 OR BELOW: 0 0.50 INCH OR MORE: 2
MIN 0 OR BELOW: 0 1.00 INCH OR MORE: 1
[HDD (BASE 65) ]
TOTAL THIS MO. 71 CLEAR (SCALE 0-3) 14
DPTR FM NORMAL -41 PTCLDY (SCALE 4-7) 13
TOTAL FM JUL 1 2137 CLOUDY (SCALE 8-10) 3
DPTR FM NORMAL -346
[CDD (BASE 65) ]
TOTAL THIS MO. 109
DPTR FM NORMAL 32 [PRESSURE DATA]
TOTAL FM JAN 1 132 HIGHEST SLP 30.43 ON 26
DPTR FM NORMAL 22 LOWEST SLP 29.39 ON 6
[REMARKS]
#FINAL-04-22#