000
CXUS52 KMFL 011030
CF6TMB
PRELIMINARY LOCAL CLIMATOLOGICAL DATA (WS FORM: F-6)
STATION: KENDALL-TAMIAMI EXEC ARPT
MONTH: JULY
YEAR: 2023
LATITUDE: 25 38 N
LONGITUDE: 80 26 W
TEMPERATURE IN F: :PCPN: SNOW: WIND :SUNSHINE: SKY :PK WND
================================================================================
1 2 3 4 5 6A 6B 7 8 9 10 11 12 13 14 15 16 17 18
12Z AVG MX 2MIN
DY MAX MIN AVG DEP HDD CDD WTR SNW DPTH SPD SPD DIR MIN PSBL S-S WX SPD DR
================================================================================
1 92 75 84 1 0 19 0.09 0.0 0 3.3 18 70 M M 3 13 23 70
2 93 75 84 1 0 19 0.92 0.0 0 2.9 18 270 M M 2 1238 25 260
3 95 77 86 3 0 21 0.02 M M 3.1 22 40 M M 1 3 27 50
4 83 76 80 -3 0 15 T M M 0.9 4 90 M M 0 3 M M
5 94 84 89 6 0 24 T M M 6.6 14 110 M M 0 3 19 110
6 97 77 87 4 0 22 1.88 0.0 0 4.4 25 110 M M 3 138 39 100
7 96 78 87 4 0 22 T 0.0 0 5.6 18 250 M M 1 3 24 240
8 96 78 87 4 0 22 0.00 0.0 0 6.6 20 350 M M 1 24 330
9 97 76 87 4 0 22 0.31 0.0 0 3.8 17 110 M M 2 38 23 120
10 97 78 88 5 0 23 0.00 0.0 0 3.7 13 250 M M 2 3 17 250
11 97 77 87 4 0 22 T 0.0 0 4.5 13 110 M M 1 3 18 30
12 100 79 90 7 0 25 T 0.0 0 3.8 14 120 M M 1 3 18 130
13 94 79 87 4 0 22 0.07 0.0 0 4.0 21 80 M M 2 3 23 80
14 93 77 85 2 0 20 0.53 0.0 0 4.1 16 150 M M 3 13 20 150
15 91 75 83 0 0 18 0.98 0.0 0 3.1 28 310 M M 1 138 34 320
16 95 72 84 1 0 19 0.66 0.0 0 4.0 33 300 M M 3 13 45 300
17 93 73 83 0 0 18 3.14 M M 3.3 35 140 M M 3 123 49 150
18 91 77 84 1 0 19 0.08 0.0 0 2.9 14 150 M M 1 13 18 150
19 93 78 86 3 0 21 0.10 0.0 0 5.3 16 100 M M 2 13 20 100
20 97 79 88 5 0 23 0.05 0.0 0 5.5 14 120 M M 1 1 20 90
21 93 77 85 2 0 20 0.43 0.0 0 3.3 17 110 M M 1 13 21 90
22 98 77 88 5 0 23 0.00 0.0 0 5.4 16 270 M M 0 21 260
23 99 80 90 7 0 25 0.00 0.0 0 5.8 15 270 M M 0 3 18 260
24 98 80 89 6 0 24 T 0.0 0 3.0 31 270 M M 1 3 39 270
25 96 79 88 5 0 23 0.00 0.0 0 6.8 18 90 M M 0 22 70
26 87 75 81 -2 0 16 1.25 0.0 0 6.6 32 110 M M 3 13 37 100
27 95 76 86 3 0 21 0.07 M M 7.1 28 130 M M 3 13 39 120
28 88 75 82 -1 0 17 1.52 0.0 0 4.5 64 30 M M 1 13 78 30
29 93 77 85 1 0 20 T 0.0 0 5.5 14 100 M M 0 18 130
30 95 77 86 2 0 21 0.00 0.0 0 4.2 13 130 M M 0 23 150
31 96 78 87 3 0 22 1.42 0.0 0 3.5 21 300 M M 1 138 23 10
================================================================================
SM 2922 2391 0 648 13.52 0.0 137.1 M 43
================================================================================
AV 94.3 77.1 4.4 FASTST M M 1 MAX(MPH)
MISC ----> 64 30 78 30
================================================================================
NOTES:
# LAST OF SEVERAL OCCURRENCES
COLUMN 17 PEAK WIND IN M.P.H.
PRELIMINARY LOCAL CLIMATOLOGICAL DATA (WS FORM: F-6) , PAGE 2
STATION: KENDALL-TAMIAMI EXEC ARPT
MONTH: JULY
YEAR: 2023
LATITUDE: 25 38 N
LONGITUDE: 80 26 W
[TEMPERATURE DATA] [PRECIPITATION DATA] SYMBOLS USED IN COLUMN 16
AVERAGE MONTHLY: 85.7 TOTAL FOR MONTH: 13.52 1 = FOG OR MIST
DPTR FM NORMAL: 2.6 DPTR FM NORMAL: 6.33 2 = FOG REDUCING VISIBILITY
HIGHEST: 100 ON 12 GRTST 24HR 3.78 ON 16-17 TO 1/4 MILE OR LESS
LOWEST: 72 ON 16 3 = THUNDER
SNOW, ICE PELLETS, HAIL 4 = ICE PELLETS
TOTAL MONTH: 0.0 INCH 5 = HAIL
GRTST 24HR 0.0 6 = FREEZING RAIN OR DRIZZLE
GRTST DEPTH: 0 7 = DUSTSTORM OR SANDSTORM:
VSBY 1/2 MILE OR LESS
8 = SMOKE OR HAZE
[NO. OF DAYS WITH] [WEATHER - DAYS WITH] 9 = BLOWING SNOW
X = TORNADO
MAX 32 OR BELOW: 0 0.01 INCH OR MORE: 18
MAX 90 OR ABOVE: 28 0.10 INCH OR MORE: 12
MIN 32 OR BELOW: 0 0.50 INCH OR MORE: 9
MIN 0 OR BELOW: 0 1.00 INCH OR MORE: 5
[HDD (BASE 65) ]
TOTAL THIS MO. 0 CLEAR (SCALE 0-3) 28
DPTR FM NORMAL 0 PTCLDY (SCALE 4-7) 3
TOTAL FM JUL 1 0 CLOUDY (SCALE 8-10) 0
DPTR FM NORMAL 0
[CDD (BASE 65) ]
TOTAL THIS MO. 648
DPTR FM NORMAL 88 [PRESSURE DATA]
TOTAL FM JAN 1 2775 HIGHEST SLP 30.17 ON 24
DPTR FM NORMAL 489 LOWEST SLP 29.91 ON 1
[REMARKS]
#FINAL-07-23#