000
CXUS55 KCYS 171340
CF6TOR
PRELIMINARY LOCAL CLIMATOLOGICAL DATA (WS FORM: F-6)
STATION: TORRINGTON WY AIRPORT
MONTH: SEPTEMBER
YEAR: 2021
LATITUDE: 42 3 N
LONGITUDE: 104 9 W
TEMPERATURE IN F: :PCPN: SNOW: WIND :SUNSHINE: SKY :PK WND
================================================================================
1 2 3 4 5 6A 6B 7 8 9 10 11 12 13 14 15 16 17 18
12Z AVG MX 2MIN
DY MAX MIN AVG DEP HDD CDD WTR SNW DPTH SPD SPD DIR MIN PSBL S-S WX SPD DR
================================================================================
1 87 64 76 8 0 11 T M M 8.0 17 330 M M 2 1 23 340
2 85 60 73 5 0 8 0.00 M M 8.0 14 70 M M 4 20 280
3 73 58 66 -1 0 1 0.06 M M 8.9 36 170 M M 5 13 43 170
4 82 50 66 -1 0 1 0.00 M M 4.9 13 70 M M 1 1 16 70
5 88 47 68 1 0 3 0.00 M M 6.5 14 300 M M 0 17 300
6 96 47 72 6 0 7 0.00 M M 6.3 20 300 M M 0 26 290
7 82 50 66 0 0 1 0.00 M M 5.8 12 80 M M 0 8 14 70
8 88 47 68 2 0 3 0.00 M M 4.6 12 110 M M 0 16 110
9 99 48 74 9 0 9 0.00 M M 5.9 15 300 M M 0 21 300
10 101 48 75 10 0 10 0.00 M M 4.0 17 300 M M 0 26 300
11 94 60 77 13 0 12 T M M 9.1 37 180 M M 1 3 50 180
12 85 53 69 5 0 4 0.00 M M 7.5 15 110 M M 0 20 120
13 82 57 70 6 0 5 0.11 M M 9.2 21 320 M M 1 3 29 330
14 78 51 65 2 0 0 0.00 M M 10.7 26 50 M M 1 39 40
15 91 47 69 6 0 4 0.00 M M 7.0 17 290 M M 0 25 270
16 93 48 71 9 0 6 T M M 8.5 32 30 M M 0 44 30
17 74 47 61 -1 4 0 0.00 M M 11.0 23 150 M M 2 31 150
18 96 44 70 9 0 5 0.00 M M 7.5 22 170 M M 0 27 160
19 89 52 71 10 0 6 0.15 M M 10.8 31 330 M M 1 1 47 360
20 60 47 54 -6 11 0 0.11 M M 9.9 24 300 M M 7 13 35 310
21 67 37 52 -8 13 0 0.00 M M 7.4 15 130 M M 1 8 22 260
22 81 35 58 -1 7 0 0.00 M M 5.6 14 110 M M 0 18 110
23 81 39 60 1 5 0 0.00 M M 8.7 23 320 M M 0 29 330
24 75 43 59 1 6 0 0.00 M M 7.5 15 290 M M 0 21 300
25 90 37 64 6 1 0 0.00 M M 4.6 13 190 M M 0 20 190
26 90 46 68 10 0 3 0.00 M M 5.9 15 280 M M 0 20 280
27 92 43 68 11 0 3 0.00 M M 3.8 12 90 M M 0 13 140
28 88 51 70 14 0 5 T M M 11.2 28 150 M M 2 39 160
29 63 39 51 -5 14 0 T M M 14.7 30 330 M M 7 40 330
30 67 36 52 -4 13 0 0.00 M M 6.2 14 330 M M 4 19 330
================================================================================
SM 2517 1431 74 107 0.43 M 229.7 M 39
================================================================================
AV 83.9 47.7 7.7 FASTST M M 1 MAX(MPH)
MISC ----> 37 180 50 180
================================================================================
NOTES:
# LAST OF SEVERAL OCCURRENCES
COLUMN 17 PEAK WIND IN M.P.H.
PRELIMINARY LOCAL CLIMATOLOGICAL DATA (WS FORM: F-6) , PAGE 2
STATION: TORRINGTON WY AIRPORT
MONTH: SEPTEMBER
YEAR: 2021
LATITUDE: 42 3 N
LONGITUDE: 104 9 W
[TEMPERATURE DATA] [PRECIPITATION DATA] SYMBOLS USED IN COLUMN 16
AVERAGE MONTHLY: 65.8 TOTAL FOR MONTH: 0.43 1 = FOG OR MIST
DPTR FM NORMAL: 3.6 DPTR FM NORMAL: -0.67 2 = FOG REDUCING VISIBILITY
HIGHEST: 101 ON 10 GRTST 24HR 0.26 ON 19-20 TO 1/4 MILE OR LESS
LOWEST: 35 ON 22 3 = THUNDER
SNOW, ICE PELLETS, HAIL 4 = ICE PELLETS
TOTAL MONTH: M 5 = HAIL
GRTST 24HR M ON M 6 = FREEZING RAIN OR DRIZZLE
GRTST DEPTH: M ON M 7 = DUSTSTORM OR SANDSTORM:
VSBY 1/2 MILE OR LESS
8 = SMOKE OR HAZE
[NO. OF DAYS WITH] [WEATHER - DAYS WITH] 9 = BLOWING SNOW
X = TORNADO
MAX 32 OR BELOW: 0 0.01 INCH OR MORE: 4
MAX 90 OR ABOVE: 10 0.10 INCH OR MORE: 3
MIN 32 OR BELOW: 0 0.50 INCH OR MORE: 0
MIN 0 OR BELOW: 0 1.00 INCH OR MORE: 0
[HDD (BASE 65) ]
TOTAL THIS MO. 74 CLEAR (SCALE 0-3) 25
DPTR FM NORMAL -70 PTCLDY (SCALE 4-7) 5
TOTAL FM JUL 1 75 CLOUDY (SCALE 8-10) 0
DPTR FM NORMAL -88
[CDD (BASE 65) ]
TOTAL THIS MO. 107
DPTR FM NORMAL 47 [PRESSURE DATA]
TOTAL FM JAN 1 950 HIGHEST SLP 30.51 ON 21
DPTR FM NORMAL 226 LOWEST SLP 29.52 ON 28
[REMARKS]
#FINAL-09-21#