000
CXUS52 KTBW 021826
CF6TPA
PRELIMINARY LOCAL CLIMATOLOGICAL DATA (WS FORM: F-6)
STATION: TAMPA
MONTH: MAY
YEAR: 2021
LATITUDE: 27 58 N
LONGITUDE: 82 32 W
TEMPERATURE IN F: :PCPN: SNOW: WIND :SUNSHINE: SKY :PK WND
================================================================================
1 2 3 4 5 6A 6B 7 8 9 10 11 12 13 14 15 16 17 18
12Z AVG MX 2MIN
DY MAX MIN AVG DEP HDD CDD WTR SNW DPTH SPD SPD DIR MIN PSBL S-S WX SPD DR
================================================================================
1 88 73 81 4 0 16 0.00 0.0 0 6.7 14 260 M M 4 20 270
2 87 74 81 4 0 16 0.00 0.0 0 7.9 17 180 M M 6 21 180
3 91 76 84 7 0 19 0.00 0.0 0 8.6 17 200 M M 3 20 200
4 92 77 85 7 0 20 0.00 0.0 0 8.7 17 190 M M 3 23 200
5 91 78 85 7 0 20 0.00 0.0 0 7.3 15 260 M M 4 19 210
6 92 77 85 7 0 20 0.16 0.0 0 6.6 17 290 M M 6 8 24 270
7 85 70 78 0 0 13 0.00 0.0 0 9.3 18 330 M M 1 26 310
8 88 67 78 0 0 13 0.00 0.0 0 8.3 16 70 M M 2 24 270
9 91 71 81 3 0 16 0.00 0.0 0 7.0 15 150 M M 1 22 150
10 91 75 83 5 0 18 0.00 0.0 0 7.1 14 270 M M 4 21 260
11 91 77 84 5 0 19 0.00 0.0 0 5.7 14 290 M M 6 20 290
12 92 77 85 6 0 20 0.00 0.0 0 7.2 17 290 M M 6 21 290
13 82 71 77 -2 0 12 T 0.0 0 7.2 14 360 M M 8 19 30
14 89 66 78 -1 0 13 0.00 0.0 0 9.1 16 30 M M 4 24 50
15 89 68 79 0 0 14 0.00 0.0 0 8.2 14 50 M M 4 23 70
16 89 67 78 -2 0 13 0.00 0.0 0 7.2 13 80 M M 4 22 80
17 91 67 79 -1 0 14 0.00 0.0 0 6.7 17 90 M M 4 27 110
18 89 70 80 0 0 15 0.00 0.0 0 8.6 16 90 M M 3 28 80
19 90 71 81 1 0 16 0.00 0.0 0 9.7 17 90 M M 5 8 28 90
20 89 72 81 1 0 16 0.00 0.0 0 10.0 20 90 M M 4 33 110
21 90 70 80 0 0 15 0.00 0.0 0 9.0 21 100 M M 4 30 100
22 91 70 81 1 0 16 0.00 0.0 0 8.3 15 80 M M 3 23 110
23 88 70 79 -2 0 14 0.00 0.0 0 6.7 15 340 M M 3 26 280
24 89 71 80 -1 0 15 0.00 0.0 0 6.9 14 270 M M 1 20 280
25 92 73 83 2 0 18 0.00 0.0 0 7.4 16 270 M M 5 26 270
26 89 74 82 1 0 17 0.00 0.0 0 7.0 16 300 M M 5 24 270
27 91 75 83 2 0 18 0.00 0.0 0 6.7 16 270 M M 2 25 280
28 90 73 82 1 0 17 0.00 0.0 0 6.0 17 270 M M 2 22 270
29 90 76 83 2 0 18 0.00 0.0 0 9.2 17 190 M M 4 21 190
30 90 78 84 2 0 19 T 0.0 0 4.9 21 350 M M 6 3 28 90
31 94 74 84 2 0 19 0.00 0.0 0 6.3 16 100 M M 4 25 90
================================================================================
SM 2781 2248 0 509 0.16 0.0 235.5 M 121
================================================================================
AV 89.7 72.5 7.6 FASTST M M 4 MAX(MPH)
MISC ----> # 21 100 33 110
================================================================================
NOTES:
# LAST OF SEVERAL OCCURRENCES
COLUMN 17 PEAK WIND IN M.P.H.
PRELIMINARY LOCAL CLIMATOLOGICAL DATA (WS FORM: F-6) , PAGE 2
STATION: TAMPA
MONTH: MAY
YEAR: 2021
LATITUDE: 27 58 N
LONGITUDE: 82 32 W
[TEMPERATURE DATA] [PRECIPITATION DATA] SYMBOLS USED IN COLUMN 16
AVERAGE MONTHLY: 81.1 TOTAL FOR MONTH: 0.16 1 = FOG OR MIST
DPTR FM NORMAL: 1.6 DPTR FM NORMAL: -2.44 2 = FOG REDUCING VISIBILITY
HIGHEST: 94 ON 31 GRTST 24HR 0.16 ON 6- 6 TO 1/4 MILE OR LESS
LOWEST: 66 ON 14 3 = THUNDER
SNOW, ICE PELLETS, HAIL 4 = ICE PELLETS
TOTAL MONTH: 0.0 INCH 5 = HAIL
GRTST 24HR 0.0 6 = FREEZING RAIN OR DRIZZLE
GRTST DEPTH: 0 7 = DUSTSTORM OR SANDSTORM:
VSBY 1/2 MILE OR LESS
8 = SMOKE OR HAZE
[NO. OF DAYS WITH] [WEATHER - DAYS WITH] 9 = BLOWING SNOW
X = TORNADO
MAX 32 OR BELOW: 0 0.01 INCH OR MORE: 1
MAX 90 OR ABOVE: 18 0.10 INCH OR MORE: 1
MIN 32 OR BELOW: 0 0.50 INCH OR MORE: 0
MIN 0 OR BELOW: 0 1.00 INCH OR MORE: 0
[HDD (BASE 65) ]
TOTAL THIS MO. 0 CLEAR (SCALE 0-3) 10
DPTR FM NORMAL 0 PTCLDY (SCALE 4-7) 21
TOTAL FM JUL 1 361 CLOUDY (SCALE 8-10) 0
DPTR FM NORMAL -72
[CDD (BASE 65) ]
TOTAL THIS MO. 509
DPTR FM NORMAL 61 [PRESSURE DATA]
TOTAL FM JAN 1 1165 HIGHEST SLP 30.28 ON 22
DPTR FM NORMAL 147 LOWEST SLP 29.89 ON 29
[REMARKS]
#FINAL-05-21#