000
CXUS56 KLKN 050105
CF6TPH
PRELIMINARY LOCAL CLIMATOLOGICAL DATA (WS FORM: F-6)
STATION: TONOPAH AIRPORT NV
MONTH: DECEMBER
YEAR: 2023
LATITUDE: 38 3 N
LONGITUDE: 117 5 W
TEMPERATURE IN F: :PCPN: SNOW: WIND :SUNSHINE: SKY :PK WND
================================================================================
1 2 3 4 5 6A 6B 7 8 9 10 11 12 13 14 15 16 17 18
12Z AVG MX 2MIN
DY MAX MIN AVG DEP HDD CDD WTR SNW DPTH SPD SPD DIR MIN PSBL S-S WX SPD DR
================================================================================
1 42 23 33 -2 32 0 T M M 10.7 28 310 M M 4 1 37 320
2 47 25 36 2 29 0 0.00 M M 5.5 14 310 M M 1 17 310
3 55 26 41 7 24 0 0.00 M M 6.5 16 300 M M 3 22 300
4 56 29 43 9 22 0 0.00 M M 7.0 17 360 M M 0 19 360
5 61 26 44 10 21 0 0.00 M M 6.4 14 20 M M 0 17 360
6 59 27 43 10 22 0 0.00 M M 10.8 26 190 M M 0 34 170
7 51 26 39 6 26 0 0.00 M M 9.0 22 320 M M 1 31 320
8 42 22 32 -1 33 0 0.00 M M 12.7 24 320 M M 0 33 340
9 39 21 30 -3 35 0 0.00 M M 6.7 15 350 M M 0 19 360
10 55 25 40 7 25 0 0.00 M M 5.0 13 350 M M 0 15 360
11 55 30 43 11 22 0 0.00 M M 5.8 13 310 M M 0 18 320
12 50 28 39 7 26 0 0.00 M M 12.7 24 300 M M 0 32 300
13 47 25 36 4 29 0 0.00 M M 10.5 20 310 M M 0 26 290
14 48 18 33 1 32 0 0.00 M M 5.6 13 350 M M 0 16 350
15 52 21 37 5 28 0 0.00 M M 5.9 14 350 M M 0 17 350
16 55 20 38 6 27 0 0.00 M M 5.8 15 350 M M 0 19 20
17 48 20 34 2 31 0 0.00 M M 5.5 16 350 M M 0 20 350
18 58 30 44 12 21 0 0.00 M M 8.4 25 180 M M 5 33 170
19 51 36 44 12 21 0 T M M 8.3 18 160 M M 10 25 170
20 52 36 44 12 21 0 0.00 M M 7.9 18 140 M M 8 24 150
21 51 34 43 11 22 0 0.08 M M 4.7 12 360 M M 8 1 13 140
22 50 29 40 8 25 0 0.01 M M 5.1 13 330 M M 4 1 15 340
23 45 25 35 3 30 0 0.00 M M 13.1 30 310 M M 0 41 320
24 43 17 30 -2 35 0 0.00 M M 4.4 16 340 M M 1 20 340
25 51 29 40 8 25 0 T M M 8.0 21 310 M M 3 26 310
26 54 30 42 10 23 0 0.00 M M 4.5 10 350 M M 4 12 170
27 51 32 42 10 23 0 0.00 M M 6.2 15 170 M M 1 21 170
28 55 28 42 10 23 0 0.00 M M 6.4 12 350 M M 0 14 330
29 57 27 42 10 23 0 0.00 M M 9.5 24 170 M M 0 33 160
30 48 30 39 7 26 0 0.00 M 0 8.6 20 130 M M 3 31 250
31 45 20 33 1 32 0 0.00 M M 4.5 14 320 M M 1 15 320
================================================================================
SM 1573 815 814 0 0.09 M 231.7 M 57
================================================================================
AV 50.7 26.3 7.5 FASTST M M 2 MAX(MPH)
MISC ----> 30 310 41 320
================================================================================
NOTES:
# LAST OF SEVERAL OCCURRENCES
COLUMN 17 PEAK WIND IN M.P.H.
PRELIMINARY LOCAL CLIMATOLOGICAL DATA (WS FORM: F-6) , PAGE 2
STATION: TONOPAH AIRPORT NV
MONTH: DECEMBER
YEAR: 2023
LATITUDE: 38 3 N
LONGITUDE: 117 5 W
[TEMPERATURE DATA] [PRECIPITATION DATA] SYMBOLS USED IN COLUMN 16
AVERAGE MONTHLY: 38.5 TOTAL FOR MONTH: 0.09 1 = FOG OR MIST
DPTR FM NORMAL: 6.0 DPTR FM NORMAL: -0.17 2 = FOG REDUCING VISIBILITY
HIGHEST: 61 ON 5 GRTST 24HR 0.09 ON 21-22 TO 1/4 MILE OR LESS
LOWEST: 17 ON 24 3 = THUNDER
SNOW, ICE PELLETS, HAIL 4 = ICE PELLETS
TOTAL MONTH: M 5 = HAIL
GRTST 24HR M ON M 6 = FREEZING RAIN OR DRIZZLE
GRTST DEPTH: 0 7 = DUSTSTORM OR SANDSTORM:
VSBY 1/2 MILE OR LESS
8 = SMOKE OR HAZE
[NO. OF DAYS WITH] [WEATHER - DAYS WITH] 9 = BLOWING SNOW
X = TORNADO
MAX 32 OR BELOW: 0 0.01 INCH OR MORE: 2
MAX 90 OR ABOVE: 0 0.10 INCH OR MORE: 0
MIN 32 OR BELOW: 28 0.50 INCH OR MORE: 0
MIN 0 OR BELOW: 0 1.00 INCH OR MORE: 0
[HDD (BASE 65) ]
TOTAL THIS MO. 814 CLEAR (SCALE 0-3) 24
DPTR FM NORMAL -193 PTCLDY (SCALE 4-7) 6
TOTAL FM JUL 1 1978 CLOUDY (SCALE 8-10) 1
DPTR FM NORMAL -180
[CDD (BASE 65) ]
TOTAL THIS MO. 0
DPTR FM NORMAL 0 [PRESSURE DATA]
TOTAL FM JAN 1 755 HIGHEST SLP 30.48 ON 15
DPTR FM NORMAL -139 LOWEST SLP 29.79 ON 19
[REMARKS]
#FINAL-12-23#