000
CXUS54 KFWD 010731
CF6TPL
PRELIMINARY LOCAL CLIMATOLOGICAL DATA (WS FORM: F-6)
STATION: TEMPLE
MONTH: MAY
YEAR: 2021
LATITUDE: 31 8 N
LONGITUDE: 97 25 W
TEMPERATURE IN F: :PCPN: SNOW: WIND :SUNSHINE: SKY :PK WND
================================================================================
1 2 3 4 5 6A 6B 7 8 9 10 11 12 13 14 15 16 17 18
12Z AVG MX 2MIN
DY MAX MIN AVG DEP HDD CDD WTR SNW DPTH SPD SPD DIR MIN PSBL S-S WX SPD DR
================================================================================
1 76 62 69 -1 0 4 0.85 M M 8.2 21 90 M M 9 1 30 90
2 85 58 72 2 0 7 0.01 M M 10.6 21 170 M M 1 1 24 160
3 90 68 79 9 0 14 0.61 M M 16.5 21 170 M M 4 13 28 140
4 76 58 67 -3 0 2 0.00 M M 12.0 20 340 M M 1 32 330
5 77 48 63 -8 2 0 0.00 M M 6.9 13 20 M M 0 M M
6 83 51 67 -4 0 2 0.00 M M 5.5 12 60 M M 0 M M
7 82 55 69 -2 0 4 0.00 M M 9.2 18 150 M M 0 22 170
8 87 63 75 4 0 10 0.00 M M 18.3 27 160 M M 5 40 190
9 87 72 80 8 0 15 T M M 13.1 22 190 M M 6 33 180
10 73 59 66 -6 0 1 T M M 10.7 14 360 M M 10 1 18 20
11 64 59 62 -10 3 0 1.06 M M 9.4 21 30 M M 9 13 33 360
12 64 57 61 -11 4 0 0.01 M M 10.8 16 360 M M 10 1 20 360
13 74 58 66 -7 0 1 0.00 M M 6.1 9 40 M M 9 1 M M
14 80 54 67 -6 0 2 T M M 7.2 13 140 M M 4 17 140
15 82 62 72 -1 0 7 0.00 M M 10.8 16 140 M M 5 23 150
16 77 67 72 -1 0 7 1.44 M M 12.2 20 130 M M 7 123 26 170
17 80 64 72 -2 0 7 0.32 M M 7.5 24 360 M M 6 13 31 350
18 71 63 67 -7 0 2 0.32 M M 9.7 18 90 M M 8 3 39 90
19 72 62 67 -7 0 2 0.00 M M 5.8 10 70 M M 5 M M
20 83 62 73 -1 0 8 0.00 M M 5.4 9 100 M M 5 M M
21 85 68 77 2 0 12 0.00 M M 9.3 15 90 M M 6 17 100
22 81 71 76 1 0 11 0.01 M M 12.7 23 150 M M 8 1 32 140
23 74 67 71 -4 0 6 0.14 M M 9.4 15 100 M M 10 21 110
24 80 68 74 -1 0 9 0.17 M M 9.6 17 130 M M 8 1 21 130
25 83 67 75 -1 0 10 0.15 M M 11.3 15 170 M M 8 M M
26 88 67 78 2 0 13 0.05 M M 10.1 15 150 M M 4 22 170
27 88 73 81 5 0 16 0.00 M M 13.4 18 170 M M 5 24 170
28 85 64 75 -1 0 10 0.54 M M 12.6 24 100 M M 7 13 32 20
29 85 62 74 -2 0 9 0.00 M M 5.5 9 70 M M 3 12 M M
30 82 68 75 -1 0 10 0.28 M M 10.2 15 90 M M 5 1 22 90
31 85 67 76 -1 0 11 2.59 M M 10.3 23 330 M M 9 13 31 360
================================================================================
SM 2479 1944 9 212 8.55 M 310.2 M 177
================================================================================
AV 80.0 62.7 10.0 FASTST M M 6 MAX(MPH)
MISC ----> 27 160 40 190
================================================================================
NOTES:
# LAST OF SEVERAL OCCURRENCES
COLUMN 17 PEAK WIND IN M.P.H.
PRELIMINARY LOCAL CLIMATOLOGICAL DATA (WS FORM: F-6) , PAGE 2
STATION: TEMPLE
MONTH: MAY
YEAR: 2021
LATITUDE: 31 8 N
LONGITUDE: 97 25 W
[TEMPERATURE DATA] [PRECIPITATION DATA] SYMBOLS USED IN COLUMN 16
AVERAGE MONTHLY: 71.3 TOTAL FOR MONTH: 8.55 1 = FOG OR MIST
DPTR FM NORMAL: -2.0 DPTR FM NORMAL: 4.30 2 = FOG REDUCING VISIBILITY
HIGHEST: 90 ON 3 GRTST 24HR 2.59 ON 31-31 TO 1/4 MILE OR LESS
LOWEST: 48 ON 5 3 = THUNDER
SNOW, ICE PELLETS, HAIL 4 = ICE PELLETS
TOTAL MONTH: M 5 = HAIL
GRTST 24HR M ON M 6 = FREEZING RAIN OR DRIZZLE
GRTST DEPTH: M ON M 7 = DUSTSTORM OR SANDSTORM:
VSBY 1/2 MILE OR LESS
8 = SMOKE OR HAZE
[NO. OF DAYS WITH] [WEATHER - DAYS WITH] 9 = BLOWING SNOW
X = TORNADO
MAX 32 OR BELOW: 0 0.01 INCH OR MORE: 16
MAX 90 OR ABOVE: 1 0.10 INCH OR MORE: 12
MIN 32 OR BELOW: 0 0.50 INCH OR MORE: 6
MIN 0 OR BELOW: 0 1.00 INCH OR MORE: 3
[HDD (BASE 65) ]
TOTAL THIS MO. 9 CLEAR (SCALE 0-3) 5
DPTR FM NORMAL -4 PTCLDY (SCALE 4-7) 17
TOTAL FM JUL 1 2131 CLOUDY (SCALE 8-10) 9
DPTR FM NORMAL -4
[CDD (BASE 65) ]
TOTAL THIS MO. 212
DPTR FM NORMAL -58 [PRESSURE DATA]
TOTAL FM JAN 1 359 HIGHEST SLP M ON M
DPTR FM NORMAL -56 LOWEST SLP M ON M
[REMARKS]
#FINAL-05-21#