000
CXUS56 KSGX 012233
CLMTRM
CLIMATE REPORT
NATIONAL WEATHER SERVICE SAN DIEGO, CA
333 PM PDT SAT APR 01 2023
...................................
...THE THERMAL AIRPORT CA CLIMATE SUMMARY FOR THE MONTH OF MARCH 2023...
CLIMATE NORMAL PERIOD: 1991 TO 2020
CLIMATE RECORD PERIOD: 1950 TO 2023
WEATHER OBSERVED NORMAL DEPART LAST YEAR`S
VALUE DATE(S) VALUE FROM VALUE DATE(S)
NORMAL
................................................................
TEMPERATURE (F)
RECORD
HIGH 103 03/21/2004
LOW 24 03/04/2002
HIGHEST 84 03/12 81 3 96 03/25
03/13
LOWEST 32 03/04 48 -16 32 03/09
03/12
AVG. MAXIMUM 74.3 81.1 -6.8 83.6
AVG. MINIMUM 47.3 49.0 -1.7 47.4
MEAN 60.8 65.0 -4.2 65.5
DAYS MAX >= 90 0 6.2 -6.2 6
DAYS MAX <= 32 0 0.0 0.0 0
DAYS MAX >= 45 31 31
DAYS MAX >= 120 0 0
DAYS MIN <= 32 1 0.3 0.7 2
PRECIPITATION (INCHES)
RECORD
MAXIMUM 2.47 2020
MINIMUM 0.00 2017
TOTALS 0.25 0.34 -0.09 0.02
DAILY AVG. 0.01 0.01 -0.00 0.00
DAYS >= .01 3 1.7 1.3 2
DAYS >= .10 2 0.8 1.2 0
DAYS >= .50 0 0.2 -0.2 0
DAYS >= 1.00 0 0.0 0.0 0
DAYS >= %-5.2F 0 0
DAYS >= %-5.2F 0 0
GREATEST
24 HR. TOTAL 0.13 03/01 TO 03/01 0.01 03/28 TO 03/28
03/04 TO 03/04
03/28 TO 03/28
STORM TOTAL 0.13 0.01
(MM/DD(HH)) MM
DEGREE DAYS
HEATING TOTAL 143 78 65 75
SINCE 7/1 1483 1086 397 MM
COOLING TOTAL 20 79 -59 108
SINCE 1/1 20 92 -72 MM
FREEZE DATES
RECORD
EARLIEST 10/30/1971
LATEST 04/10/1999
EARLIEST 11/21
LATEST 03/12
................................................................
WIND (MPH)
AVERAGE WIND SPEED 7.4
RESULTANT WIND SPEED/DIRECTION 4/330
HIGHEST WIND SPEED/DIRECTION 31/270 DATE 03/15
HIGHEST GUST SPEED/DIRECTION 43/310 DATE 03/01
SKY COVER
POSSIBLE SUNSHINE (PERCENT) MM
AVERAGE SKY COVER 0.12
NUMBER OF DAYS FAIR 26
NUMBER OF DAYS PC 4
NUMBER OF DAYS CLOUDY 1
AVERAGE RH (PERCENT) 45
WEATHER CONDITIONS. NUMBER OF DAYS WITH
THUNDERSTORM 0 MIXED PRECIP 0
HEAVY RAIN 1 RAIN 0
LIGHT RAIN 5 FREEZING RAIN 0
LT FREEZING RAIN 0 HAIL 0
HEAVY SNOW 0 SNOW 0
LIGHT SNOW 0 SLEET 0
FOG 4 FOG W/VIS <= 1/4 MILE 0
HAZE 17
- INDICATES NEGATIVE NUMBERS.
R INDICATES RECORD WAS SET OR TIED.
MM INDICATES DATA IS MISSING.
T INDICATES TRACE AMOUNT.
$$