000
CXUS56 KPQR 011301
CF6TTD
PRELIMINARY LOCAL CLIMATOLOGICAL DATA (WS FORM: F-6)
STATION: TROUTDALE OR
MONTH: DECEMBER
YEAR: 2022
LATITUDE: 45 33 N
LONGITUDE: 122 25 W
TEMPERATURE IN F: :PCPN: SNOW: WIND :SUNSHINE: SKY :PK WND
================================================================================
1 2 3 4 5 6A 6B 7 8 9 10 11 12 13 14 15 16 17 18
12Z AVG MX 2MIN
DY MAX MIN AVG DEP HDD CDD WTR SNW DPTH SPD SPD DIR MIN PSBL S-S WX SPD DR
================================================================================
1 44 33 39 -4 26 0 T M M 6.7 18 220 M M 7 23 230
2 44 33 39 -4 26 0 T M M 11.5 24 90 M M 10 8 31 90
3 42 35 39 -4 26 0 0.00 M M 23.9 30 90 M M 2 41 90
4 39 33 36 -7 29 0 0.02 M M 20.0 29 100 M M 8 1 40 90
5 40 35 38 -5 27 0 T M M 11.9 20 80 M M 4 26 80
6 44 35 40 -2 25 0 T M M 1.1 8 90 M M 10 18 9 80
7 45 37 41 -1 24 0 T M M 7.4 26 90 M M 10 18 35 90
8 41 34 38 -4 27 0 0.52 M M 15.0 31 90 M M 10 18 40 80
9 43 37 40 -2 25 0 0.51 M M 13.4 30 90 M M 10 128 38 80
10 46 42 44 2 21 0 0.34 M M 13.7 26 80 M M 10 36 80
11 45 41 43 1 22 0 0.02 M M 2.9 10 250 M M 10 12 260
12 47 39 43 1 22 0 0.00 M M 1.7 8 260 M M 10 10 250
13 41 31 36 -6 29 0 0.00 M M 0.9 6 250 M M 9 7 260
14 48 35 42 1 23 0 0.00 M M 3.1 14 90 M M 5 18 90
15 45 36 41 0 24 0 0.00 M M 17.2 28 90 M M 0 37 80
16 39 34 37 -4 28 0 0.00 M M 22.5 31 90 M M 0 41 90
17 43 27 35 -6 30 0 T M M 5.8 25 80 M M 3 32 80
18 47 36 42 1 23 0 0.02 M M 6.6 18 210 M M 10 23 220
19 44 34 39 -2 26 0 T M M 5.8 25 90 M M 10 31 90
20 50 32 41 0 24 0 0.16 M M 11.2 28 90 M M 10 1268 33 90
21 42 25 34 -7 31 0 0.00 M M 11.4 28 70 M M 5 8 44 70
22 25 19 22 -19 43 0 T M M 25.5 37 80 M M 5 9 54 90
23 27 19 23 -18 42 0 0.05 M M 24.0 36 80 M M 10 1689 47 90
24 34 27 31 -10 34 0 0.47 M M 18.5 36 80 M M 10 168 46 90
25 43 33 38 -3 27 0 0.46 M M 22.0 35 90 M M 10 168 43 90
26 45 38 42 1 23 0 0.89 M M 21.5 38 90 M M 10 1 50 90
27 57 41 49 8 16 0 1.33 M M 17.6 35 200 M M 10 1 50 200
28 50 43 47 6 18 0 T M M 8.3 16 90 M M 8 8 20 80
29 45 42 44 3 21 0 0.41 M M 17.6 30 90 M M 10 128 36 90
30 54 40 47 6 18 0 0.31 M M 4.2 22 90 M M 9 18 29 90
31 51 43 47 6 18 0 0.06 M M 1.3 7 220 M M 10 128 10 190
================================================================================
SM 1350 1069 798 0 5.57 M 374.2 M 245
================================================================================
AV 43.5 34.5 12.1 FASTST M M 8 MAX(MPH)
MISC ----> 38 90 54 90
================================================================================
NOTES:
# LAST OF SEVERAL OCCURRENCES
COLUMN 17 PEAK WIND IN M.P.H.
PRELIMINARY LOCAL CLIMATOLOGICAL DATA (WS FORM: F-6) , PAGE 2
STATION: TROUTDALE OR
MONTH: DECEMBER
YEAR: 2022
LATITUDE: 45 33 N
LONGITUDE: 122 25 W
[TEMPERATURE DATA] [PRECIPITATION DATA] SYMBOLS USED IN COLUMN 16
AVERAGE MONTHLY: 39.0 TOTAL FOR MONTH: 5.57 1 = FOG OR MIST
DPTR FM NORMAL: -2.6 DPTR FM NORMAL: -0.58 2 = FOG REDUCING VISIBILITY
HIGHEST: 57 ON 27 GRTST 24HR 1.92 ON 26-27 TO 1/4 MILE OR LESS
LOWEST: 19 ON 23,22 3 = THUNDER
SNOW, ICE PELLETS, HAIL 4 = ICE PELLETS
TOTAL MONTH: M 5 = HAIL
GRTST 24HR M ON M 6 = FREEZING RAIN OR DRIZZLE
GRTST DEPTH: M ON M 7 = DUSTSTORM OR SANDSTORM:
VSBY 1/2 MILE OR LESS
8 = SMOKE OR HAZE
[NO. OF DAYS WITH] [WEATHER - DAYS WITH] 9 = BLOWING SNOW
X = TORNADO
MAX 32 OR BELOW: 2 0.01 INCH OR MORE: 15
MAX 90 OR ABOVE: 0 0.10 INCH OR MORE: 10
MIN 32 OR BELOW: 7 0.50 INCH OR MORE: 4
MIN 0 OR BELOW: 0 1.00 INCH OR MORE: 1
[HDD (BASE 65) ]
TOTAL THIS MO. 798 CLEAR (SCALE 0-3) 3
DPTR FM NORMAL 73 PTCLDY (SCALE 4-7) 6
TOTAL FM JUL 1 1625 CLOUDY (SCALE 8-10) 22
DPTR FM NORMAL -44
[CDD (BASE 65) ]
TOTAL THIS MO. 0
DPTR FM NORMAL 0 [PRESSURE DATA]
TOTAL FM JAN 1 780 HIGHEST SLP 30.50 ON 22
DPTR FM NORMAL 353 LOWEST SLP 28.99 ON 27
[REMARKS]
#FINAL-12-22#