000
CXUS56 KPQR 011201
CF6TTD
PRELIMINARY LOCAL CLIMATOLOGICAL DATA (WS FORM: F-6)
STATION: TROUTDALE OR
MONTH: MARCH
YEAR: 2024
LATITUDE: 45 33 N
LONGITUDE: 122 25 W
TEMPERATURE IN F: :PCPN: SNOW: WIND :SUNSHINE: SKY :PK WND
================================================================================
1 2 3 4 5 6A 6B 7 8 9 10 11 12 13 14 15 16 17 18
12Z AVG MX 2MIN
DY MAX MIN AVG DEP HDD CDD WTR SNW DPTH SPD SPD DIR MIN PSBL S-S WX SPD DR
================================================================================
1 47 37 42 -4 23 0 0.26 M M 9.0 22 100 M M 9 30 80
2 45 35 40 -6 25 0 0.18 M M 6.6 21 230 M M 9 27 220
3 45 36 41 -6 24 0 0.11 M M 7.0 20 220 M M 10 27 210
4 45 36 41 -6 24 0 0.20 M M 5.5 17 220 M M 9 22 210
5 48 31 40 -7 25 0 0.02 M M 2.3 10 250 M M 6 14 300
6 49 29 39 -8 26 0 0.00 M M 1.5 8 310 M M 7 12 260
7 52 29 41 -6 24 0 0.00 M M 2.2 7 100 M M 0 11 310
8 59 35 47 0 18 0 0.00 M M 14.0 22 90 M M 0 30 100
9 56 45 51 3 14 0 0.05 M M 12.5 25 200 M M 7 39 190
10 55 45 50 2 15 0 0.29 M M 10.3 25 210 M M 10 36 220
11 52 45 49 1 16 0 0.16 M M 6.5 21 200 M M 9 32 190
12 54 42 48 0 17 0 0.08 M M 9.2 23 220 M M 10 30 220
13 57 39 48 0 17 0 0.01 M M 1.6 10 250 M M 5 14 250
14 64 34 49 1 16 0 0.00 M M 7.3 20 100 M M 0 24 100
15 72 50 61 13 4 0 0.00 M M 13.5 22 100 M M 0 31 90
16 74 54 64 16 1 0 0.00 M M 15.2 28 100 M M 0 37 90
17 76 43 60 11 5 0 0.00 M M 4.2 15 80 M M 0 20 80
18 77 41 59 10 6 0 0.00 M M 2.4 10 250 M M 0 13 270
19 72 43 58 9 7 0 0.00 M M 4.4 12 250 M M 2 16 250
20 60 49 55 6 10 0 T M M 4.4 15 230 M M 10 20 220
21 63 52 58 9 7 0 T M M 4.1 10 210 M M 9 16 220
22 64 50 57 8 8 0 0.03 M M 7.4 24 90 M M 7 32 90
23 58 45 52 3 13 0 0.13 M M 4.6 16 220 M M 9 26 240
24 55 45 50 1 15 0 0.09 M M 4.0 13 210 M M 10 16 200
25 54 47 51 2 14 0 0.89 M M 3.2 12 220 M M 10 16 250
26 56 47 52 2 13 0 0.35 M M 4.7 9 90 M M 9 M M
27 59 46 53 3 12 0 0.52 M M 8.8 23 240 M M 9 33 230
28 53 44 49 -1 16 0 0.20 M M 6.9 22 190 M M 10 32 200
29 65 43 54 4 11 0 T M M 6.5 16 100 M M 3 22 90
30 68 35 52 2 13 0 0.00 M M 4.2 12 300 M M 0 23 320
31 67 41 54 4 11 0 0.00 M M 3.5 13 250 M M 2 17 250
================================================================================
SM 1821 1293 450 0 3.57 M 197.5 M 181
================================================================================
AV 58.7 41.7 6.4 FASTST M M 6 MAX(MPH)
MISC ----> 28 100 39 190
================================================================================
NOTES:
# LAST OF SEVERAL OCCURRENCES
COLUMN 17 PEAK WIND IN M.P.H.
PRELIMINARY LOCAL CLIMATOLOGICAL DATA (WS FORM: F-6) , PAGE 2
STATION: TROUTDALE OR
MONTH: MARCH
YEAR: 2024
LATITUDE: 45 33 N
LONGITUDE: 122 25 W
[TEMPERATURE DATA] [PRECIPITATION DATA] SYMBOLS USED IN COLUMN 16
AVERAGE MONTHLY: 50.2 TOTAL FOR MONTH: 3.57 1 = FOG OR MIST
DPTR FM NORMAL: 1.8 DPTR FM NORMAL: -0.84 2 = FOG REDUCING VISIBILITY
HIGHEST: 77 ON 18 GRTST 24HR 1.19 ON 25-26 TO 1/4 MILE OR LESS
LOWEST: 29 ON 7, 6 3 = THUNDER
SNOW, ICE PELLETS, HAIL 4 = ICE PELLETS
TOTAL MONTH: M 5 = HAIL
GRTST 24HR M ON M 6 = FREEZING RAIN OR DRIZZLE
GRTST DEPTH: M ON M 7 = DUSTSTORM OR SANDSTORM:
VSBY 1/2 MILE OR LESS
8 = SMOKE OR HAZE
[NO. OF DAYS WITH] [WEATHER - DAYS WITH] 9 = BLOWING SNOW
X = TORNADO
MAX 32 OR BELOW: 0 0.01 INCH OR MORE: 17
MAX 90 OR ABOVE: 0 0.10 INCH OR MORE: 11
MIN 32 OR BELOW: 3 0.50 INCH OR MORE: 2
MIN 0 OR BELOW: 0 1.00 INCH OR MORE: 0
[HDD (BASE 65) ]
TOTAL THIS MO. 450 CLEAR (SCALE 0-3) 11
DPTR FM NORMAL -66 PTCLDY (SCALE 4-7) 5
TOTAL FM JUL 1 3053 CLOUDY (SCALE 8-10) 15
DPTR FM NORMAL -422
[CDD (BASE 65) ]
TOTAL THIS MO. 0
DPTR FM NORMAL 0 [PRESSURE DATA]
TOTAL FM JAN 1 0 HIGHEST SLP 30.50 ON 14
DPTR FM NORMAL 0 LOWEST SLP 29.29 ON 1
[REMARKS]
#FINAL-03-24#