000
CXUS54 KMEG 011113
CF6TUP
PRELIMINARY LOCAL CLIMATOLOGICAL DATA (WS FORM: F-6)
STATION: TUPELO
MONTH: JANUARY
YEAR: 2023
LATITUDE: 34 16 N
LONGITUDE: 88 46 W
TEMPERATURE IN F: :PCPN: SNOW: WIND :SUNSHINE: SKY :PK WND
================================================================================
1 2 3 4 5 6A 6B 7 8 9 10 11 12 13 14 15 16 17 18
12Z AVG MX 2MIN
DY MAX MIN AVG DEP HDD CDD WTR SNW DPTH SPD SPD DIR MIN PSBL S-S WX SPD DR
================================================================================
1 76 54 65 21 0 0 0.00 0.0 0 6.8 13 180 M M 5 12 17 170
2 76 60 68 24 0 3 0.03 0.0 0 9.0 18 170 M M 9 18 26 170
3 74 63 69 25 0 4 1.29 0.0 0 11.1 33 260 M M 7 1238 46 260
4 67 45 56 12 9 0 0.03 0.0 0 5.8 17 260 M M 1 1 23 240
5 61 37 49 6 16 0 0.00 0.0 0 4.6 23 240 M M 0 8 32 230
6 59 33 46 3 19 0 0.00 0.0 0 1.8 9 180 M M 0 12 200
7 61 43 52 9 13 0 0.15 0.0 0 3.9 12 170 M M 8 1238 14 170
8 58 41 50 7 15 0 0.06 0.0 0 5.3 12 350 M M 8 128 16 350
9 56 33 45 2 20 0 0.00 0.0 0 2.2 9 80 M M 0 18 13 30
10 67 32 50 7 15 0 0.00 0.0 0 5.5 13 180 M M 1 1 16 200
11 74 53 64 21 1 0 0.00 0.0 0 8.8 16 190 M M 6 18 23 200
12 74 44 59 16 6 0 0.10 0.0 0 12.7 25 250 M M 7 13 38 250
13 44 37 41 -2 24 0 0.00 0.0 0 12.0 21 360 M M 10 28 330
14 49 31 40 -3 25 0 0.00 0.0 0 5.6 17 10 M M 4 23 20
15 58 26 42 -1 23 0 0.00 0.0 0 5.6 13 170 M M 0 16 170
16 63 46 55 12 10 0 0.01 0.0 0 11.0 17 180 M M 9 22 180
17 76 52 64 21 1 0 0.03 0.0 0 4.6 14 180 M M 6 1 18 220
18 71 52 62 19 3 0 0.60 0.0 0 10.0 25 180 M M 8 12 34 180
19 67 42 55 12 10 0 0.08 0.0 0 7.5 25 250 M M 1 1 32 240
20 57 33 45 2 20 0 0.00 0.0 0 4.1 12 360 M M 0 16 340
21 57 34 46 3 19 0 0.18 0.0 0 5.9 15 150 M M 4 1 20 40
22 50 43 47 4 18 0 0.15 0.0 0 4.2 16 340 M M 10 1 20 340
23 52 34 43 0 22 0 0.01 0.0 0 2.7 8 340 M M 4 12 11 40
24 52 29 41 -2 24 0 0.92 0.0 0 6.9 29 120 M M 4 13 34 140
25 53 42 48 4 17 0 0.03 0.0 0 9.8 23 250 M M 10 1 32 250
26 47 31 39 -5 26 0 0.00 0.0 0 5.5 16 250 M M 6 24 230
27 58 28 43 -1 22 0 0.00 0.0 0 6.4 20 240 M M 0 26 250
28 60 32 46 2 19 0 T 0.0 0 8.3 21 170 M M 5 29 170
29 57 49 53 9 12 0 0.67 0.0 0 6.7 22 170 M M 10 18 30 180
30 60 45 53 9 12 0 0.03 0.0 0 8.3 16 350 M M 10 12 18 350
31 45 35 40 -4 25 0 0.75 T 0 10.9 20 360 M M 10 14 24 360
================================================================================
SM 1879 1259 446 7 5.12 T 213.5 M 163
================================================================================
AV 60.6 40.6 6.9 FASTST M M 5 MAX(MPH)
MISC ----> 33 260 46 260
================================================================================
NOTES:
# LAST OF SEVERAL OCCURRENCES
COLUMN 17 PEAK WIND IN M.P.H.
PRELIMINARY LOCAL CLIMATOLOGICAL DATA (WS FORM: F-6) , PAGE 2
STATION: TUPELO
MONTH: JANUARY
YEAR: 2023
LATITUDE: 34 16 N
LONGITUDE: 88 46 W
[TEMPERATURE DATA] [PRECIPITATION DATA] SYMBOLS USED IN COLUMN 16
AVERAGE MONTHLY: 50.6 TOTAL FOR MONTH: 5.12 1 = FOG OR MIST
DPTR FM NORMAL: 7.2 DPTR FM NORMAL: 0.30 2 = FOG REDUCING VISIBILITY
HIGHEST: 76 ON 17, 2 GRTST 24HR 3.27 ON 2- 3 TO 1/4 MILE OR LESS
LOWEST: 26 ON 15 3 = THUNDER
SNOW, ICE PELLETS, HAIL 4 = ICE PELLETS
TOTAL MONTH: T 5 = HAIL
GRTST 24HR T ON 31-31 6 = FREEZING RAIN OR DRIZZLE
GRTST DEPTH: 0 7 = DUSTSTORM OR SANDSTORM:
VSBY 1/2 MILE OR LESS
8 = SMOKE OR HAZE
[NO. OF DAYS WITH] [WEATHER - DAYS WITH] 9 = BLOWING SNOW
X = TORNADO
MAX 32 OR BELOW: 0 0.01 INCH OR MORE: 18
MAX 90 OR ABOVE: 0 0.10 INCH OR MORE: 9
MIN 32 OR BELOW: 7 0.50 INCH OR MORE: 5
MIN 0 OR BELOW: 0 1.00 INCH OR MORE: 1
[HDD (BASE 65) ]
TOTAL THIS MO. 446 CLEAR (SCALE 0-3) 9
DPTR FM NORMAL -225 PTCLDY (SCALE 4-7) 12
TOTAL FM JUL 1 1453 CLOUDY (SCALE 8-10) 10
DPTR FM NORMAL -307
[CDD (BASE 65) ]
TOTAL THIS MO. 7
DPTR FM NORMAL 6 [PRESSURE DATA]
TOTAL FM JAN 1 7 HIGHEST SLP 30.38 ON 14
DPTR FM NORMAL 6 LOWEST SLP 29.56 ON 25
[REMARKS]
#FINAL-01-23#