000
CXUS55 KTWC 010855
CF6TUS
PRELIMINARY LOCAL CLIMATOLOGICAL DATA (WS FORM: F-6)
STATION: TUCSON AZ
MONTH: FEBRUARY
YEAR: 2024
LATITUDE: 32 7 N
LONGITUDE: 110 56 W
TEMPERATURE IN F: :PCPN: SNOW: WIND :SUNSHINE: SKY :PK WND
================================================================================
1 2 3 4 5 6A 6B 7 8 9 10 11 12 13 14 15 16 17 18
12Z AVG MX 2MIN
DY MAX MIN AVG DEP HDD CDD WTR SNW DPTH SPD SPD DIR MIN PSBL S-S WX SPD DR
================================================================================
1 77 51 64 9 1 0 0.01 M M 13.0 28 190 M M 2 8 39 190
2 59 47 53 -2 12 0 0.48 M M 7.9 26 290 M M 8 13 40 290
3 59 41 50 -5 15 0 0.06 M M 5.1 15 290 M M 2 23 280
4 69 41 55 0 10 0 0.00 M M 5.2 13 160 M M 3 17 160
5 75 46 61 6 4 0 0.00 M M 6.9 17 160 M M 0 26 140
6 74 51 63 8 2 0 0.10 M M 12.7 43 180 M M 4 18 59 180
7 56 44 50 -5 15 0 0.15 M M 7.9 21 220 M M 6 18 34 180
8 61 38 50 -5 15 0 0.19 M M 8.1 23 200 M M 4 1 34 200
9 57 41 49 -6 16 0 T M M 5.0 14 330 M M 3 1 18 330
10 48 38 43 -13 22 0 0.21 M M 6.7 17 280 M M 8 1 23 270
11 56 36 46 -10 19 0 0.02 M M 5.0 13 150 M M 2 1 17 210
12 67 35 51 -5 14 0 0.00 0.0 0 6.1 16 120 M M M 22 120
13 71 40 56 0 9 0 0.00 0.0 0 5.9 12 330 M M M 17 140
14 70 39 55 -1 10 0 0.00 0.0 0 4.9 13 340 M M M 17 340
15 73 40 57 1 8 0 0.00 M M 6.0 15 340 M M 0 21 350
16 71 42 57 1 8 0 0.00 M M 6.3 14 340 M M 0 19 340
17 74 42 58 2 7 0 0.00 0.0 0 4.6 12 290 M M M 16 290
18 75 45 60 4 5 0 0.00 0.0 0 6.5 15 300 M M M 21 290
19 76 46 61 4 4 0 0.00 M M 6.2 13 170 M M 0 25 100
20 82 44 63 6 2 0 0.00 M M 5.6 13 280 M M 0 18 310
21 71 44 58 1 7 0 0.00 M M 8.4 16 320 M M 0 31 260
22 70 45 58 1 7 0 0.00 M M 5.4 13 330 M M 0 18 340
23 74 45 60 3 5 0 0.00 M M 5.0 12 340 M M 0 15 330
24 80 47 64 6 1 0 0.00 M M 5.7 14 160 M M 0 20 140
25 86 53 70 12 0 5 0.00 M M 6.3 13 300 M M 0 19 290
26 76 61 69 11 0 4 0.01 M M 6.4 17 250 M M 8 3 26 230
27 72 57 65 7 0 0 0.00 M M 6.2 16 240 M M 5 23 260
28 67 50 59 1 6 0 0.16 M M 5.7 25 200 M M 6 3 36 210
29 70 46 58 0 7 0 0.00 M M 4.9 12 250 M M 2 17 280
================================================================================
SM 2016 1295 231 9 1.39 0.0 189.6 M 63
================================================================================
AV 69.5 44.7 6.5 FASTST M M 3 MAX(MPH)
MISC ----> 43 180 59 180
================================================================================
NOTES:
# LAST OF SEVERAL OCCURRENCES
COLUMN 17 PEAK WIND IN M.P.H.
PRELIMINARY LOCAL CLIMATOLOGICAL DATA (WS FORM: F-6) , PAGE 2
STATION: TUCSON AZ
MONTH: FEBRUARY
YEAR: 2024
LATITUDE: 32 7 N
LONGITUDE: 110 56 W
[TEMPERATURE DATA] [PRECIPITATION DATA] SYMBOLS USED IN COLUMN 16
AVERAGE MONTHLY: 57.1 TOTAL FOR MONTH: 1.39 1 = FOG OR MIST
DPTR FM NORMAL: 0.9 DPTR FM NORMAL: 0.55 2 = FOG REDUCING VISIBILITY
HIGHEST: 86 ON 25 GRTST 24HR 0.54 ON 2- 3 TO 1/4 MILE OR LESS
LOWEST: 35 ON 12 3 = THUNDER
SNOW, ICE PELLETS, HAIL 4 = ICE PELLETS
TOTAL MONTH: 0.0 INCH 5 = HAIL
GRTST 24HR 0.0 6 = FREEZING RAIN OR DRIZZLE
GRTST DEPTH: 0 7 = DUSTSTORM OR SANDSTORM:
VSBY 1/2 MILE OR LESS
8 = SMOKE OR HAZE
[NO. OF DAYS WITH] [WEATHER - DAYS WITH] 9 = BLOWING SNOW
X = TORNADO
MAX 32 OR BELOW: 0 0.01 INCH OR MORE: 10
MAX 90 OR ABOVE: 0 0.10 INCH OR MORE: 6
MIN 32 OR BELOW: 0 0.50 INCH OR MORE: 0
MIN 0 OR BELOW: 0 1.00 INCH OR MORE: 0
[HDD (BASE 65) ]
TOTAL THIS MO. 231 CLEAR (SCALE 0-3) 15
DPTR FM NORMAL -20 PTCLDY (SCALE 4-7) 7
TOTAL FM JUL 1 939 CLOUDY (SCALE 8-10) 7
DPTR FM NORMAL -221
[CDD (BASE 65) ]
TOTAL THIS MO. 9
DPTR FM NORMAL 4 [PRESSURE DATA]
TOTAL FM JAN 1 9 HIGHEST SLP M ON M
DPTR FM NORMAL 3 LOWEST SLP 29.65 ON 6
[REMARKS]
#FINAL-02-24#