000
CXUS55 KTWC 011653
CF6TUS
PRELIMINARY LOCAL CLIMATOLOGICAL DATA (WS FORM: F-6)
STATION: TUCSON AZ
MONTH: JUNE
YEAR: 2020
LATITUDE: 32 7 N
LONGITUDE: 110 56 W
TEMPERATURE IN F: :PCPN: SNOW: WIND :SUNSHINE: SKY :PK WND
================================================================================
1 2 3 4 5 6A 6B 7 8 9 10 11 12 13 14 15 16 17 18
12Z AVG MX 2MIN
DY MAX MIN AVG DEP HDD CDD WTR SNW DPTH SPD SPD DIR MIN PSBL S-S WX SPD DR
================================================================================
1 101 74 88 7 0 23 0.04 0.0 M 7.7 24 180 M M 1 3 42 190
2 104 73 89 8 0 24 0.01 0.0 M 7.4 16 210 M M 0 25 210
3 105 72 89 7 0 24 0.00 0.0 M 5.7 15 250 M M 0 23 260
4 108 76 92 10 0 27 0.00 0.0 M 5.8 18 220 M M 0 28 250
5 103 75 89 7 0 24 0.00 0.0 M 6.2 21 230 M M 0 3 28 240
6 94 69 82 0 0 17 0.00 0.0 M 7.4 16 310 M M 0 25 300
7 94 66 80 -3 0 15 0.00 0.0 M 9.2 22 230 M M 0 31 250
8 90 66 78 -5 0 13 0.00 0.0 M 9.1 22 340 M M 0 32 290
9 93 53 73 -10 0 8 0.00 0.0 M 5.1 15 350 M M 0 22 320
10 102 60 81 -3 0 16 0.00 0.0 M 6.6 15 340 M M 0 8 20 270
11 105 68 87 3 0 22 0.00 0.0 M 6.3 16 260 M M 0 8 25 270
12 108 70 89 5 0 24 0.00 0.0 M 8.1 22 220 M M 0 31 190
13 106 70 88 4 0 23 0.00 0.0 M 10.2 25 240 M M 0 38 230
14 103 69 86 1 0 21 0.00 0.0 M 8.2 22 260 M M 0 31 260
15 104 69 87 2 0 22 0.00 0.0 M 6.4 22 150 M M 0 27 160
16 103 77 90 5 0 25 0.00 0.0 M 10.9 26 220 M M 0 36 240
17 101 68 85 -1 0 20 0.00 0.0 M 10.4 25 250 M M 0 35 250
18 101 66 84 -2 0 19 0.00 0.0 M 8.2 20 270 M M 0 28 270
19 101 64 83 -3 0 18 0.00 0.0 M 6.8 20 240 M M 0 27 240
20 103 68 86 0 0 21 0.00 0.0 M 6.7 16 310 M M 0 30 280
21 104 71 88 2 0 23 0.00 0.0 M 7.0 16 260 M M 0 8 22 330
22 105 72 89 3 0 24 0.00 0.0 M 7.0 16 340 M M M 8 22 330
23 106 70 88 1 0 23 0.00 0.0 M 6.4 17 270 M M M 8 23 280
24 108 71 90 3 0 25 0.00 0.0 M 5.5 16 330 M M M 8 22 310
25 109 76 93 6 0 28 0.00 0.0 M 8.2 21 300 M M M 29 320
26 106 75 91 4 0 26 0.00 0.0 M 7.4 17 300 M M M 27 340
27 103 83 93 6 0 28 0.00 0.0 M 10.8 21 120 M M M 31 260
28 99 77 88 1 0 23 0.00 0.0 M 10.7 25 180 M M M 47 250
29 99 75 87 0 0 22 0.00 0.0 M 14.4 28 250 M M 0 40 260
30 98 74 86 -2 0 21 0.00 0.0 M 9.2 25 250 M M 0 37 250
================================================================================
SM 3066 2117 0 649 0.05 0.0 239.0 M 1
================================================================================
AV102.2 70.6 8.0 FASTST M M 0 MAX(MPH)
MISC ----> 28 250 47 250
================================================================================
NOTES:
# LAST OF SEVERAL OCCURRENCES
COLUMN 17 PEAK WIND IN M.P.H.
PRELIMINARY LOCAL CLIMATOLOGICAL DATA (WS FORM: F-6) , PAGE 2
STATION: TUCSON AZ
MONTH: JUNE
YEAR: 2020
LATITUDE: 32 7 N
LONGITUDE: 110 56 W
[TEMPERATURE DATA] [PRECIPITATION DATA] SYMBOLS USED IN COLUMN 16
AVERAGE MONTHLY: 86.4 TOTAL FOR MONTH: 0.05 1 = FOG OR MIST
DPTR FM NORMAL: 1.6 DPTR FM NORMAL: -0.15 2 = FOG REDUCING VISIBILITY
HIGHEST: 109 ON 25 GRTST 24HR 0.05 ON 1- 2 TO 1/4 MILE OR LESS
LOWEST: 53 ON 9 3 = THUNDER
SNOW, ICE PELLETS, HAIL 4 = ICE PELLETS
TOTAL MONTH: 0.0 INCH 5 = HAIL
GRTST 24HR 0.0 6 = FREEZING RAIN OR DRIZZLE
GRTST DEPTH: M ON M 7 = DUSTSTORM OR SANDSTORM:
VSBY 1/2 MILE OR LESS
8 = SMOKE OR HAZE
[NO. OF DAYS WITH] [WEATHER - DAYS WITH] 9 = BLOWING SNOW
X = TORNADO
MAX 32 OR BELOW: 0 0.01 INCH OR MORE: 2
MAX 90 OR ABOVE: 30 0.10 INCH OR MORE: 0
MIN 32 OR BELOW: 0 0.50 INCH OR MORE: 0
MIN 0 OR BELOW: 0 1.00 INCH OR MORE: 0
[HDD (BASE 65) ]
TOTAL THIS MO. 0 CLEAR (SCALE 0-3) 23
DPTR FM NORMAL 0 PTCLDY (SCALE 4-7) 0
TOTAL FM JUL 1 1258 CLOUDY (SCALE 8-10) 7
DPTR FM NORMAL -253
[CDD (BASE 65) ]
TOTAL THIS MO. 649
DPTR FM NORMAL 55 [PRESSURE DATA]
TOTAL FM JAN 1 1318 HIGHEST SLP 30.01 ON 9
DPTR FM NORMAL 222 LOWEST SLP 29.56 ON 5
[REMARKS]
#FINAL-06-20#