000
CXUS53 KAPX 011015
CLMTVC
CLIMATE REPORT
NATIONAL WEATHER SERVICE
615 AM EDT WED NOV 01 2023
...................................
...THE TRAVERSE CITY MI CLIMATE SUMMARY FOR THE MONTH OF OCTOBER 2023...
CLIMATE NORMAL PERIOD: 1991 TO 2020
CLIMATE RECORD PERIOD: 1896 TO 2023
WEATHER OBSERVED NORMAL DEPART LAST YEAR`S
VALUE DATE(S) VALUE FROM VALUE
NORMAL
..............................................................
TEMPERATURE (F)
HIGHEST 88 10/02 MM MM
10/03
LOWEST 31 10/23 MM MM
10/31
AVG. MAXIMUM 59.5 58.7 0.8
AVG. MINIMUM 47.2 41.1 6.1
MEAN 53.4 49.9 3.5
DAYS MAX >= 90 0 0.0 0.0
DAYS MAX <= 32 0 0.0 0.0
DAYS MIN <= 32 2 4.6 -2.6
DAYS MIN <= 0 0 0.0 0.0
PRECIPITATION (INCHES)
TOTALS 3.42 3.60 -0.18
DAYS >= .01 21 15.6 5.4
DAYS >= .10 8 8.3 -0.3
DAYS >= .50 1 2.0 -1.0
DAYS >= 1.00 1 0.7 0.3
GREATEST
24 HR. TOTAL 1.29 10/24 TO 10/25
DEGREE DAYS
HEATING TOTAL 389 475 -86
SINCE 7/1 493 674 -181
COOLING TOTAL 36 7 29
SINCE 1/1 596 535 61
..............................................................
WIND (MPH)
AVERAGE WIND SPEED 7.0
HIGHEST WIND SPEED/DIRECTION 23/330 DATE 10/08
HIGHEST GUST SPEED/DIRECTION 38/260 DATE 10/06
SKY COVER
AVERAGE SKY COVER 0.81
AVERAGE RH (PERCENT) 74
- INDICATES NEGATIVE NUMBERS.
R INDICATES RECORD WAS SET OR TIED.
MM INDICATES DATA IS MISSING.
T INDICATES TRACE AMOUNT.
$$