068
CXUS54 KJAN 011510
CF6TVR
PRELIMINARY LOCAL CLIMATOLOGICAL DATA (WS FORM: F-6)
STATION: VICKSBURG
MONTH: DECEMBER
YEAR: 2020
LATITUDE: 32 20 N
LONGITUDE: 91 2 W
TEMPERATURE IN F: :PCPN: SNOW: WIND :SUNSHINE: SKY :PK WND
================================================================================
1 2 3 4 5 6A 6B 7 8 9 10 11 12 13 14 15 16 17 18
12Z AVG MX 2MIN
DY MAX MIN AVG DEP HDD CDD WTR SNW DPTH SPD SPD DIR MIN PSBL S-S WX SPD DR
================================================================================
1 55 24 40 -11 25 0 0.00 0.0 0 0.7 7 140 M M 0 11 110
2 63 29 46 -5 19 0 T 0.0 0 8.0 21 110 M M 1 27 120
3 52 47 50 -1 15 0 0.64 0.0 0 4.9 12 130 M M 9 13 21 130
4 54 34 44 -6 21 0 T 0.0 0 3.6 12 300 M M 5 1 18 310
5 60 31 46 -4 19 0 0.00 0.0 0 0.5 7 170 M M 0 1 10 10
6 58 35 47 -3 18 0 0.02 0.0 0 2.5 10 180 M M 2 18 14 180
7 58 35 47 -3 18 0 0.00 0.0 0 4.0 10 300 M M 0 1 19 300
8 69 30 50 1 15 0 0.00 0.0 0 1.8 8 170 M M 1 12 13 270
9 74 34 54 5 11 0 0.00 0.0 0 0.8 7 280 M M 0 1 12 300
10 76 38 57 8 8 0 0.00 0.0 0 2.9 8 190 M M 0 18 14 230
11 74 45 60 11 5 0 0.37 0.0 0 7.3 18 180 M M 3 1 26 180
12 69 45 57 8 8 0 0.60 0.0 0 1.9 9 320 M M 5 12 16 330
13 64 45 55 7 10 0 1.16 0.0 0 7.8 25 320 M M 5 1 44 330
14 47 42 45 -3 20 0 0.01 0.0 0 10.5 20 20 M M 10 1 30 330
15 45 40 43 -5 22 0 0.19 0.0 0 5.2 12 80 M M 10 1 15 80
16 43 38 41 -7 24 0 0.07 0.0 0 6.1 12 310 M M 10 1 21 320
17 50 32 41 -7 24 0 0.00 0.0 0 2.3 9 330 M M 5 1 16 310
18 61 29 45 -2 20 0 0.00 0.0 0 5.5 13 140 M M 0 12 17 190
19 63 41 52 5 13 0 0.55 0.0 0 7.0 16 150 M M 7 1 22 330
20 58 40 49 2 16 0 T 0.0 0 2.7 10 300 M M 9 12 14 310
21 69 35 52 5 13 0 0.00 0.0 0 1.4 7 280 M M 3 12 13 280
22 72 37 55 8 10 0 0.00 M M 3.6 9 160 M M 0 1 13 150
23 68 47 58 11 7 0 1.18 M M 10.4 20 170 M M 7 13 28 340
24 54 32 43 -4 22 0 0.01 M M 8.7 20 290 M M 4 1 36 270
25 45 27 36 -10 29 0 T M M 3.3 15 290 M M 0 22 310
26 61 28 45 -1 20 0 T M M 2.8 12 170 M M 0 15 180
27 69 34 52 6 13 0 0.00 M M 7.1 17 180 M M 1 29 160
28 65 48 57 11 8 0 T M M 4.2 10 30 M M 8 14 360
29 73 43 58 12 7 0 0.00 M M 8.0 16 160 M M 2 12 21 150
30 71 59 65 19 0 0 0.02 M M 10.0 22 170 M M 6 18 29 160
31 69 50 60 14 5 0 0.89 0.0 0 9.5 16 10 M M 10 1 27 240
================================================================================
SM 1909 1174 465 0 5.71 0.0 155.0 M 123
================================================================================
AV 61.6 37.9 5.0 FASTST M M 4 MAX(MPH)
MISC ----> 25 320 44 330
================================================================================
NOTES:
# LAST OF SEVERAL OCCURRENCES
COLUMN 17 PEAK WIND IN M.P.H.
PRELIMINARY LOCAL CLIMATOLOGICAL DATA (WS FORM: F-6) , PAGE 2
STATION: VICKSBURG
MONTH: DECEMBER
YEAR: 2020
LATITUDE: 32 20 N
LONGITUDE: 91 2 W
[TEMPERATURE DATA] [PRECIPITATION DATA] SYMBOLS USED IN COLUMN 16
AVERAGE MONTHLY: 49.7 TOTAL FOR MONTH: 5.71 1 = FOG OR MIST
DPTR FM NORMAL: 1.7 DPTR FM NORMAL: 0.10 2 = FOG REDUCING VISIBILITY
HIGHEST: 76 ON 10 GRTST 24HR 1.19 ON 23-24 TO 1/4 MILE OR LESS
LOWEST: 24 ON 1 3 = THUNDER
SNOW, ICE PELLETS, HAIL 4 = ICE PELLETS
TOTAL MONTH: 0.0 INCH 5 = HAIL
GRTST 24HR 0.0 6 = FREEZING RAIN OR DRIZZLE
GRTST DEPTH: 0 7 = DUSTSTORM OR SANDSTORM:
VSBY 1/2 MILE OR LESS
8 = SMOKE OR HAZE
[NO. OF DAYS WITH] [WEATHER - DAYS WITH] 9 = BLOWING SNOW
X = TORNADO
MAX 32 OR BELOW: 0 0.01 INCH OR MORE: 13
MAX 90 OR ABOVE: 0 0.10 INCH OR MORE: 8
MIN 32 OR BELOW: 9 0.50 INCH OR MORE: 6
MIN 0 OR BELOW: 0 1.00 INCH OR MORE: 2
[HDD (BASE 65) ]
TOTAL THIS MO. 465 CLEAR (SCALE 0-3) 14
DPTR FM NORMAL -70 PTCLDY (SCALE 4-7) 11
TOTAL FM JUL 1 694 CLOUDY (SCALE 8-10) 6
DPTR FM NORMAL -242
[CDD (BASE 65) ]
TOTAL THIS MO. 0
DPTR FM NORMAL -6 [PRESSURE DATA]
TOTAL FM JAN 1 2763 HIGHEST SLP 30.44 ON 18
DPTR FM NORMAL 532 LOWEST SLP 29.69 ON 31
[REMARKS]
#FINAL-12-20#