000
CXUS54 KJAN 030515
CLMTVR
CLIMATE REPORT
NATIONAL WEATHER SERVICE JACKSON MS
1115 PM CST FRI FEB 02 2024
...................................
...THE VICKSBURG CLIMATE SUMMARY FOR THE MONTH OF JANUARY 2024...
CLIMATE NORMAL PERIOD: 1991 TO 2020
CLIMATE RECORD PERIOD: 1948 TO 2024
WEATHER OBSERVED NORMAL DEPART LAST YEAR`S
VALUE DATE(S) VALUE FROM VALUE
NORMAL
..............................................................
TEMPERATURE (F)
RECORD
HIGH 85 01/01/2022
LOW -2 01/24/1948
HIGHEST 73 01/30 0 73 80
LOWEST 8 01/17 0 8 29
AVG. MAXIMUM 54.4 57.2 -2.8 64.3
AVG. MINIMUM 32.9 37.9 -5.0 43.8
MEAN 43.7 47.6 -3.9 54.0
DAYS MAX >= 90 0 0.0 0.0 MM
DAYS MAX <= 32 2 0.7 1.3 MM
DAYS MIN <= 32 17 12.4 4.6 MM
DAYS MIN <= 0 0 0.0 0.0 MM
PRECIPITATION (INCHES)
RECORD
MAXIMUM 15.69 1974
MINIMUM 0.92 2003
TOTALS 9.11 5.44 3.67 6.42
DAILY AVG. 0.29 0.18 0.11 0.21
DAYS >= .01 11 9.3 1.7 12
DAYS >= .10 8 6.7 1.3 8
DAYS >= .50 7 3.5 3.5 5
DAYS >= 1.00 4 1.7 2.3 3
GREATEST
24 HR. TOTAL 2.89 01/24 TO 01/24 1.60
SNOWFALL (INCHES)
TOTALS 0.0
DEGREE DAYS
HEATING TOTAL 655 546 109 360
SINCE 7/1 1398 1416 -18 MM
COOLING TOTAL 0 5 -5 27
SINCE 1/1 0 5 -5 MM
..............................................................
WIND (MPH)
AVERAGE WIND SPEED 6.7
HIGHEST WIND SPEED/DIRECTION 33/140 DATE 01/08
HIGHEST GUST SPEED/DIRECTION 50/140 DATE 01/08
SKY COVER
POSSIBLE SUNSHINE (PERCENT) MM
AVERAGE SKY COVER 0.44
NUMBER OF DAYS FAIR 15
NUMBER OF DAYS PC 7
NUMBER OF DAYS CLOUDY 9
AVERAGE RH (PERCENT) 71
WEATHER CONDITIONS. NUMBER OF DAYS WITH
THUNDERSTORM 6 MIXED PRECIP 0
HEAVY RAIN 7 RAIN 9
LIGHT RAIN 13 FREEZING RAIN 0
LT FREEZING RAIN 0 HAIL 0
HEAVY SNOW 0 SNOW 0
LIGHT SNOW 1 SLEET 0
FOG 20 FOG W/VIS <= 1/4 MILE 5
HAZE 10
- INDICATES NEGATIVE NUMBERS.
R INDICATES RECORD WAS SET OR TIED.
MM INDICATES DATA IS MISSING.
T INDICATES TRACE AMOUNT.
$$