000
CXUS55 KBOI 011002
CF6TWF
PRELIMINARY LOCAL CLIMATOLOGICAL DATA (WS FORM: F-6)
STATION: TWIN FALLS ID
MONTH: APRIL
YEAR: 2023
LATITUDE: 42 28 N
LONGITUDE: 114 29 W
TEMPERATURE IN F: :PCPN: SNOW: WIND :SUNSHINE: SKY :PK WND
================================================================================
1 2 3 4 5 6A 6B 7 8 9 10 11 12 13 14 15 16 17 18
12Z AVG MX 2MIN
DY MAX MIN AVG DEP HDD CDD WTR SNW DPTH SPD SPD DIR MIN PSBL S-S WX SPD DR
================================================================================
1 51 32 42 -2 23 0 0.06 M M 13.8 32 240 M M 9 1 47 230
2 39 31 35 -9 30 0 0.04 M M 9.3 18 200 M M 10 1 29 230
3 38 27 33 -11 32 0 0.04 M M 21.2 32 280 M M 9 1 45 290
4 40 26 33 -11 32 0 T M M 25.3 35 280 M M 10 48 280
5 42 24 33 -11 32 0 T M M 14.6 23 280 M M 7 8 30 270
6 50 23 37 -7 28 0 0.00 M M 12.4 25 180 M M 0 33 190
7 55 23 39 -6 26 0 T M M 8.1 24 210 M M 4 8 33 200
8 60 34 47 2 18 0 0.00 M M 5.8 15 320 M M 6 8 18 320
9 69 36 53 8 12 0 0.00 M M 7.6 16 200 M M 0 24 200
10 75 35 55 10 10 0 0.00 M M 13.9 28 180 M M 0 8 38 180
11 70 40 55 10 10 0 0.00 M M 13.6 25 250 M M 0 36 190
12 57 32 45 0 20 0 0.00 M M 14.5 28 280 M M 2 37 280
13 46 27 37 -9 28 0 T M M 18.2 36 290 M M 4 48 300
14 52 27 40 -6 25 0 0.00 M M 10.9 21 320 M M 3 31 280
15 62 24 43 -3 22 0 0.00 M M 7.7 17 100 M M 0 22 70
16 72 24 48 2 17 0 0.00 M M 11.8 26 230 M M 0 8 36 180
17 63 38 51 5 14 0 T M M 11.8 30 310 M M 2 8 38 320
18 44 23 34 -13 31 0 0.03 M M 15.8 37 270 M M 6 128 54 300
19 49 22 36 -11 29 0 0.00 M M 12.3 25 260 M M 3 37 280
20 48 25 37 -10 28 0 0.00 M M 12.9 25 280 M M 3 32 290
21 47 32 40 -8 25 0 0.03 M M 15.9 30 290 M M 7 1 39 280
22 54 34 44 -4 21 0 0.00 M M 11.1 21 310 M M 8 28 290
23 66 29 48 0 17 0 0.03 M M 8.6 29 250 M M 3 38 250
24 58 39 49 1 16 0 0.00 M M 19.9 33 290 M M 5 53 290
25 59 34 47 -2 18 0 0.00 M M 16.3 25 270 M M 2 35 270
26 68 39 54 5 11 0 0.00 M M 12.2 18 300 M M 0 24 300
27 71 47 59 10 6 0 0.00 M M 20.4 35 300 M M 0 48 300
28 75 33 54 4 11 0 0.00 M M 8.8 17 110 M M 0 25 130
29 84 36 60 10 5 0 0.00 M M 6.0 15 290 M M 0 22 350
30 88 44 66 16 0 1 0.00 M M 8.3 26 210 M M 0 8 36 220
================================================================================
SM 1752 940 597 1 0.23 M 389.0 M 103
================================================================================
AV 58.4 31.3 13.0 FASTST M M 3 MAX(MPH)
MISC ----> 37 270 54 300
================================================================================
NOTES:
# LAST OF SEVERAL OCCURRENCES
COLUMN 17 PEAK WIND IN M.P.H.
PRELIMINARY LOCAL CLIMATOLOGICAL DATA (WS FORM: F-6) , PAGE 2
STATION: TWIN FALLS ID
MONTH: APRIL
YEAR: 2023
LATITUDE: 42 28 N
LONGITUDE: 114 29 W
[TEMPERATURE DATA] [PRECIPITATION DATA] SYMBOLS USED IN COLUMN 16
AVERAGE MONTHLY: 44.9 TOTAL FOR MONTH: 0.23 1 = FOG OR MIST
DPTR FM NORMAL: -1.6 DPTR FM NORMAL: -0.90 2 = FOG REDUCING VISIBILITY
HIGHEST: 88 ON 30 GRTST 24HR 0.08 ON 2- 3 TO 1/4 MILE OR LESS
LOWEST: 22 ON 19 3 = THUNDER
SNOW, ICE PELLETS, HAIL 4 = ICE PELLETS
TOTAL MONTH: M 5 = HAIL
GRTST 24HR M ON M 6 = FREEZING RAIN OR DRIZZLE
GRTST DEPTH: M ON M 7 = DUSTSTORM OR SANDSTORM:
VSBY 1/2 MILE OR LESS
8 = SMOKE OR HAZE
[NO. OF DAYS WITH] [WEATHER - DAYS WITH] 9 = BLOWING SNOW
X = TORNADO
MAX 32 OR BELOW: 0 0.01 INCH OR MORE: 6
MAX 90 OR ABOVE: 0 0.10 INCH OR MORE: 0
MIN 32 OR BELOW: 17 0.50 INCH OR MORE: 0
MIN 0 OR BELOW: 0 1.00 INCH OR MORE: 0
[HDD (BASE 65) ]
TOTAL THIS MO. 597 CLEAR (SCALE 0-3) 17
DPTR FM NORMAL 42 PTCLDY (SCALE 4-7) 9
TOTAL FM JUL 1 6223 CLOUDY (SCALE 8-10) 4
DPTR FM NORMAL 257
[CDD (BASE 65) ]
TOTAL THIS MO. 1
DPTR FM NORMAL 1 [PRESSURE DATA]
TOTAL FM JAN 1 1 HIGHEST SLP 30.33 ON 20
DPTR FM NORMAL 1 LOWEST SLP 29.52 ON 30
[REMARKS]
#FINAL-04-23#