000
CXUS55 KSEW 011030
CF6UIL
PRELIMINARY LOCAL CLIMATOLOGICAL DATA (WS FORM: F-6)
STATION: QUILLAYUTE WA AIRPORT
MONTH: JANUARY
YEAR: 2024
LATITUDE: 47 57 N
LONGITUDE: 124 33 W
TEMPERATURE IN F: :PCPN: SNOW: WIND :SUNSHINE: SKY :PK WND
================================================================================
1 2 3 4 5 6A 6B 7 8 9 10 11 12 13 14 15 16 17 18
12Z AVG MX 2MIN
DY MAX MIN AVG DEP HDD CDD WTR SNW DPTH SPD SPD DIR MIN PSBL S-S WX SPD DR
================================================================================
1 49 33 41 0 24 0 0.00 M M 3.2 9 80 M M 0 18 13 90
2 53 44 49 8 16 0 0.20 M M 5.8 13 70 M M 10 20 70
3 53 48 51 10 14 0 0.44 M M 4.3 10 130 M M 10 18 19 140
4 53 44 49 8 16 0 0.42 M M 5.1 14 150 M M 9 13 23 150
5 52 41 47 6 18 0 1.45 M M 9.1 23 200 M M 10 43 180
6 50 37 44 3 21 0 0.27 M M 5.7 18 310 M M 8 18 34 330
7 46 31 39 -2 26 0 0.00 M M 4.0 8 80 M M 4 8 10 100
8 54 40 47 6 18 0 1.42 M M 10.1 35 250 M M 10 18 55 250
9 49 41 45 3 20 0 0.59 M M 18.4 36 270 M M 10 8 64 250
10 49 37 43 1 22 0 0.28 M M 4.9 20 290 M M 6 18 32 300
11 47 27 37 -5 28 0 0.01 M M 11.8 26 280 M M 7 41 290
12 27 19 23 -19 42 0 0.00 M M 13.6 22 50 M M 4 32 40
13 32 20 26 -16 39 0 0.00 M M 10.4 18 30 M M 0 30 30
14 39 22 31 -11 34 0 0.00 M M 3.4 12 50 M M 8 16 40
15 42 23 33 -9 32 0 0.00 M M 4.2 13 50 M M 0 18 50
16 44 24 34 -8 31 0 0.13 M M 3.1 9 60 M M 4 18 12 70
17 45 37 41 -1 24 0 1.22 M M 3.9 16 360 M M 10 1 23 280
18 43 35 39 -3 26 0 1.68 M M 5.9 12 70 M M 9 1 19 90
19 52 42 47 5 18 0 0.72 M M 5.7 13 80 M M 9 18 17 80
20 51 37 44 2 21 0 0.06 M M 3.5 9 50 M M 6 18 13 50
21 55 44 50 8 15 0 0.98 M M 5.8 12 130 M M 10 18 21 140
22 52 49 51 9 14 0 0.66 M M 6.1 14 180 M M 10 1 24 180
23 52 47 50 8 15 0 0.40 M M 5.0 12 230 M M 9 1 24 160
24 54 46 50 8 15 0 0.95 M M 9.3 16 150 M M 10 18 32 130
25 52 50 51 9 14 0 0.83 M M 7.5 14 190 M M 10 1 25 160
26 55 50 53 11 12 0 0.81 M M 8.6 17 150 M M 10 1 30 160
27 57 54 56 14 9 0 2.93 M M 8.8 18 180 M M 10 1 32 170
28 65 53 59 17 6 0 0.66 M M 6.4 21 170 M M 10 1 39 130
29 67 M M M M M M M M M M M M M 8 M M
30 M M M M M M M M M M M M M M 9 M M
31 60 53 57 15 8 0 0.70 M M 9.2 18 150 M M 10 1 40 200
================================================================================
SM 1499 1128 598 0 17.81 M 202.8 M 240
================================================================================
AV 50.0 38.9 7.0 FASTST M M 8 MAX(MPH)
MISC ----> 36 270 64 250
================================================================================
NOTES:
# LAST OF SEVERAL OCCURRENCES
COLUMN 17 PEAK WIND IN M.P.H.
PRELIMINARY LOCAL CLIMATOLOGICAL DATA (WS FORM: F-6) , PAGE 2
STATION: QUILLAYUTE WA AIRPORT
MONTH: JANUARY
YEAR: 2024
LATITUDE: 47 57 N
LONGITUDE: 124 33 W
[TEMPERATURE DATA] [PRECIPITATION DATA] SYMBOLS USED IN COLUMN 16
AVERAGE MONTHLY: 44.4 TOTAL FOR MONTH: 17.81 1 = FOG OR MIST
DPTR FM NORMAL: 2.7 DPTR FM NORMAL: 2.22 2 = FOG REDUCING VISIBILITY
HIGHEST: 67 ON 29 GRTST 24HR 2.93 ON 27-27 TO 1/4 MILE OR LESS
LOWEST: 19 ON 12 3 = THUNDER
SNOW, ICE PELLETS, HAIL 4 = ICE PELLETS
TOTAL MONTH: M 5 = HAIL
GRTST 24HR M ON M 6 = FREEZING RAIN OR DRIZZLE
GRTST DEPTH: M ON M 7 = DUSTSTORM OR SANDSTORM:
VSBY 1/2 MILE OR LESS
8 = SMOKE OR HAZE
[NO. OF DAYS WITH] [WEATHER - DAYS WITH] 9 = BLOWING SNOW
X = TORNADO
MAX 32 OR BELOW: 2 0.01 INCH OR MORE: 23
MAX 90 OR ABOVE: 0 0.10 INCH OR MORE: 21
MIN 32 OR BELOW: 7 0.50 INCH OR MORE: 14
MIN 0 OR BELOW: 0 1.00 INCH OR MORE: 5
[HDD (BASE 65) ]
TOTAL THIS MO. 598 CLEAR (SCALE 0-3) 3
DPTR FM NORMAL -124 PTCLDY (SCALE 4-7) 8
TOTAL FM JUL 1 2211 CLOUDY (SCALE 8-10) 20
DPTR FM NORMAL -901
[CDD (BASE 65) ]
TOTAL THIS MO. 0
DPTR FM NORMAL 0 [PRESSURE DATA]
TOTAL FM JAN 1 0 HIGHEST SLP 29.42 ON 31
DPTR FM NORMAL 0 LOWEST SLP 29.34 ON 31
[REMARKS]
#FINAL-01-24#