000
CXUS53 KUNR 010930
CF6UNR
PRELIMINARY LOCAL CLIMATOLOGICAL DATA (WS FORM: F-6)
STATION: EAST RAPID CITY SD
MONTH: OCTOBER
YEAR: 2023
LATITUDE: 44 4 N
LONGITUDE: 103 13 W
TEMPERATURE IN F: :PCPN: SNOW: WIND :SUNSHINE: SKY :PK WND
================================================================================
1 2 3 4 5 6A 6B 7 8 9 10 11 12 13 14 15 16 17 18
12Z AVG MX 2MIN
DY MAX MIN AVG DEP HDD CDD WTR SNW DPTH SPD SPD DIR MIN PSBL S-S WX SPD DR
================================================================================
1 75 53 64 9 1 0 T 0.0 0 8.8 18 10 M M M 23 340
2 68 52 60 5 5 0 0.79 0.0 0 6.6 17 20 M M M 35 23 340
3 67 50 59 5 6 0 0.05 0.0 0 7.8 24 300 M M M 37 300
4 66 47 57 3 8 0 T 0.0 0 7.3 22 320 M M M 33 320
5 62 40 51 -2 14 0 T 0.0 0 10.5 32 360 M M M 45 360
6 50 35 43 -10 22 0 T 0.0 0 10.9 31 340 M M M 43 330
7 72 35 54 2 11 0 0.00 0.0 0 3.2 12 30 M M M 16 30
8 68 49 59 7 6 0 0.00 0.0 0 5.7 14 30 M M M 20 30
9 70 43 57 6 8 0 0.00 0.0 0 4.5 13 120 M M M 18 120
10 69 42 56 5 9 0 0.00 0.0 0 3.7 14 130 M M M 18 120
11 61 41 51 1 14 0 0.00 0.0 0 5.1 15 330 M M M 20 90
12 52 40 46 -4 19 0 2.63 0.0 0 17.8 30 360 M M M 47 360
13 45 38 42 -7 23 0 T 0.0 0 15.7 29 340 M M M 43 340
14 50 33 42 -7 23 0 0.00 0.0 0 4.4 13 110 M M M 16 140
15 57 31 44 -4 21 0 0.00 0.0 0 4.6 13 120 M M M 20 130
16 72 38 55 7 10 0 0.00 0.0 0 5.9 13 140 M M M 17 140
17 78 44 61 13 4 0 T 0.0 0 6.9 37 350 M M M 59 330
18 63 53 58 11 7 0 0.00 0.0 0 14.2 33 330 M M M 54 320
19 76 50 63 16 2 0 0.00 0.0 0 7.9 22 330 M M M 31 330
20 76 57 67 21 0 2 0.00 0.0 0 7.4 17 360 M M M 26 350
21 63 44 54 8 11 0 0.00 0.0 0 5.5 12 120 M M M 15 120
22 66 44 55 9 10 0 0.00 0.0 0 4.8 14 140 M M M 20 150
23 57 43 50 5 15 0 T 0.0 0 7.9 20 350 M M M 29 350
24 51 43 47 2 18 0 0.01 0.0 0 3.8 9 140 M M M 14 140
25 61 25 43 -2 22 0 0.01 0.0 0 11.5 20 350 M M M 31 340
26 27 13 20 -24 45 0 0.02 0.4 0 12.5 22 350 M M M 46 33 350
27 25 9 17 -27 48 0 0.00 0.0 T 5.4 13 350 M M M 16 350
28 24 15 20 -24 45 0 0.01 0.2 T 5.0 14 360 M M M 16 10
29 29 17 23 -20 42 0 T T 0 8.7 25 330 M M M 36 310
30 44 16 30 -13 35 0 0.00 0.0 0 10.5 24 10 M M M 37 350
31 43 15 29 -13 36 0 0.00 0.0 0 6.1 16 150 M M M 22 160
================================================================================
SM 1787 1155 540 2 3.52 0.6 240.6 M M
================================================================================
AV 57.6 37.3 7.8 FASTST M M M MAX(MPH)
MISC ----> 37 350 59 330
================================================================================
NOTES:
# LAST OF SEVERAL OCCURRENCES
COLUMN 17 PEAK WIND IN M.P.H.
PRELIMINARY LOCAL CLIMATOLOGICAL DATA (WS FORM: F-6) , PAGE 2
STATION: EAST RAPID CITY SD
MONTH: OCTOBER
YEAR: 2023
LATITUDE: 44 4 N
LONGITUDE: 103 13 W
[TEMPERATURE DATA] [PRECIPITATION DATA] SYMBOLS USED IN COLUMN 16
AVERAGE MONTHLY: 47.5 TOTAL FOR MONTH: 3.52 1 = FOG OR MIST
DPTR FM NORMAL: -0.8 DPTR FM NORMAL: 2.03 2 = FOG REDUCING VISIBILITY
HIGHEST: 78 ON 17 GRTST 24HR 2.63 ON 12-12 TO 1/4 MILE OR LESS
LOWEST: 9 ON 27 3 = THUNDER
SNOW, ICE PELLETS, HAIL 4 = ICE PELLETS
TOTAL MONTH: 0.6 INCH 5 = HAIL
GRTST 24HR 0.4 ON 26-26 6 = FREEZING RAIN OR DRIZZLE
GRTST DEPTH: T 7 = DUSTSTORM OR SANDSTORM:
VSBY 1/2 MILE OR LESS
8 = SMOKE OR HAZE
[NO. OF DAYS WITH] [WEATHER - DAYS WITH] 9 = BLOWING SNOW
X = TORNADO
MAX 32 OR BELOW: 4 0.01 INCH OR MORE: 7
MAX 90 OR ABOVE: 0 0.10 INCH OR MORE: 2
MIN 32 OR BELOW: 8 0.50 INCH OR MORE: 2
MIN 0 OR BELOW: 0 1.00 INCH OR MORE: 1
[HDD (BASE 65) ]
TOTAL THIS MO. 540 CLEAR (SCALE 0-3) 0
DPTR FM NORMAL 18 PTCLDY (SCALE 4-7) 0
TOTAL FM JUL 1 622 CLOUDY (SCALE 8-10) 31
DPTR FM NORMAL -83
[CDD (BASE 65) ]
TOTAL THIS MO. 2
DPTR FM NORMAL -4 [PRESSURE DATA]
TOTAL FM JAN 1 767 HIGHEST SLP M ON M
DPTR FM NORMAL 88 LOWEST SLP 26.33 ON 11
[REMARKS]
#FINAL-10-23#