000
CXUS54 KEWX 011011
CF6UVA
PRELIMINARY LOCAL CLIMATOLOGICAL DATA (WS FORM: F-6)
STATION: UVALDE
MONTH: NOVEMBER
YEAR: 2020
LATITUDE: 29 12 N
LONGITUDE: 99 44 W
TEMPERATURE IN F: :PCPN: SNOW: WIND :SUNSHINE: SKY :PK WND
================================================================================
1 2 3 4 5 6A 6B 7 8 9 10 11 12 13 14 15 16 17 18
12Z AVG MX 2MIN
DY MAX MIN AVG DEP HDD CDD WTR SNW DPTH SPD SPD DIR MIN PSBL S-S WX SPD DR
================================================================================
1 84 47 66 M 0 1 0.00 M M 6.5 12 50 M M 0 17 90
2 75 46 61 M 4 0 0.00 M M 5.3 10 80 M M 0 M M
3 79 41 60 M 5 0 0.00 M M 5.8 12 160 M M 0 20 150
4 80 46 63 M 2 0 0.00 M M 7.2 15 150 M M 0 16 150
5 81 51 66 M 0 1 0.00 M M 4.0 8 150 M M 2 1 M M
6 80 54 67 M 0 2 0.00 M M 5.7 9 100 M M 3 9 100
7 79 56 68 M 0 3 0.00 M M 6.0 12 120 M M 3 1 16 150
8 82 62 72 M 0 7 0.00 M M 9.7 16 170 M M 5 20 170
9 82 67 75 M 0 10 0.00 M M 8.8 14 150 M M 7 16 140
10 79 52 66 M 0 1 0.00 M M 5.8 14 50 M M 5 1 18 20
11 82 51 67 M 0 2 0.00 M M 3.9 9 180 M M 5 M M
12 84 59 72 M 0 7 0.00 M M 5.1 9 130 M M 6 1 M M
13 80 63 72 M 0 7 0.00 M M 8.2 14 100 M M 9 1 17 100
14 85 64 75 M 0 10 0.00 M M 7.0 16 210 M M 5 M M
15 77 50 64 M 1 0 0.00 M M 7.7 17 30 M M 0 25 30
16 76 48 62 M 3 0 0.00 M M 6.1 10 100 M M 0 M M
17 76 48 62 M 3 0 0.00 M M 7.1 10 110 M M 0 M M
18 76 44 60 M 5 0 0.00 M M 8.0 14 160 M M 1 18 160
19 79 52 66 M 0 1 0.00 M M 6.9 12 140 M M 2 1 18 140
20 81 55 68 M 0 3 0.00 M M 6.8 12 170 M M 2 1 M M
21 80 59 70 M 0 5 0.00 M M 6.1 13 150 M M 6 1 17 80
22 77 59 68 M 0 3 0.00 M M 6.1 10 50 M M 7 1 M M
23 71 58 65 M 0 0 0.00 M M 11.3 15 70 M M 9 21 90
24 85 63 74 M 0 9 0.00 M M 8.9 16 160 M M 5 23 140
25 78 51 65 M 0 0 0.00 M M 3.1 13 350 M M 0 M M
26 77 48 63 M 2 0 0.00 M M 4.5 7 80 M M 3 M M
27 76 61 69 M 0 4 0.21 M M 7.6 13 60 M M 7 18 100
28 61 50 56 M 9 0 0.00 M M 8.1 14 50 M M 10 20 50
29 68 43 56 M 9 0 0.00 M M 8.3 21 20 M M 0 29 20
30 57 33 45 M 20 0 0.00 M M 5.8 12 350 M M 0 M M
================================================================================
SM 2327 1581 63 76 0.21 M 201.4 M 102
================================================================================
AV 77.6 52.7 6.7 FASTST M M 3 MAX(MPH)
MISC ----> # 21 20 # 29 20
================================================================================
NOTES:
# LAST OF SEVERAL OCCURRENCES
COLUMN 17 PEAK WIND IN M.P.H.
PRELIMINARY LOCAL CLIMATOLOGICAL DATA (WS FORM: F-6) , PAGE 2
STATION: UVALDE
MONTH: NOVEMBER
YEAR: 2020
LATITUDE: 29 12 N
LONGITUDE: 99 44 W
[TEMPERATURE DATA] [PRECIPITATION DATA] SYMBOLS USED IN COLUMN 16
AVERAGE MONTHLY: 65.1 TOTAL FOR MONTH: 0.21 1 = FOG OR MIST
DPTR FM NORMAL: M DPTR FM NORMAL: M 2 = FOG REDUCING VISIBILITY
HIGHEST: 85 ON 24,14 GRTST 24HR 0.21 ON 27-27 TO 1/4 MILE OR LESS
LOWEST: 33 ON 30 3 = THUNDER
SNOW, ICE PELLETS, HAIL 4 = ICE PELLETS
TOTAL MONTH: M 5 = HAIL
GRTST 24HR M ON M 6 = FREEZING RAIN OR DRIZZLE
GRTST DEPTH: M ON M 7 = DUSTSTORM OR SANDSTORM:
VSBY 1/2 MILE OR LESS
8 = SMOKE OR HAZE
[NO. OF DAYS WITH] [WEATHER - DAYS WITH] 9 = BLOWING SNOW
X = TORNADO
MAX 32 OR BELOW: 0 0.01 INCH OR MORE: 1
MAX 90 OR ABOVE: 0 0.10 INCH OR MORE: 1
MIN 32 OR BELOW: 0 0.50 INCH OR MORE: 0
MIN 0 OR BELOW: 0 1.00 INCH OR MORE: 0
[HDD (BASE 65) ]
TOTAL THIS MO. 63 CLEAR (SCALE 0-3) 15
DPTR FM NORMAL M PTCLDY (SCALE 4-7) 12
TOTAL FM JUL 1 131 CLOUDY (SCALE 8-10) 3
DPTR FM NORMAL M
[CDD (BASE 65) ]
TOTAL THIS MO. 76
DPTR FM NORMAL M [PRESSURE DATA]
TOTAL FM JAN 1 3274 HIGHEST SLP M ON M
DPTR FM NORMAL M LOWEST SLP M ON M
[REMARKS]
#FINAL-11-20#