000
CXUS54 KCRP 011300
CF6VCT
PRELIMINARY LOCAL CLIMATOLOGICAL DATA (WS FORM: F-6)
STATION: VICTORIA
MONTH: NOVEMBER
YEAR: 2020
LATITUDE: 28 51 N
LONGITUDE: 96 55 W
TEMPERATURE IN F: :PCPN: SNOW: WIND :SUNSHINE: SKY :PK WND
================================================================================
1 2 3 4 5 6A 6B 7 8 9 10 11 12 13 14 15 16 17 18
12Z AVG MX 2MIN
DY MAX MIN AVG DEP HDD CDD WTR SNW DPTH SPD SPD DIR MIN PSBL S-S WX SPD DR
================================================================================
1 82 46 64 -4 1 0 0.00 0.0 0 8.1 17 10 M M 0 12 27 50
2 77 43 60 -8 5 0 0.00 0.0 0 7.0 14 40 M M 0 20 40
3 79 37 58 -9 7 0 0.00 0.0 0 5.1 13 150 M M 0 16 150
4 82 44 63 -4 2 0 0.00 0.0 0 7.0 17 130 M M 0 128 22 100
5 84 49 67 0 0 2 0.00 0.0 0 5.8 15 140 M M 4 12 19 150
6 83 54 69 3 0 4 0.00 0.0 0 5.7 13 130 M M 4 12 18 110
7 84 51 68 2 0 3 0.00 0.0 0 6.3 13 130 M M 1 12 16 130
8 84 63 74 8 0 9 0.00 0.0 0 6.1 15 130 M M 6 12 18 150
9 86 64 75 10 0 10 0.00 0.0 0 6.8 18 140 M M 6 12 22 150
10 87 62 75 10 0 10 0.00 0.0 0 3.8 10 290 M M 6 12 15 280
11 88 57 73 9 0 8 0.00 0.0 0 5.2 12 30 M M 2 12 14 30
12 85 61 73 9 0 8 0.00 0.0 0 6.8 16 140 M M 5 12 20 130
13 83 66 75 11 0 10 0.00 0.0 0 5.4 12 130 M M 9 12 14 140
14 88 70 79 15 0 14 T 0.0 0 13.3 24 170 M M 7 12 31 180
15 79 50 65 2 0 0 0.03 0.0 0 11.3 28 360 M M 3 12 35 350
16 78 45 62 -1 3 0 0.00 0.0 0 6.9 14 50 M M 0 17 50
17 77 38 58 -4 7 0 0.00 0.0 0 7.4 16 60 M M 0 22 50
18 80 42 61 -1 4 0 0.00 0.0 0 8.0 16 140 M M 0 19 140
19 82 53 68 6 0 3 0.00 0.0 0 7.4 20 120 M M 5 12 24 110
20 84 56 70 9 0 5 0.00 0.0 0 6.6 18 120 M M 5 12 24 140
21 83 61 72 11 0 7 0.00 0.0 0 9.2 18 140 M M 9 12 25 110
22 84 66 75 14 0 10 0.00 0.0 0 6.4 14 130 M M 8 18 140
23 78 58 68 8 0 3 0.00 0.0 0 10.6 17 110 M M 7 23 40
24 84 63 74 14 0 9 0.02 0.0 0 13.9 31 160 M M 8 1 41 170
25 77 54 66 6 0 1 T 0.0 0 8.8 20 30 M M 7 24 30
26 85 52 69 9 0 4 0.00 0.0 0 8.9 20 150 M M 3 1 24 150
27 85 67 76 17 0 11 1.61 0.0 0 8.6 20 180 M M 8 13 25 170
28 67 61 64 5 1 0 1.52 0.0 0 10.2 17 90 M M 10 1 22 70
29 64 45 55 -4 10 0 0.01 0.0 0 13.9 23 360 M M 5 1 31 360
30 57 34 46 -12 19 0 0.00 0.0 0 10.5 25 360 M M 0 33 350
================================================================================
SM 2416 1612 59 131 3.19 0.0 241.0 M 128
================================================================================
AV 80.5 53.7 8.0 FASTST M M 4 MAX(MPH)
MISC ----> # 31 160 # 41 170
================================================================================
NOTES:
# LAST OF SEVERAL OCCURRENCES
COLUMN 17 PEAK WIND IN M.P.H.
PRELIMINARY LOCAL CLIMATOLOGICAL DATA (WS FORM: F-6) , PAGE 2
STATION: VICTORIA
MONTH: NOVEMBER
YEAR: 2020
LATITUDE: 28 51 N
LONGITUDE: 96 55 W
[TEMPERATURE DATA] [PRECIPITATION DATA] SYMBOLS USED IN COLUMN 16
AVERAGE MONTHLY: 67.1 TOTAL FOR MONTH: 3.19 1 = FOG OR MIST
DPTR FM NORMAL: 4.1 DPTR FM NORMAL: -0.05 2 = FOG REDUCING VISIBILITY
HIGHEST: 88 ON 14,11 GRTST 24HR 1.61 ON 27-27 TO 1/4 MILE OR LESS
LOWEST: 34 ON 30 3 = THUNDER
SNOW, ICE PELLETS, HAIL 4 = ICE PELLETS
TOTAL MONTH: 0.0 INCH 5 = HAIL
GRTST 24HR 0.0 6 = FREEZING RAIN OR DRIZZLE
GRTST DEPTH: 0 7 = DUSTSTORM OR SANDSTORM:
VSBY 1/2 MILE OR LESS
8 = SMOKE OR HAZE
[NO. OF DAYS WITH] [WEATHER - DAYS WITH] 9 = BLOWING SNOW
X = TORNADO
MAX 32 OR BELOW: 0 0.01 INCH OR MORE: 5
MAX 90 OR ABOVE: 0 0.10 INCH OR MORE: 2
MIN 32 OR BELOW: 0 0.50 INCH OR MORE: 2
MIN 0 OR BELOW: 0 1.00 INCH OR MORE: 2
[HDD (BASE 65) ]
TOTAL THIS MO. 59 CLEAR (SCALE 0-3) 11
DPTR FM NORMAL -81 PTCLDY (SCALE 4-7) 15
TOTAL FM JUL 1 106 CLOUDY (SCALE 8-10) 4
DPTR FM NORMAL -57
[CDD (BASE 65) ]
TOTAL THIS MO. 131
DPTR FM NORMAL 51 [PRESSURE DATA]
TOTAL FM JAN 1 3845 HIGHEST SLP 30.49 ON 2
DPTR FM NORMAL 722 LOWEST SLP 29.79 ON 10
[REMARKS]
#FINAL-11-20#