000
CXUS55 KGJT 010910
CF6VEL
PRELIMINARY LOCAL CLIMATOLOGICAL DATA (WS FORM: F-6)
STATION: VERNAL UT
MONTH: JUNE
YEAR: 2022
LATITUDE: 40 27 N
LONGITUDE: 109 31 W
TEMPERATURE IN F: :PCPN: SNOW: WIND :SUNSHINE: SKY :PK WND
================================================================================
1 2 3 4 5 6A 6B 7 8 9 10 11 12 13 14 15 16 17 18
12Z AVG MX 2MIN
DY MAX MIN AVG DEP HDD CDD WTR SNW DPTH SPD SPD DIR MIN PSBL S-S WX SPD DR
================================================================================
1 72 39 56 -7 9 0 0.00 M M 4.5 12 30 M M 0 17 10
2 80 44 62 -1 3 0 0.00 M M 5.6 12 350 M M 0 16 60
3 86 48 67 4 0 2 0.00 M M 4.1 17 210 M M 0 26 250
4 86 49 68 4 0 3 0.00 M M 7.9 21 260 M M 0 30 270
5 83 59 71 7 0 6 0.00 M M 8.6 25 260 M M 2 37 260
6 79 56 68 4 0 3 0.04 M M 6.6 16 270 M M 3 3 23 260
7 85 45 65 0 0 0 0.00 M M 9.4 24 250 M M 0 33 260
8 85 48 67 2 0 2 0.00 M M 4.5 13 340 M M 0 19 220
9 94 60 77 12 0 12 0.00 M M 4.7 12 40 M M 0 18 340
10 98 54 76 10 0 11 0.00 M M 7.8 24 230 M M 0 34 260
11 98 56 77 11 0 12 0.00 M M 5.6 22 270 M M 0 35 270
12 98 56 77 11 0 12 0.00 M M 10.7 29 200 M M 0 40 230
13 89 49 69 3 0 4 0.03 M M 10.2 28 60 M M 3 3 37 220
14 72 43 58 -9 7 0 T M M 9.4 29 280 M M 1 37 290
15 81 40 61 -6 4 0 0.00 M M 5.5 13 120 M M 0 19 160
16 93 45 69 2 0 4 0.00 M M 5.4 17 210 M M 0 24 200
17 94 55 75 7 0 10 T M M 6.6 30 260 M M 0 47 200
18 92 62 77 9 0 12 T M M 13.9 30 200 M M 1 3 42 200
19 79 54 67 -1 0 2 0.25 M M 8.8 31 290 M M 4 13 48 260
20 71 43 57 -11 8 0 T M M 9.7 26 270 M M 1 39 230
21 82 43 63 -6 2 0 0.00 M M 4.8 9 340 M M 0 16 140
22 90 51 71 2 0 6 0.00 M M 4.0 13 250 M M 0 20 180
23 81 58 70 1 0 5 T M M 4.3 29 290 M M 1 36 290
24 80 53 67 -3 0 2 0.04 M M 6.3 18 220 M M 2 3 26 220
25 86 51 69 -1 0 4 0.00 M M 6.5 23 350 M M 1 30 350
26 88 55 72 2 0 7 0.00 M M 5.5 22 260 M M 1 32 260
27 90 54 72 2 0 7 T M M 4.5 21 310 M M 0 3 28 310
28 96 54 75 4 0 10 0.00 M M 6.1 24 290 M M 0 33 270
29 88 64 76 5 0 11 0.08 M M 5.3 23 320 M M 4 3 37 320
30 85 59 72 1 0 7 0.07 M M 6.2 30 320 M M 5 3 41 330
================================================================================
SM 2581 1547 33 154 0.51 M 203.0 M 29
================================================================================
AV 86.0 51.6 6.8 FASTST M M 1 MAX(MPH)
MISC ----> 31 290 48 260
================================================================================
NOTES:
# LAST OF SEVERAL OCCURRENCES
COLUMN 17 PEAK WIND IN M.P.H.
PRELIMINARY LOCAL CLIMATOLOGICAL DATA (WS FORM: F-6) , PAGE 2
STATION: VERNAL UT
MONTH: JUNE
YEAR: 2022
LATITUDE: 40 27 N
LONGITUDE: 109 31 W
[TEMPERATURE DATA] [PRECIPITATION DATA] SYMBOLS USED IN COLUMN 16
AVERAGE MONTHLY: 68.8 TOTAL FOR MONTH: 0.51 1 = FOG OR MIST
DPTR FM NORMAL: 1.7 DPTR FM NORMAL: 0.01 2 = FOG REDUCING VISIBILITY
HIGHEST: 98 ON 12,11 GRTST 24HR 0.25 ON 18-19 TO 1/4 MILE OR LESS
LOWEST: 39 ON 1 3 = THUNDER
SNOW, ICE PELLETS, HAIL 4 = ICE PELLETS
TOTAL MONTH: M 5 = HAIL
GRTST 24HR M ON M 6 = FREEZING RAIN OR DRIZZLE
GRTST DEPTH: M ON M 7 = DUSTSTORM OR SANDSTORM:
VSBY 1/2 MILE OR LESS
8 = SMOKE OR HAZE
[NO. OF DAYS WITH] [WEATHER - DAYS WITH] 9 = BLOWING SNOW
X = TORNADO
MAX 32 OR BELOW: 0 0.01 INCH OR MORE: 6
MAX 90 OR ABOVE: 10 0.10 INCH OR MORE: 1
MIN 32 OR BELOW: 0 0.50 INCH OR MORE: 0
MIN 0 OR BELOW: 0 1.00 INCH OR MORE: 0
[HDD (BASE 65) ]
TOTAL THIS MO. 33 CLEAR (SCALE 0-3) 26
DPTR FM NORMAL -23 PTCLDY (SCALE 4-7) 4
TOTAL FM JUL 1 6563 CLOUDY (SCALE 8-10) 0
DPTR FM NORMAL -347
[CDD (BASE 65) ]
TOTAL THIS MO. 154
DPTR FM NORMAL 35 [PRESSURE DATA]
TOTAL FM JAN 1 165 HIGHEST SLP M ON M
DPTR FM NORMAL 31 LOWEST SLP 29.39 ON 12
[REMARKS]
#FINAL-06-22#