000
CXUS52 KFFC 011010
CF6VPC
PRELIMINARY LOCAL CLIMATOLOGICAL DATA (WS FORM: F-6)
STATION: CARTERSVILLE
MONTH: MAY
YEAR: 2022
LATITUDE: 34 7 N
LONGITUDE: 84 51 W
TEMPERATURE IN F: :PCPN: SNOW: WIND :SUNSHINE: SKY :PK WND
================================================================================
1 2 3 4 5 6A 6B 7 8 9 10 11 12 13 14 15 16 17 18
12Z AVG MX 2MIN
DY MAX MIN AVG DEP HDD CDD WTR SNW DPTH SPD SPD DIR MIN PSBL S-S WX SPD DR
================================================================================
1 82 64 73 9 0 8 0.00 M M 2.9 8 200 M M 3 17 200
2 84 61 73 8 0 8 0.55 M M 1.2 9 260 M M 3 38 28 260
3 84 63 74 9 0 9 0.00 M M 3.3 9 240 M M 3 1 18 260
4 82 64 73 8 0 8 0.05 M M 2.8 13 280 M M 5 13 280
5 86 61 74 9 0 9 0.00 M M 0.9 6 99 M M 2 12 99
6 81 61 71 5 0 6 0.18 M M 8.3 21 260 M M 7 1 37 250
7 68 57 63 -3 2 0 0.01 M M 8.6 15 280 M M 10 1 21 280
8 72 52 62 -4 3 0 0.00 M M 1.4 6 140 M M 7 M M
9 75 57 66 0 0 1 0.00 M M 5.9 12 80 M M 2 18 100
10 81 52 67 0 0 2 0.00 M M 2.4 9 100 M M 1 14 99
11 82 55 69 2 0 4 0.00 M M 3.1 9 100 M M 1 15 290
12 86 61 74 7 0 9 0.00 M M 3.7 10 80 M M 2 15 110
13 81 63 72 4 0 7 0.00 M M 3.3 10 100 M M 4 16 100
14 84 59 72 4 0 7 0.00 M M 1.4 6 70 M M 2 M M
15 84 64 74 6 0 9 0.12 M M 2.3 8 340 M M 3 1 15 99
16 84 63 74 6 0 9 0.00 M M 3.5 10 280 M M 1 20 270
17 82 54 68 -1 0 3 0.00 M M 1.6 7 99 M M 0 15 40
18 90 54 72 3 0 7 0.00 M M 2.8 9 160 M M 0 15 160
19 90 64 77 8 0 12 0.00 M M 4.2 13 260 M M 3 17 210
20 90 66 78 9 0 13 0.00 M M 5.5 13 170 M M 2 8 18 190
21 90 68 79 9 0 14 0.00 M M 3.8 14 170 M M 2 17 170
22 90 68 79 9 0 14 0.01 M M 4.5 12 170 M M 5 17 170
23 73 68 71 1 0 6 0.67 M M 5.2 17 270 M M 8 1 22 270
24 82 64 73 3 0 8 0.00 M M 1.0 7 150 M M 6 1 17 0
25 73 68 71 0 0 6 0.59 M M 9.0 16 110 M M 9 1 24 110
26 79 68 74 3 0 9 0.63 M M 5.0 12 170 M M 8 1 16 160
27 81 61 71 0 0 6 0.01 M M 4.3 13 250 M M 5 1 24 260
28 81 57 69 -3 0 4 0.00 M M 1.9 7 20 M M 2 12 99
29 88 59 74 2 0 9 0.00 M M 3.8 12 170 M M 1 15 170
30 86 63 75 3 0 10 0.10 M M 3.5 13 100 M M 4 8 20 100
31 88 66 77 5 0 12 0.00 M M 2.4 7 99 M M 2 M M
================================================================================
SM 2559 1905 5 229 2.92 M 113.5 M 113
================================================================================
AV 82.5 61.5 3.7 FASTST M M 4 MAX(MPH)
MISC ----> 21 260 37 250
================================================================================
NOTES:
# LAST OF SEVERAL OCCURRENCES
COLUMN 17 PEAK WIND IN M.P.H.
PRELIMINARY LOCAL CLIMATOLOGICAL DATA (WS FORM: F-6) , PAGE 2
STATION: CARTERSVILLE
MONTH: MAY
YEAR: 2022
LATITUDE: 34 7 N
LONGITUDE: 84 51 W
[TEMPERATURE DATA] [PRECIPITATION DATA] SYMBOLS USED IN COLUMN 16
AVERAGE MONTHLY: 72.0 TOTAL FOR MONTH: 2.92 1 = FOG OR MIST
DPTR FM NORMAL: 3.7 DPTR FM NORMAL: -0.75 2 = FOG REDUCING VISIBILITY
HIGHEST: 90 ON 22,21 GRTST 24HR 0.67 ON 23-23 TO 1/4 MILE OR LESS
LOWEST: 52 ON 10, 8 3 = THUNDER
SNOW, ICE PELLETS, HAIL 4 = ICE PELLETS
TOTAL MONTH: M 5 = HAIL
GRTST 24HR M ON M 6 = FREEZING RAIN OR DRIZZLE
GRTST DEPTH: M ON M 7 = DUSTSTORM OR SANDSTORM:
VSBY 1/2 MILE OR LESS
8 = SMOKE OR HAZE
[NO. OF DAYS WITH] [WEATHER - DAYS WITH] 9 = BLOWING SNOW
X = TORNADO
MAX 32 OR BELOW: 0 0.01 INCH OR MORE: 11
MAX 90 OR ABOVE: 5 0.10 INCH OR MORE: 6
MIN 32 OR BELOW: 0 0.50 INCH OR MORE: 4
MIN 0 OR BELOW: 0 1.00 INCH OR MORE: 0
[HDD (BASE 65) ]
TOTAL THIS MO. 5 CLEAR (SCALE 0-3) 17
DPTR FM NORMAL -37 PTCLDY (SCALE 4-7) 12
TOTAL FM JUL 1 2556 CLOUDY (SCALE 8-10) 2
DPTR FM NORMAL -559
[CDD (BASE 65) ]
TOTAL THIS MO. 229
DPTR FM NORMAL 83 [PRESSURE DATA]
TOTAL FM JAN 1 292 HIGHEST SLP M ON M
DPTR FM NORMAL 108 LOWEST SLP M ON M
[REMARKS]
#FINAL-05-22#