000
CXUS52 KFFC 011533
CF6VPC
PRELIMINARY LOCAL CLIMATOLOGICAL DATA (WS FORM: F-6)
STATION: CARTERSVILLE
MONTH: NOVEMBER
YEAR: 2021
LATITUDE: 34 7 N
LONGITUDE: 84 51 W
TEMPERATURE IN F: :PCPN: SNOW: WIND :SUNSHINE: SKY :PK WND
================================================================================
1 2 3 4 5 6A 6B 7 8 9 10 11 12 13 14 15 16 17 18
12Z AVG MX 2MIN
DY MAX MIN AVG DEP HDD CDD WTR SNW DPTH SPD SPD DIR MIN PSBL S-S WX SPD DR
================================================================================
1 68 43 56 1 9 0 0.00 M M 0.4 6 40 M M 1 1 M M
2 64 45 55 0 10 0 0.00 M M 2.2 7 99 M M 1 14 99
3 55 41 48 -7 17 0 0.09 M M 1.7 6 99 M M 6 1 M M
4 48 45 47 -7 18 0 0.30 M M 3.1 8 80 M M 10 1 13 80
5 55 43 49 -5 16 0 0.00 M M 2.7 9 90 M M 4 15 90
6 59 41 50 -4 15 0 0.00 M M 2.0 7 99 M M 0 14 99
7 66 32 49 -4 16 0 0.00 M M 1.1 7 99 M M 0 1 12 99
8 43 43 43 -10 22 0 0.00 M M 0.0 M M M M 0 M M
9 73 45 59 6 6 0 0.00 M M 0.3 5 99 M M 0 1 M M
10 73 45 59 7 6 0 0.00 M M 0.4 5 99 M M 2 1 M M
11 73 48 61 9 4 0 0.86 M M 5.7 M M M M 7 1 M M
12 64 43 54 2 11 0 M M M 1.4 8 300 M M 2 12 M M
13 52 36 44 -7 21 0 0.00 M M 4.0 M M M M 2 8 M M
14 59 30 45 -6 20 0 0.00 M M 3.0 12 270 M M 0 17 280
15 61 36 49 -2 16 0 0.00 M M 1.8 9 280 M M 1 8 M M
16 73 37 55 5 10 0 0.00 M M 2.0 M M M M 5 M M
17 73 46 60 10 5 0 0.00 M M 1.7 9 170 M M 2 1 15 99
18 73 43 58 8 7 0 0.00 M M 5.0 10 290 M M 4 1 23 250
19 57 34 46 -4 19 0 0.00 M M 3.6 9 310 M M 0 17 99
20 57 34 46 -3 19 0 0.00 M M 5.8 13 110 M M 1 21 110
21 63 45 54 5 11 0 0.19 M M 2.8 7 160 M M 9 1 13 120
22 59 39 49 0 16 0 0.43 M M 5.2 12 330 M M 4 1 17 350
23 50 28 39 -10 26 0 0.00 M M 2.5 8 320 M M 0 13 99
24 61 28 45 -3 20 0 0.00 M M 1.8 6 170 M M 1 13 170
25 66 32 49 1 16 0 0.08 M M 0.9 6 260 M M 4 18 12 290
26 55 34 45 -3 20 0 0.01 M M 5.8 12 290 M M 3 18 99
27 57 28 43 -5 22 0 0.00 M M 1.4 6 99 M M 0 M M
28 59 30 45 -3 20 0 0.00 0.0 M 2.4 9 270 M M 1 12 99
29 50 32 41 -6 24 0 0.00 M M 4.2 9 290 M M 0 15 290
30 64 27 46 -1 19 0 0.00 M M 1.6 8 260 M M 0 16 260
================================================================================
SM 1830 1133 461 0 1.96 0.0 76.4 M 70
================================================================================
AV 61.0 37.8 2.5 FASTST M M 2 MAX(MPH)
MISC ----> 13 110 23 250
================================================================================
NOTES:
# LAST OF SEVERAL OCCURRENCES
COLUMN 17 PEAK WIND IN M.P.H.
PRELIMINARY LOCAL CLIMATOLOGICAL DATA (WS FORM: F-6) , PAGE 2
STATION: CARTERSVILLE
MONTH: NOVEMBER
YEAR: 2021
LATITUDE: 34 7 N
LONGITUDE: 84 51 W
[TEMPERATURE DATA] [PRECIPITATION DATA] SYMBOLS USED IN COLUMN 16
AVERAGE MONTHLY: 49.4 TOTAL FOR MONTH: 1.96 1 = FOG OR MIST
DPTR FM NORMAL: -1.4 DPTR FM NORMAL: -2.10 2 = FOG REDUCING VISIBILITY
HIGHEST: 73 ON 18,17 GRTST 24HR 0.86 ON 11-11 TO 1/4 MILE OR LESS
LOWEST: 27 ON 30 3 = THUNDER
SNOW, ICE PELLETS, HAIL 4 = ICE PELLETS
TOTAL MONTH: 0.0 INCH 5 = HAIL
GRTST 24HR 0.0 6 = FREEZING RAIN OR DRIZZLE
GRTST DEPTH: M ON M 7 = DUSTSTORM OR SANDSTORM:
VSBY 1/2 MILE OR LESS
8 = SMOKE OR HAZE
[NO. OF DAYS WITH] [WEATHER - DAYS WITH] 9 = BLOWING SNOW
X = TORNADO
MAX 32 OR BELOW: 0 0.01 INCH OR MORE: 7
MAX 90 OR ABOVE: 0 0.10 INCH OR MORE: 4
MIN 32 OR BELOW: 9 0.50 INCH OR MORE: 1
MIN 0 OR BELOW: 0 1.00 INCH OR MORE: 0
[HDD (BASE 65) ]
TOTAL THIS MO. 461 CLEAR (SCALE 0-3) 20
DPTR FM NORMAL 30 PTCLDY (SCALE 4-7) 8
TOTAL FM JUL 1 564 CLOUDY (SCALE 8-10) 2
DPTR FM NORMAL -36
[CDD (BASE 65) ]
TOTAL THIS MO. 0
DPTR FM NORMAL -5 [PRESSURE DATA]
TOTAL FM JAN 1 1682 HIGHEST SLP M ON M
DPTR FM NORMAL 54 LOWEST SLP M ON M
[REMARKS]
#FINAL-11-21#