000
CXUS52 KFFC 011110
CF6VPC
PRELIMINARY LOCAL CLIMATOLOGICAL DATA (WS FORM: F-6)
STATION: CARTERSVILLE
MONTH: MARCH
YEAR: 2020
LATITUDE: 34 7 N
LONGITUDE: 84 51 W
TEMPERATURE IN F: :PCPN: SNOW: WIND :SUNSHINE: SKY :PK WND
================================================================================
1 2 3 4 5 6A 6B 7 8 9 10 11 12 13 14 15 16 17 18
12Z AVG MX 2MIN
DY MAX MIN AVG DEP HDD CDD WTR SNW DPTH SPD SPD DIR MIN PSBL S-S WX SPD DR
================================================================================
1 69 27 48 0 17 0 0.00 0.0 0 3.9 13 190 M M 0 18 200
2 55 42 49 1 16 0 0.63 M 0 4.0 14 170 M M 8 13 19 180
3 71 52 62 13 3 0 0.50 0.0 0 2.1 10 220 M M 7 13 20 210
4 59 52 56 7 9 0 0.40 0.0 0 1.2 12 340 M M 10 1 15 350
5 53 42 48 -1 17 0 1.30 0.0 0 4.1 15 100 M M 8 13 26 110
6 60 39 50 1 15 0 0.00 0.0 0 4.5 16 340 M M 2 12 29 340
7 59 31 45 -5 20 0 0.00 0.0 0 3.4 13 20 M M 0 20 10
8 65 30 48 -2 17 0 0.00 0.0 0 3.3 14 150 M M 0 20 160
9 69 37 53 3 12 0 0.00 0.0 0 5.9 16 160 M M 2 23 150
10 69 53 61 11 4 0 0.24 0.0 0 3.1 10 200 M M 7 1 17 200
11 74 50 62 11 3 0 0.14 0.0 0 1.4 10 190 M M 7 1 17 210
12 77 59 68 17 0 3 0.06 0.0 0 3.5 13 180 M M 7 1 19 170
13 73 59 66 15 0 1 0.05 0.0 0 2.2 10 360 M M 9 18 200
14 73 50 62 11 3 0 T 0.0 0 3.2 12 70 M M 4 16 60
15 65 54 60 8 5 0 0.25 0.0 0 3.0 13 30 M M 10 1 15 30
16 56 54 55 3 10 0 0.00 0.0 0 6.2 13 90 M M 10 1 19 110
17 73 52 63 11 2 0 T 0.0 0 2.3 10 360 M M 7 1 13 130
18 76 51 64 12 1 0 T 0.0 0 4.9 14 120 M M 5 1 19 140
19 82 60 71 18 0 6 0.00 0.0 0 5.0 14 180 M M 6 1 24 170
20 82 57 70 17 0 5 0.06 0.0 0 2.5 17 360 M M 6 1 27 350
21 68 50 59 6 6 0 0.05 0.0 0 2.7 14 10 M M 7 1 19 360
22 66 43 55 2 10 0 0.00 0.0 0 4.4 15 120 M M 5 21 150
23 59 52 56 3 9 0 1.20 0.0 0 4.8 15 120 M M 10 1 18 130
24 69 55 62 8 3 0 1.63 0.0 0 4.8 13 20 M M 9 13 20 140
25 71 49 60 6 5 0 0.05 M 0 1.9 13 360 M M 4 123 17 340
26 81 43 62 8 3 0 0.00 0.0 0 3.7 13 160 M M 2 1 18 160
27 89 55 72 18 0 7 0.00 0.0 0 2.2 8 190 M M 0 13 190
28 86 58 72 17 0 7 0.00 0.0 0 3.4 10 200 M M 3 1 17 270
29 78 60 69 14 0 4 T 0.0 0 2.4 9 190 M M 3 1 14 200
30 76 55 66 11 0 1 0.01 0.0 0 2.6 17 10 M M 1 22 10
31 60 50 55 0 10 0 0.45 0.0 0 3.6 13 340 M M 9 1 23 330
================================================================================
SM 2163 1521 200 34 7.02 0.0 106.2 M 168
================================================================================
AV 69.8 49.1 3.4 FASTST M M 5 MAX(MPH)
MISC ----> # 17 360 # 29 340
================================================================================
NOTES:
# LAST OF SEVERAL OCCURRENCES
COLUMN 17 PEAK WIND IN M.P.H.
PRELIMINARY LOCAL CLIMATOLOGICAL DATA (WS FORM: F-6) , PAGE 2
STATION: CARTERSVILLE
MONTH: MARCH
YEAR: 2020
LATITUDE: 34 7 N
LONGITUDE: 84 51 W
[TEMPERATURE DATA] [PRECIPITATION DATA] SYMBOLS USED IN COLUMN 16
AVERAGE MONTHLY: 59.4 TOTAL FOR MONTH: 7.02 1 = FOG OR MIST
DPTR FM NORMAL: 7.7 DPTR FM NORMAL: 2.30 2 = FOG REDUCING VISIBILITY
HIGHEST: 89 ON 27 GRTST 24HR 1.63 ON 24-24 TO 1/4 MILE OR LESS
LOWEST: 27 ON 1 3 = THUNDER
SNOW, ICE PELLETS, HAIL 4 = ICE PELLETS
TOTAL MONTH: 0.0 INCH 5 = HAIL
GRTST 24HR 0.0 6 = FREEZING RAIN OR DRIZZLE
GRTST DEPTH: 0 7 = DUSTSTORM OR SANDSTORM:
VSBY 1/2 MILE OR LESS
8 = SMOKE OR HAZE
[NO. OF DAYS WITH] [WEATHER - DAYS WITH] 9 = BLOWING SNOW
X = TORNADO
MAX 32 OR BELOW: 0 0.01 INCH OR MORE: 16
MAX 90 OR ABOVE: 0 0.10 INCH OR MORE: 10
MIN 32 OR BELOW: 3 0.50 INCH OR MORE: 5
MIN 0 OR BELOW: 0 1.00 INCH OR MORE: 3
[HDD (BASE 65) ]
TOTAL THIS MO. 200 CLEAR (SCALE 0-3) 10
DPTR FM NORMAL -216 PTCLDY (SCALE 4-7) 13
TOTAL FM JUL 1 2168 CLOUDY (SCALE 8-10) 8
DPTR FM NORMAL -860
[CDD (BASE 65) ]
TOTAL THIS MO. 34
DPTR FM NORMAL 30 [PRESSURE DATA]
TOTAL FM JAN 1 36 HIGHEST SLP 30.60 ON 8
DPTR FM NORMAL 32 LOWEST SLP 29.62 ON 31
[REMARKS]
#FINAL-03-20#