000
CXUS52 KFFC 011010
CF6VPC
PRELIMINARY LOCAL CLIMATOLOGICAL DATA (WS FORM: F-6)
STATION: CARTERSVILLE
MONTH: OCTOBER
YEAR: 2023
LATITUDE: 34 7 N
LONGITUDE: 84 51 W
TEMPERATURE IN F: :PCPN: SNOW: WIND :SUNSHINE: SKY :PK WND
================================================================================
1 2 3 4 5 6A 6B 7 8 9 10 11 12 13 14 15 16 17 18
12Z AVG MX 2MIN
DY MAX MIN AVG DEP HDD CDD WTR SNW DPTH SPD SPD DIR MIN PSBL S-S WX SPD DR
================================================================================
1 84 64 74 6 0 9 0.00 M M 3.2 8 120 M M 4 16 120
2 84 59 72 5 0 7 0.00 M M 2.0 8 110 M M 2 1 14 50
3 86 57 72 5 0 7 0.00 M M 2.2 8 130 M M 3 13 80
4 84 59 72 6 0 7 0.00 M M 2.3 10 130 M M 2 14 99
5 81 61 71 5 0 6 0.00 M M 2.3 13 130 M M 1 1 15 130
6 75 63 69 3 0 4 0.03 M M 1.7 7 30 M M 9 8 13 30
7 68 48 58 -7 7 0 0.00 M M 5.2 10 350 M M 1 1 20 350
8 68 39 54 -11 11 0 0.00 M M 2.5 12 290 M M 0 16 290
9 77 41 59 -5 6 0 0.00 M M 2.7 13 200 M M 0 18 200
10 82 48 65 1 0 0 0.00 M M 3.9 16 280 M M 4 22 260
11 68 57 63 -1 2 0 0.04 M M 0.9 5 110 M M 5 1 12 0
12 72 59 66 3 0 1 0.09 M M 7.0 13 100 M M 9 1 21 80
13 70 57 64 1 1 0 0.00 M M 4.0 12 110 M M 9 1 16 120
14 75 61 68 6 0 3 0.00 M M 6.4 20 280 M M 7 1 28 280
15 63 50 57 -5 8 0 0.00 M M 7.2 12 280 M M 9 17 99
16 59 43 51 -11 14 0 0.00 M M 5.2 9 350 M M 6 21 99
17 66 43 55 -6 10 0 0.00 M M 1.6 9 280 M M 1 15 99
18 72 41 57 -4 8 0 0.00 M M 0.8 6 99 M M 5 12 M M
19 72 50 61 1 4 0 0.00 M M 2.6 9 200 M M 6 16 200
20 75 55 65 5 0 0 0.00 M M 6.3 14 280 M M 6 1 24 300
21 77 46 62 2 3 0 0.00 M M 2.5 9 200 M M 1 20 280
22 77 52 65 6 0 0 0.00 M M 3.7 10 20 M M 2 15 270
23 73 43 58 -1 7 0 0.00 M M 2.3 9 100 M M 0 14 110
24 75 48 62 4 3 0 0.00 M M 3.8 10 120 M M 1 21 120
25 77 48 63 5 2 0 0.00 M M 3.3 9 130 M M 6 15 90
26 81 59 70 12 0 5 0.00 M M 3.5 13 120 M M 7 18 120
27 81 59 70 13 0 5 0.00 M M 2.0 7 130 M M 7 M M
28 82 57 70 13 0 5 0.00 M M 2.0 7 170 M M 3 13 99
29 84 59 72 16 0 7 0.00 M M 2.0 7 200 M M 5 14 230
30 82 50 66 10 0 1 0.00 M M 4.8 15 290 M M 7 23 280
31 61 43 52 -4 13 0 0.00 M M 7.2 10 320 M M 5 17 340
================================================================================
SM 2331 1619 99 67 0.16 M 107.1 M 133
================================================================================
AV 75.2 52.2 3.5 FASTST M M 4 MAX(MPH)
MISC ----> 20 280 28 280
================================================================================
NOTES:
# LAST OF SEVERAL OCCURRENCES
COLUMN 17 PEAK WIND IN M.P.H.
PRELIMINARY LOCAL CLIMATOLOGICAL DATA (WS FORM: F-6) , PAGE 2
STATION: CARTERSVILLE
MONTH: OCTOBER
YEAR: 2023
LATITUDE: 34 7 N
LONGITUDE: 84 51 W
[TEMPERATURE DATA] [PRECIPITATION DATA] SYMBOLS USED IN COLUMN 16
AVERAGE MONTHLY: 63.7 TOTAL FOR MONTH: 0.16 1 = FOG OR MIST
DPTR FM NORMAL: 2.1 DPTR FM NORMAL: -3.09 2 = FOG REDUCING VISIBILITY
HIGHEST: 86 ON 3 GRTST 24HR 0.09 ON 12-12 TO 1/4 MILE OR LESS
LOWEST: 39 ON 8 3 = THUNDER
SNOW, ICE PELLETS, HAIL 4 = ICE PELLETS
TOTAL MONTH: M 5 = HAIL
GRTST 24HR M ON M 6 = FREEZING RAIN OR DRIZZLE
GRTST DEPTH: M ON M 7 = DUSTSTORM OR SANDSTORM:
VSBY 1/2 MILE OR LESS
8 = SMOKE OR HAZE
[NO. OF DAYS WITH] [WEATHER - DAYS WITH] 9 = BLOWING SNOW
X = TORNADO
MAX 32 OR BELOW: 0 0.01 INCH OR MORE: 3
MAX 90 OR ABOVE: 0 0.10 INCH OR MORE: 0
MIN 32 OR BELOW: 0 0.50 INCH OR MORE: 0
MIN 0 OR BELOW: 0 1.00 INCH OR MORE: 0
[HDD (BASE 65) ]
TOTAL THIS MO. 99 CLEAR (SCALE 0-3) 13
DPTR FM NORMAL -58 PTCLDY (SCALE 4-7) 14
TOTAL FM JUL 1 99 CLOUDY (SCALE 8-10) 4
DPTR FM NORMAL -70
[CDD (BASE 65) ]
TOTAL THIS MO. 67
DPTR FM NORMAL 17 [PRESSURE DATA]
TOTAL FM JAN 1 1815 HIGHEST SLP M ON M
DPTR FM NORMAL 192 LOWEST SLP M ON M
[REMARKS]
#FINAL-10-23#